78°F
Crown Heights Area, Poughkeepsie, NY, USA
UpdatedOct-21-2017 15:11 
 

NOAA-Style Climate Reports

Select a Year or Month report
2017: Jan Feb Mar Apr May Jun Jul Aug Sep Oct Nov Dec
2016: Jan Feb Mar Apr May Jun Jul Aug Sep Oct Nov Dec
2015: Jan Feb Mar Apr May Jun Jul Aug Sep Oct Nov Dec
2014: Jan Feb Mar Apr May Jun Jul Aug Sep Oct Nov Dec
2013: Jan Feb Mar Apr May Jun Jul Aug Sep Oct Nov Dec
2012: Jan Feb Mar Apr May Jun Jul Aug Sep Oct Nov Dec
2011: Jan Feb Mar Apr May Jun Jul Aug Sep Oct Nov Dec
2010: Jan Feb Mar Apr May Jun Jul Aug Sep Oct Nov Dec
2009: Jan Feb Mar Apr May Jun Jul Aug Sep Oct Nov Dec
2008: Jan Feb Mar Apr May Jun Jul Aug Sep Oct Nov Dec
2007: Jan Feb Mar Apr May Jun Jul Aug Sep Oct Nov Dec
2006: Jan Feb Mar Apr May Jun Jul Aug Sep Oct Nov Dec

Report for 2006 March
                   MONTHLY CLIMATOLOGICAL SUMMARY for MAR 2006


NAME: N2EYH                 CITY: Poughkeepsie          STATE: NY                  
ELEV: 341 ft    LAT: 41.6 N    LONG: 73.9 W


                   TEMPERATURE (F), RAIN (in), WIND SPEED (mph)

                                         HEAT   COOL         AVG
      MEAN                               DEG    DEG          WIND                  DOM
DAY   TEMP   HIGH  TIME    LOW   TIME    DAYS   DAYS   RAIN  SPEED   HIGH  TIME    DIR
---------------------------------------------------------------------------------------
01    28.5   38.6  15:40   18.6  05:50   36.4    0.0   0.00   1.5    17.0  02:00   WNW
02    25.4   27.8  12:20   24.1  07:00   39.0    0.0   0.00   1.2    16.0  17:40   NW
03    22.7   30.6  13:30   17.0  06:40   41.2    0.0   0.22   2.3    26.0  14:50   NW
04    28.9   37.6  12:40   20.2  03:10   36.1    0.0   0.04   1.7    21.0  16:00   W
05    35.1   45.7  14:50   25.8  05:40   29.2    0.0   0.00   1.3    19.0  14:10   WNW
06    33.3   41.2  15:30   23.6  06:30   32.6    0.0   0.00   1.3    12.0  09:30   NNW
07    32.2   41.1  15:10   24.8  06:20   32.0    0.0   0.00   2.8    16.0  13:20   NNW
08    34.3   44.1  16:20   22.9  06:00   31.5    0.0   0.00   0.8    10.0  09:00   NW
09    43.5   50.1  15:50   37.8  06:10   21.0    0.0   0.00   1.5    20.0  13:10   ESE
10    56.2   72.5  15:00   41.1  04:40    8.2    0.0   0.00   3.0    33.0  16:20   S
11    50.7   60.7  16:00   40.2  06:20   14.6    0.0   0.00   0.8    13.0  01:30   NNW
12    47.6   52.3  09:40   41.9  02:50   17.9    0.0   0.01   0.8    13.0  20:30   SSE
13    54.0   65.0  15:30   47.1  09:30    8.9    0.0   0.54   0.9    13.0  14:20   SE
14    50.2   61.8  10:30   34.9  24:00   16.6    0.0   0.03   3.6    30.0  14:40   SW
15    36.6   41.1  11:50   32.8  03:00   28.0    0.0   0.00   5.0    30.0  03:10   WSW
16    37.0   46.0  13:50   31.0  23:00   26.5    0.0   0.00   2.7    22.0  00:30   W
17    33.5   43.3  15:30   26.7  04:50   30.0    0.0   0.00   2.7    21.0  20:30   NNW
18    31.9   40.8  14:50   23.8  06:10   32.7    0.0   0.00   2.4    24.0  13:30   WNW
19    31.8   38.6  11:30   25.8  06:10   32.8    0.0   0.00   2.3    20.0  11:00   WSW
20    30.4   37.2  13:10   23.6  24:00   34.6    0.0   0.00   4.2    22.0  10:20   NNW
21    32.4   43.8  15:20   20.6  06:00   32.8    0.0   0.00   1.4    17.0  19:50   WNW
22    34.6   41.6  14:30   27.2  05:50   30.6    0.0   0.00   2.5    17.0  10:40   NNW
23    41.1   50.2  15:40   31.5  05:50   24.1    0.0   0.00   2.5    18.0  15:50   NNW
24    42.0   48.8  14:20   35.5  05:40   22.9    0.0   0.00   1.6    14.0  16:40   NE
25    42.2   49.8  14:40   35.8  06:30   22.2    0.0   0.00   2.0    16.0  15:10   N
26    42.5   50.2  12:10   35.3  05:10   22.2    0.0   0.09   2.9    22.0  17:30   NW
27    45.7   57.0  15:40   33.4  06:00   19.8    0.0   0.00   2.0    18.0  12:50   NW
28    44.8   55.9  16:10   32.1  06:40   21.0    0.0   0.00   0.5    10.0  13:50   NE
29    48.8   63.4  14:50   31.3  06:00   17.6    0.0   0.00   0.5    11.0  20:30   NNE
30    53.3   69.1  15:10   35.0  05:40   12.9    0.0   0.00   0.7    13.0  16:30   ESE
31    59.5   73.2  14:50   44.1  06:20    6.3    0.0   0.00   1.9    19.0  15:40   SE
---------------------------------------------------------------------------------------
      39.7   73.2    31    17.0     3   782.2    0.0   0.93   2.0    33.0    10    WNW

Max >=  90.0:  0
Max <=  32.0:  2
Min <=  32.0:  17
Min <=   0.0:  0
Max Rain    :  0.54 in ON 03/13/2006
Days of Rain: 5 (> 0.01 in) 2 (> 0.10 in) 0 (> 1.00 in)