78°F
Crown Heights Area, Poughkeepsie, NY, USA
UpdatedOct-21-2017 15:23 
 

NOAA-Style Climate Reports

Select a Year or Month report
2017: Jan Feb Mar Apr May Jun Jul Aug Sep Oct Nov Dec
2016: Jan Feb Mar Apr May Jun Jul Aug Sep Oct Nov Dec
2015: Jan Feb Mar Apr May Jun Jul Aug Sep Oct Nov Dec
2014: Jan Feb Mar Apr May Jun Jul Aug Sep Oct Nov Dec
2013: Jan Feb Mar Apr May Jun Jul Aug Sep Oct Nov Dec
2012: Jan Feb Mar Apr May Jun Jul Aug Sep Oct Nov Dec
2011: Jan Feb Mar Apr May Jun Jul Aug Sep Oct Nov Dec
2010: Jan Feb Mar Apr May Jun Jul Aug Sep Oct Nov Dec
2009: Jan Feb Mar Apr May Jun Jul Aug Sep Oct Nov Dec
2008: Jan Feb Mar Apr May Jun Jul Aug Sep Oct Nov Dec
2007: Jan Feb Mar Apr May Jun Jul Aug Sep Oct Nov Dec
2006: Jan Feb Mar Apr May Jun Jul Aug Sep Oct Nov Dec

Report for 2006 May
                   MONTHLY CLIMATOLOGICAL SUMMARY for MAY 2006


NAME: N2EYH                 CITY: Poughkeepsie          STATE: NY                  
ELEV: 341 ft    LAT: 41.6 N    LONG: 73.9 W


                   TEMPERATURE (F), RAIN (in), WIND SPEED (mph)

                                         HEAT   COOL         AVG
      MEAN                               DEG    DEG          WIND                  DOM
DAY   TEMP   HIGH  TIME    LOW   TIME    DAYS   DAYS   RAIN  SPEED   HIGH  TIME    DIR
---------------------------------------------------------------------------------------
01    58.7   72.0  16:10   43.6  06:10    7.2    0.0   0.00   2.4    25.0  15:30   NE
02    53.7   65.2  14:00   43.3  06:10   10.8    0.0   0.00   1.4    17.0  18:00   N
03    55.2   67.8  14:50   47.6  05:50    7.3    0.0   0.02   1.7    16.0  16:30   NNW
04    65.3   82.0  17:30   51.4  03:40    0.0    1.7   0.00   0.3     8.0  13:30   ESE
05    67.7   78.8  14:50   58.4  06:20    0.0    3.6   0.00   1.0    14.0  20:20   NW
06    58.1   74.0  15:10   45.7  24:00    5.2    0.0   0.00   1.3    25.0  16:50   NNW
07    54.2   66.8  16:40   40.6  04:40   11.3    0.0   0.00   0.6    12.0  09:30   NW
08    57.0   68.3  13:40   45.7  06:20    8.0    0.0   0.00   0.7    12.0  13:20   ESE
09    55.4   64.7  15:10   48.0  06:00    8.6    0.0   0.00   1.1    16.0  15:30   N
10    59.5   71.1  17:00   53.8  05:00    2.5    0.0   0.00   1.4    13.0  12:50   N
11    58.7   63.4  14:20   54.5  06:00    6.1    0.0   0.02   2.8    20.0  19:40   ENE
12    59.6   66.1  12:40   57.3  24:00    3.3    0.0   0.59   5.2    27.0  05:20   ENE
13    58.3   69.1  13:30   50.7  24:00    5.1    0.0   0.00   1.4    16.0  14:50   NE
14    52.4   59.6  14:30   48.2  04:10   11.1    0.0   0.00   0.8    11.0  20:40   NNE
15    52.5   57.8  10:20   48.9  03:40   11.6    0.0   0.16   0.4    10.0  09:30   N
16    54.1   61.5  17:50   50.7  24:00    8.9    0.0   0.49   0.4    10.0  16:20   WNW
17    58.9   69.1  17:00   48.8  02:40    6.1    0.0   0.02   1.0    16.0  13:20   SSW
18    62.1   74.7  13:50   53.5  05:20    0.9    0.0   0.19   1.0    18.0  18:10   S
19    52.7   56.2  11:50   48.5  23:50   12.6    0.0   0.51   0.6    12.0  16:10   SW
20    56.4   66.4  16:20   46.8  05:10    8.4    0.0   0.00   2.0    25.0  14:30   SW
21    53.0   62.3  11:30   44.6  23:00   11.6    0.0   0.08   2.0    20.0  16:30   SSW
22    51.6   63.1  14:00   44.2  01:40   11.4    0.0   0.00   1.6    19.0  16:30   WNW
23    52.4   63.9  12:50   40.6  06:10   12.8    0.0   0.00   1.4    21.0  15:50   NW
24    60.0   74.6  16:30   43.1  05:10    6.2    0.0   0.00   0.5    17.0  14:30   WNW
25    63.3   80.9  14:10   45.4  06:00    1.9    0.0   0.00   0.8    21.0  16:00   S
26    65.4   73.3  10:50   56.9  06:40    0.0    0.1   0.22   0.1     8.0  12:40   ESE
27    71.4   81.8  16:10   62.3  05:00    0.0    7.1   0.00   0.8    16.0  14:40   NNW
28    72.7   85.9  16:10   60.2  05:40    0.0    8.1   0.00   0.4     9.0  14:30   NW
29    75.8   90.5  15:50   59.8  05:20    0.0   10.1   0.00   0.3     8.0  16:30   ESE
30    76.0   89.9  13:40   65.8  23:20    0.0   12.9   0.11   0.5    24.0  19:30   E
31    70.3   82.4  15:40   60.7  05:40    0.0    6.6   0.01   0.5    11.0  12:10   ESE
---------------------------------------------------------------------------------------
      60.1   90.5    29    40.6     7   178.9   50.2   2.42   1.2    27.0    12    NNW

Max >=  90.0:  1
Max <=  32.0:  0
Min <=  32.0:  0
Min <=   0.0:  0
Max Rain    :  0.59 in ON 05/12/2006
Days of Rain: 11 (> 0.01 in) 7 (> 0.10 in) 0 (> 1.00 in)