78°F
Crown Heights Area, Poughkeepsie, NY, USA
UpdatedOct-21-2017 15:24 
 

NOAA-Style Climate Reports

Select a Year or Month report
2017: Jan Feb Mar Apr May Jun Jul Aug Sep Oct Nov Dec
2016: Jan Feb Mar Apr May Jun Jul Aug Sep Oct Nov Dec
2015: Jan Feb Mar Apr May Jun Jul Aug Sep Oct Nov Dec
2014: Jan Feb Mar Apr May Jun Jul Aug Sep Oct Nov Dec
2013: Jan Feb Mar Apr May Jun Jul Aug Sep Oct Nov Dec
2012: Jan Feb Mar Apr May Jun Jul Aug Sep Oct Nov Dec
2011: Jan Feb Mar Apr May Jun Jul Aug Sep Oct Nov Dec
2010: Jan Feb Mar Apr May Jun Jul Aug Sep Oct Nov Dec
2009: Jan Feb Mar Apr May Jun Jul Aug Sep Oct Nov Dec
2008: Jan Feb Mar Apr May Jun Jul Aug Sep Oct Nov Dec
2007: Jan Feb Mar Apr May Jun Jul Aug Sep Oct Nov Dec
2006: Jan Feb Mar Apr May Jun Jul Aug Sep Oct Nov Dec

Report for 2006 June
                   MONTHLY CLIMATOLOGICAL SUMMARY for JUN 2006


NAME: N2EYH                 CITY: Poughkeepsie          STATE: NY                  
ELEV: 341 ft    LAT: 41.6 N    LONG: 73.9 W


                   TEMPERATURE (F), RAIN (in), WIND SPEED (mph)

                                         HEAT   COOL         AVG
      MEAN                               DEG    DEG          WIND                  DOM
DAY   TEMP   HIGH  TIME    LOW   TIME    DAYS   DAYS   RAIN  SPEED   HIGH  TIME    DIR
---------------------------------------------------------------------------------------
01    73.3   88.8  13:50   64.0  05:30    0.0   11.4   0.04   0.4    11.0  15:00   S
02    67.1   73.0  13:30   62.0  23:50    0.0    2.5   0.03   0.5    11.0  12:50   NNW
03    59.8   62.4  01:20   55.6  23:10    6.0    0.0   0.41   0.4    10.0  03:00   N
04    59.6   66.8  13:40   54.7  05:40    4.2    0.0   0.01   0.6    10.0  09:20   NNW
05    63.4   70.9  15:10   56.5  05:30    1.3    0.0   0.00   0.3    10.0  10:40   NNW
06    65.0   75.4  12:20   54.5  04:20    0.1    0.0   0.00   0.4    10.0  13:40   E
07    59.6   63.5  00:10   56.7  18:40    4.9    0.0   0.69   1.3    17.0  12:30   NNW
08    60.6   65.8  17:00   56.3  04:40    4.0    0.0   0.18   0.4    10.0  03:40   WNW
09    62.3   72.1  16:20   57.3  23:20    0.3    0.0   0.12   0.1    11.0  21:00   SSW
10    57.5   65.8  14:50   52.0  07:00    6.1    0.0   0.05   2.0    25.0  17:40   WSW
11    59.9   70.4  15:50   48.3  05:10    5.7    0.0   0.00   0.8    13.0  00:10   WNW
12    65.8   78.5  16:30   52.3  05:20    0.0    0.4   0.00   0.3    11.0  10:10   WNW
13    70.5   82.6  16:50   57.2  05:20    0.0    4.9   0.00   0.3    10.0  13:50   NW
14    67.5   79.9  14:40   60.4  06:00    0.0    5.2   0.17   0.3    16.0  16:30   NW
15    67.7   78.6  16:20   59.0  24:00    0.0    3.8   0.00   0.7    21.0  19:50   NNW
16    70.1   86.5  17:00   52.2  06:00    0.0    4.3   0.01   0.1     8.0  14:30   WSW
17    71.2   84.1  16:30   59.9  04:40    0.0    7.0   0.00   0.2    10.0  06:10   SSW
18    80.9   93.6  17:00   68.9  05:50    0.0   16.2   0.00   0.3    10.0  15:30   SSW
19    78.2   90.5  15:20   68.6  23:30    0.0   14.6   0.21   0.8    27.0  18:10   SSW
20    71.9   82.2  16:30   65.0  05:20    0.0    8.6   0.01   0.6    12.0  17:50   WSW
21    71.7   83.8  17:30   57.6  06:00    0.0    5.7   0.00   0.3    11.0  18:10   W
22    74.8   87.8  16:10   63.5  05:40    0.0   10.6   0.02   0.2    11.0  13:40   S
23    76.5   86.7  15:00   67.9  24:00    0.0   12.3   0.12   0.5    11.0  06:20   WSW
24    69.9   76.1  17:10   65.6  07:00    0.0    5.8   0.17   0.1     8.0  11:00   NNW
25    69.7   73.3  15:10   67.9  07:50    0.0    5.6   1.04   0.3    12.0  24:00   ENE
26    71.8   76.1  15:30   68.8  02:20    0.0    7.4   0.08   1.1    18.0  15:30   ESE
27    75.0   81.8  13:50   71.6  02:40    0.0   11.7   0.01   2.2    24.0  13:30   ESE
28    75.2   86.5  16:40   69.1  07:10    0.0   12.8   0.72   0.6    12.0  00:30   E
29    74.9   86.1  14:20   68.6  07:10    0.0   12.4   0.13   0.3    14.0  06:40   S
30    70.1   82.4  16:00   61.3  05:50    0.0    6.8   0.01   0.6    14.0  17:50   SW
---------------------------------------------------------------------------------------
      68.7   93.6    18    48.3    11    32.6  170.0   4.23   0.6    27.0    19    WNW

Max >=  90.0:  2
Max <=  32.0:  0
Min <=  32.0:  0
Min <=   0.0:  0
Max Rain    :  1.04 in ON 06/25/2006
Days of Rain: 16 (> 0.01 in) 11 (> 0.10 in) 1 (> 1.00 in)