27°F
Crown Heights Area, Poughkeepsie, NY, USA
UpdatedDec-16-2017 23:11 
 

NOAA-Style Climate Reports

Select a Year or Month report
2017: Jan Feb Mar Apr May Jun Jul Aug Sep Oct Nov Dec
2016: Jan Feb Mar Apr May Jun Jul Aug Sep Oct Nov Dec
2015: Jan Feb Mar Apr May Jun Jul Aug Sep Oct Nov Dec
2014: Jan Feb Mar Apr May Jun Jul Aug Sep Oct Nov Dec
2013: Jan Feb Mar Apr May Jun Jul Aug Sep Oct Nov Dec
2012: Jan Feb Mar Apr May Jun Jul Aug Sep Oct Nov Dec
2011: Jan Feb Mar Apr May Jun Jul Aug Sep Oct Nov Dec
2010: Jan Feb Mar Apr May Jun Jul Aug Sep Oct Nov Dec
2009: Jan Feb Mar Apr May Jun Jul Aug Sep Oct Nov Dec
2008: Jan Feb Mar Apr May Jun Jul Aug Sep Oct Nov Dec
2007: Jan Feb Mar Apr May Jun Jul Aug Sep Oct Nov Dec
2006: Jan Feb Mar Apr May Jun Jul Aug Sep Oct Nov Dec

Report for 2006 July
                   MONTHLY CLIMATOLOGICAL SUMMARY for JUL 2006


NAME: N2EYH                 CITY: Poughkeepsie          STATE: NY                  
ELEV: 341 ft    LAT: 41.6 N    LONG: 73.9 W


                   TEMPERATURE (F), RAIN (in), WIND SPEED (mph)

                                         HEAT   COOL         AVG
      MEAN                               DEG    DEG          WIND                  DOM
DAY   TEMP   HIGH  TIME    LOW   TIME    DAYS   DAYS   RAIN  SPEED   HIGH  TIME    DIR
---------------------------------------------------------------------------------------
01    73.0   85.1  16:00   59.6  04:10    0.0    7.3   0.00   0.9    16.0  14:40   SW
02    77.2   87.0  16:30   69.1  05:50    0.0   13.1   0.00   1.5    18.0  19:50   SSW
03    77.6   89.0  14:40   70.4  05:00    0.0   14.7   0.00   0.5    12.0  00:20   SW
04    75.4   83.0  14:50   69.6  05:20    0.0   11.3   0.00   0.2    10.0  15:30   S
05    73.3   78.8  16:50   69.6  24:00    0.0    9.2   0.02   0.1     7.0  01:00   S
06    69.7   79.2  17:40   61.3  05:40    0.0    5.2   0.02   0.2    10.0  11:30   NNW
07    70.2   82.2  16:40   55.7  06:20    0.0    4.0   0.00   0.2     8.0  11:50   NW
08    73.0   84.9  16:20   61.0  05:20    0.0    7.9   0.00   0.1     7.0  14:30   W
09    76.0   86.1  16:10   66.8  06:10    0.0   11.4   0.00   0.5    11.0  13:00   S
10    74.4   83.8  16:40   63.9  06:00    0.0    8.9   0.00   0.6    16.0  00:50   S
11    76.7   87.2  12:40   69.6  05:50    0.0   13.4   0.04   0.4    17.0  18:10   SSE
12    73.9   78.1  17:00   70.1  05:10    0.0    9.1   0.15   0.2    14.0  23:10   SE
13    76.2   83.6  12:40   69.4  24:00    0.0   11.5   0.01   0.8    14.0  01:00   SSW
14    77.6   90.3  14:10   65.0  05:40    0.0   12.6   0.00   0.2     7.0  13:20   SSE
15    76.7   85.3  12:30   68.3  05:00    0.0   11.8   0.00   0.1     7.0  10:40   SSW
16    80.8   93.2  16:00   69.4  06:30    0.0   16.3   0.00   0.2    13.0  12:20   WNW
17    83.4   98.5  17:20   68.1  06:30    0.0   18.3   0.00   0.3    11.0  16:00   SSW
18    85.1   96.1  15:00   76.7  04:30    0.0   21.4   0.00   0.8    16.0  16:10   SW
19    78.6   85.7  16:30   70.9  06:50    0.0   13.3   0.00   0.8    13.0  12:00   NE
20    74.9   85.1  16:00   66.0  05:50    0.0   10.6   0.00   0.2     8.0  15:00   NE
21    77.1   87.6  14:40   68.9  05:20    0.0   13.2   0.08   0.4    10.0  14:10   SW
22    74.8   82.4  16:40   68.8  23:50    0.0   10.6   0.50   0.5    16.0  14:00   ESE
23    69.5   78.8  16:30   62.4  06:30    0.0    5.6   0.00   0.2    10.0  15:10   NNW
24    72.6   84.7  15:40   60.5  04:00    0.0    7.6   0.00   0.3    11.0  13:40   ESE
25    76.1   85.3  15:30   64.7  06:10    0.0   10.0   0.00   0.5    12.0  12:00   SE
26    77.2   89.9  15:00   67.8  06:10    0.0   13.9   0.24   0.3    16.0  16:50   S
27    78.5   90.5  14:50   70.8  04:40    0.0   15.6   0.01   0.5    27.0  19:30   SSE
28    76.2   89.0  13:10   70.8  22:50    0.0   14.9   0.41   0.8    21.0  12:40   SW
29    78.0   91.4  16:20   68.8  05:20    0.0   15.1   0.02   0.7    14.0  15:50   SSW
30    79.2   90.1  16:50   69.3  05:10    0.0   14.7   0.00   0.1     7.0  15:20   WNW
31    78.6   90.1  17:40   65.5  05:30    0.0   12.8   0.00   0.2    10.0  20:20   S
---------------------------------------------------------------------------------------
      76.2   98.5    17    55.7     7     0.0  365.3   1.50   0.4    27.0    27    S

Max >=  90.0:  8
Max <=  32.0:  0
Min <=  32.0:  0
Min <=   0.0:  0
Max Rain    :  0.50 in ON 07/22/2006
Days of Rain: 9 (> 0.01 in) 4 (> 0.10 in) 0 (> 1.00 in)