78°F
Crown Heights Area, Poughkeepsie, NY, USA
UpdatedOct-21-2017 15:12 
 

NOAA-Style Climate Reports

Select a Year or Month report
2017: Jan Feb Mar Apr May Jun Jul Aug Sep Oct Nov Dec
2016: Jan Feb Mar Apr May Jun Jul Aug Sep Oct Nov Dec
2015: Jan Feb Mar Apr May Jun Jul Aug Sep Oct Nov Dec
2014: Jan Feb Mar Apr May Jun Jul Aug Sep Oct Nov Dec
2013: Jan Feb Mar Apr May Jun Jul Aug Sep Oct Nov Dec
2012: Jan Feb Mar Apr May Jun Jul Aug Sep Oct Nov Dec
2011: Jan Feb Mar Apr May Jun Jul Aug Sep Oct Nov Dec
2010: Jan Feb Mar Apr May Jun Jul Aug Sep Oct Nov Dec
2009: Jan Feb Mar Apr May Jun Jul Aug Sep Oct Nov Dec
2008: Jan Feb Mar Apr May Jun Jul Aug Sep Oct Nov Dec
2007: Jan Feb Mar Apr May Jun Jul Aug Sep Oct Nov Dec
2006: Jan Feb Mar Apr May Jun Jul Aug Sep Oct Nov Dec

Report for 2006 August
                   MONTHLY CLIMATOLOGICAL SUMMARY for AUG 2006


NAME: N2EYH                 CITY: Poughkeepsie          STATE: NY                  
ELEV: 341 ft    LAT: 41.6 N    LONG: 73.9 W


                   TEMPERATURE (F), RAIN (in), WIND SPEED (mph)

                                         HEAT   COOL         AVG
      MEAN                               DEG    DEG          WIND                  DOM
DAY   TEMP   HIGH  TIME    LOW   TIME    DAYS   DAYS   RAIN  SPEED   HIGH  TIME    DIR
---------------------------------------------------------------------------------------
01    86.4   98.7  15:10   76.5  06:00    0.0   22.6   0.00   0.9    16.0  15:30   SW
02    88.3   99.4  15:20   78.8  06:10    0.0   24.1   0.00   1.0    14.0  15:50   SW
03    83.4   97.3  15:00   73.2  24:00    0.0   20.2   0.40   0.9    19.0  17:20   SSW
04    77.8   87.4  18:10   72.0  03:30    0.0   14.7   0.03   0.4    14.0  10:50   WSW
05    75.8   87.4  15:20   62.7  06:20    0.0   10.1   0.00   0.2    10.0  13:10   N
06    73.4   84.0  15:50   63.2  05:30    0.0    8.6   0.00   0.5    12.0  13:10   NE
07    78.5   88.2  15:10   69.9  07:00    0.0   14.1   0.02   0.6    16.0  15:40   S
08    76.1   84.9  13:10   66.9  24:00    0.0   10.9   0.00   0.4    16.0  15:40   NW
09    72.2   83.2  15:30   59.2  06:00    0.0    6.2   0.00   0.2    11.0  18:10   WSW
10    73.8   86.1  15:20   63.4  07:00    0.0    9.8   0.00   0.6    24.0  21:30   SW
11    68.8   76.8  14:20   60.5  06:20    0.0    3.7   0.00   0.6    13.0  00:30   NNW
12    66.7   78.8  15:30   53.5  06:30    0.0    1.1   0.00   0.2    11.0  17:40   NNW
13    67.7   83.0  16:00   50.1  06:30    0.0    1.5   0.00   0.2    13.0  18:10   NW
14    72.2   86.7  14:40   54.1  05:50    0.0    5.4   0.00   0.7    17.0  24:00   SSW
15    75.4   84.3  15:40   66.6  24:00    0.0   10.4   0.48   0.6    16.0  15:30   SW
16    73.2   85.5  17:40   59.9  06:00    0.0    7.7   0.00   0.1     8.0  13:10   W
17    73.2   84.7  14:10   60.7  06:20    0.0    7.7   0.00   0.0     6.0  11:00   N
18    72.8   83.8  15:30   63.7  07:00    0.0    8.8   0.00   0.3    11.0  13:50   SE
19    72.0   82.4  12:50   61.6  06:20    0.0    7.0   0.52   0.4    10.0  09:10   SSE
20    77.7   87.4  15:40   70.1  00:10    0.0   13.8   0.01   1.1    16.0  14:00   SW
21    73.0   84.1  16:40   64.5  06:50    0.0    9.3   0.00   0.3    14.0  01:20   WNW
22    72.6   85.7  15:40   57.0  06:20    0.0    6.3   0.00   0.4    14.0  16:40   WSW
23    72.7   84.5  15:00   60.5  06:30    0.0    7.5   0.00   0.2    10.0  12:10   WNW
24    69.5   79.4  14:00   60.5  04:30    0.0    4.9   0.00   0.0     6.0  13:30   NW
25    64.5   69.8  17:10   61.6  10:10    0.0    0.7   0.31   0.1    10.0  19:40   NNE
26    63.2   64.8  15:00   62.0  05:40    1.6    0.0   0.16   0.1     6.0  01:50   ENE
27    61.5   63.5  06:00   59.3  14:10    3.6    0.0   0.91   0.1     8.0  09:50   ENE
28    70.5   81.6  14:30   62.1  01:30    0.0    6.8   0.06   0.1    10.0  22:10   WNW
29    65.3   69.8  00:10   62.4  23:50    0.0    1.1   0.82   0.1     7.0  10:20   NE
30    67.0   77.4  16:00   61.8  01:50    0.0    4.6   0.05   0.2    11.0  16:10   NNW
31    61.9   71.1  15:40   54.4  06:50    2.2    0.0   0.00   0.4    12.0  00:50   N
---------------------------------------------------------------------------------------
      72.5   99.4     2    50.1    13     7.4  249.6   3.77   0.4    24.0    10    W

Max >=  90.0:  3
Max <=  32.0:  0
Min <=  32.0:  0
Min <=   0.0:  0
Max Rain    :  0.91 in ON 08/27/2006
Days of Rain: 11 (> 0.01 in) 7 (> 0.10 in) 0 (> 1.00 in)