78°F
Crown Heights Area, Poughkeepsie, NY, USA
UpdatedOct-21-2017 15:26 
 

NOAA-Style Climate Reports

Select a Year or Month report
2017: Jan Feb Mar Apr May Jun Jul Aug Sep Oct Nov Dec
2016: Jan Feb Mar Apr May Jun Jul Aug Sep Oct Nov Dec
2015: Jan Feb Mar Apr May Jun Jul Aug Sep Oct Nov Dec
2014: Jan Feb Mar Apr May Jun Jul Aug Sep Oct Nov Dec
2013: Jan Feb Mar Apr May Jun Jul Aug Sep Oct Nov Dec
2012: Jan Feb Mar Apr May Jun Jul Aug Sep Oct Nov Dec
2011: Jan Feb Mar Apr May Jun Jul Aug Sep Oct Nov Dec
2010: Jan Feb Mar Apr May Jun Jul Aug Sep Oct Nov Dec
2009: Jan Feb Mar Apr May Jun Jul Aug Sep Oct Nov Dec
2008: Jan Feb Mar Apr May Jun Jul Aug Sep Oct Nov Dec
2007: Jan Feb Mar Apr May Jun Jul Aug Sep Oct Nov Dec
2006: Jan Feb Mar Apr May Jun Jul Aug Sep Oct Nov Dec

Report for 2006 November
                   MONTHLY CLIMATOLOGICAL SUMMARY for NOV 2006


NAME: N2EYH                 CITY: Poughkeepsie          STATE: NY                  
ELEV: 341 ft    LAT: 41.6 N    LONG: 73.9 W


                   TEMPERATURE (F), RAIN (in), WIND SPEED (mph)

                                         HEAT   COOL         AVG
      MEAN                               DEG    DEG          WIND                  DOM
DAY   TEMP   HIGH  TIME    LOW   TIME    DAYS   DAYS   RAIN  SPEED   HIGH  TIME    DIR
---------------------------------------------------------------------------------------
01    56.9   63.9  15:30   49.5  21:50    8.3    0.0   0.01   0.5    12.0  08:20   S
02    43.5   51.0  13:30   36.0  23:30   21.5    0.0   0.22   0.9    12.0  04:00   NNW
03    38.5   46.4  14:50   31.0  06:30   26.3    0.0   0.00   0.4    11.0  09:10   WSW
04    36.6   46.1  13:20   28.2  06:20   27.9    0.0   0.00   0.2     7.0  10:00   W
05    37.3   48.5  13:20   27.2  06:50   27.1    0.0   0.00   0.2    11.0  13:20   SSE
06    45.3   59.0  15:10   31.9  05:30   19.5    0.0   0.00   0.3    10.0  13:00   SSE
07    50.0   59.3  12:20   41.3  03:30   14.7    0.0   0.00   0.3    14.0  12:40   SE
08    53.3   56.3  18:30   51.1  07:10   11.3    0.0   1.47   1.5    13.0  18:20   NNW
09    59.5   68.6  15:20   54.1  00:10    3.7    0.0   0.00   2.2    18.0  05:40   NNW
10    53.3   59.0  15:00   42.3  23:50   14.4    0.0   0.00   1.1    14.0  02:20   NNW
11    52.1   66.3  14:20   38.3  04:10   12.7    0.0   0.00   0.6    12.0  11:20   SSE
12    47.9   56.6  03:30   42.3  19:40   15.6    0.0   0.01   4.5    24.0  13:50   NNW
13    49.3   54.4  19:20   42.9  02:50   16.4    0.0   0.13   4.8    18.0  13:50   NNW
14    53.2   55.0  14:40   51.1  06:50   11.9    0.0   0.16   1.3    13.0  00:40   NNW
15    55.8   61.6  15:00   50.8  05:20    8.8    0.0   0.01   0.4    10.0  18:00   ESE
16    64.6   69.9  14:10   57.6  01:40    1.2    0.0   0.36   5.9    35.0  17:20   ESE
17    57.5   66.8  00:10   46.2  23:00    8.5    0.0   0.00   2.4    27.0  00:10   S
18    45.0   49.4  14:50   39.8  22:50   20.4    0.0   0.00   0.8    11.0  15:10   NNW
19    40.7   45.7  15:20   35.5  06:20   24.4    0.0   0.00   0.2    10.0  23:40   NNW
20    38.4   41.3  13:20   34.0  24:00   27.4    0.0   0.00   1.3    13.0  18:30   NNW
21    35.5   42.6  14:50   30.0  07:10   28.7    0.0   0.00   1.4    16.0  10:00   N
22    35.4   41.1  14:50   27.8  01:00   30.5    0.0   0.00   4.0    20.0  18:30   N
23    39.4   49.2  23:30   34.7  08:20   23.0    0.0   0.48   6.4    21.0  22:00   NNW
24    46.2   53.1  14:40   36.5  24:00   20.2    0.0   0.00   4.5    24.0  08:50   NNW
25    39.8   51.0  15:00   28.8  07:50   25.1    0.0   0.00   0.3    10.0  13:40   S
26    46.5   58.6  14:50   35.5  06:30   18.0    0.0   0.00   0.4    11.0  11:30   S
27    49.6   62.3  14:50   37.9  08:00   14.9    0.0   0.00   0.5    11.0  18:00   S
28    48.6   56.2  14:30   42.5  07:10   15.6    0.0   0.00   1.4    13.0  15:20   E
29    50.1   53.3  15:00   46.1  03:50   15.3    0.0   0.00   0.5    10.0  13:10   ESE
30    60.1   66.6  13:20   52.9  00:10    5.2    0.0   0.00   0.8    16.0  24:00   SSE
---------------------------------------------------------------------------------------
      47.7   69.9    16    27.2     5   518.5    0.0   2.85   1.7    35.0    16    NW

Max >=  90.0:  0
Max <=  32.0:  0
Min <=  32.0:  7
Min <=   0.0:  0
Max Rain    :  1.47 in ON 11/08/2006
Days of Rain: 6 (> 0.01 in) 6 (> 0.10 in) 1 (> 1.00 in)