70°F
Crown Heights Area, Poughkeepsie, NY, USA
UpdatedOct-24-2017 01:34 
 

NOAA-Style Climate Reports

Select a Year or Month report
2017: Jan Feb Mar Apr May Jun Jul Aug Sep Oct Nov Dec
2016: Jan Feb Mar Apr May Jun Jul Aug Sep Oct Nov Dec
2015: Jan Feb Mar Apr May Jun Jul Aug Sep Oct Nov Dec
2014: Jan Feb Mar Apr May Jun Jul Aug Sep Oct Nov Dec
2013: Jan Feb Mar Apr May Jun Jul Aug Sep Oct Nov Dec
2012: Jan Feb Mar Apr May Jun Jul Aug Sep Oct Nov Dec
2011: Jan Feb Mar Apr May Jun Jul Aug Sep Oct Nov Dec
2010: Jan Feb Mar Apr May Jun Jul Aug Sep Oct Nov Dec
2009: Jan Feb Mar Apr May Jun Jul Aug Sep Oct Nov Dec
2008: Jan Feb Mar Apr May Jun Jul Aug Sep Oct Nov Dec
2007: Jan Feb Mar Apr May Jun Jul Aug Sep Oct Nov Dec
2006: Jan Feb Mar Apr May Jun Jul Aug Sep Oct Nov Dec

Report for 2007 February
                   MONTHLY CLIMATOLOGICAL SUMMARY for FEB 2007


NAME: N2EYH                 CITY: Poughkeepsie          STATE: NY                  
ELEV: 341 ft    LAT: 41.6 N    LONG: 73.9 W


                   TEMPERATURE (F), RAIN (in), WIND SPEED (mph)

                                         HEAT   COOL         AVG
      MEAN                               DEG    DEG          WIND                  DOM
DAY   TEMP   HIGH  TIME    LOW   TIME    DAYS   DAYS   RAIN  SPEED   HIGH  TIME    DIR
---------------------------------------------------------------------------------------
01    27.8   36.3  15:10   21.3  00:10   36.2    0.0   0.00   0.6    14.0  11:40   SSE
02    32.2   39.2  15:00   27.9  00:10   31.5    0.0   0.00   0.5    10.0  14:30   ESE
03    23.8   31.8  00:10   18.6  07:20   39.8    0.0   3.84   1.9    21.0  16:20   SW
04    17.7   22.1  14:50   11.7  24:00   48.1    0.0   0.00   3.0    25.0  02:10   SW
05    11.3   17.8  14:50    5.2  06:50   53.5    0.0   0.00   3.9    28.0  15:10   SW
06    14.9   25.1  15:20    7.9  06:50   48.5    0.0   0.00   2.1    22.0  03:10   SW
07    16.4   25.0  14:20    9.3  07:10   47.8    0.0   0.00   1.8    19.0  17:00   SW
08    18.7   27.5  14:20   10.5  07:10   46.0    0.0   0.00   2.6    30.0  13:00   SW
09    21.3   27.8  13:30   15.1  03:50   43.5    0.0   0.00   2.8    25.0  15:30   SW
10    23.4   31.3  12:50   18.1  04:30   40.3    0.0   0.00   1.4    17.0  12:30   SW
11    23.5   31.6  15:40   14.3  07:00   42.0    0.0   0.00   1.7    19.0  19:20   SSW
12    28.9   37.3  12:50   22.1  06:50   35.3    0.0   0.00   1.6    18.0  09:30   SW
13    15.6   23.6  00:10    9.9  23:10   48.2    0.0   0.00   3.5    18.0  05:40   N
14    13.4   20.6  19:30    8.6  05:20   50.4    0.0   0.00   7.5    33.0  11:20   NNW
15    13.6   18.8  13:40   10.4  07:10   50.4    0.0   0.00   2.8    25.0  16:10   WSW
16    18.5   27.0  13:40   10.0  04:30   46.5    0.0   0.00   3.2    28.0  12:50   SW
17    25.8   34.6  15:40   15.6  07:00   39.9    0.0   0.15   3.2    27.0  08:20   SSW
18    25.5   34.7  13:00   14.6  24:00   40.3    0.0   0.50   1.8    24.0  20:50   W
19    17.3   25.3  14:50    6.7  06:40   49.0    0.0   0.00   2.1    26.0  10:10   WNW
20    34.5   46.2  14:40   21.4  03:20   31.2    0.0   0.19   0.5    10.0  13:20   S
21    39.9   46.5  14:20   32.5  23:20   25.5    0.0   0.02   0.9    11.0  00:40   NNW
22    32.1   40.8  14:10   25.3  05:40   32.0    0.0   0.12   0.3    11.0  12:00   S
23    27.8   33.8  00:20   21.3  22:20   37.5    0.0   0.04   4.2    26.0  11:50   NNW
24    25.0   34.4  16:00   16.5  05:10   39.5    0.0   0.00   2.7    24.0  00:50   NNW
25    25.2   31.9  14:30   16.9  06:40   40.6    0.0   0.00   1.1    12.0  00:20   NNW
26    27.5   31.5  14:50   24.2  02:20   37.2    0.0   0.08   1.2    10.0  01:00   NNW
27    32.2   39.3  14:30   28.1  03:30   31.3    0.0   0.16   0.3     6.0  17:10   NNW
28    35.9   45.1  16:20   30.1  07:10   27.4    0.0   0.01   0.9    14.0  11:00   NW
---------------------------------------------------------------------------------------
      23.9   46.5    21     5.2     5   1139.4    0.0   5.11   2.1    33.0    14    W

Max >=  90.0:  0
Max <=  32.0:  16
Min <=  32.0:  27
Min <=   0.0:  0
Max Rain    :  3.84 in ON 02/03/2007
Days of Rain: 9 (> 0.01 in) 6 (> 0.10 in) 1 (> 1.00 in)