78°F
Crown Heights Area, Poughkeepsie, NY, USA
UpdatedOct-21-2017 15:15 
 

NOAA-Style Climate Reports

Select a Year or Month report
2017: Jan Feb Mar Apr May Jun Jul Aug Sep Oct Nov Dec
2016: Jan Feb Mar Apr May Jun Jul Aug Sep Oct Nov Dec
2015: Jan Feb Mar Apr May Jun Jul Aug Sep Oct Nov Dec
2014: Jan Feb Mar Apr May Jun Jul Aug Sep Oct Nov Dec
2013: Jan Feb Mar Apr May Jun Jul Aug Sep Oct Nov Dec
2012: Jan Feb Mar Apr May Jun Jul Aug Sep Oct Nov Dec
2011: Jan Feb Mar Apr May Jun Jul Aug Sep Oct Nov Dec
2010: Jan Feb Mar Apr May Jun Jul Aug Sep Oct Nov Dec
2009: Jan Feb Mar Apr May Jun Jul Aug Sep Oct Nov Dec
2008: Jan Feb Mar Apr May Jun Jul Aug Sep Oct Nov Dec
2007: Jan Feb Mar Apr May Jun Jul Aug Sep Oct Nov Dec
2006: Jan Feb Mar Apr May Jun Jul Aug Sep Oct Nov Dec

Report for 2007 March
                   MONTHLY CLIMATOLOGICAL SUMMARY for MAR 2007


NAME: N2EYH                 CITY: Poughkeepsie          STATE: NY                  
ELEV: 341 ft    LAT: 41.6 N    LONG: 73.9 W


                   TEMPERATURE (F), RAIN (in), WIND SPEED (mph)

                                         HEAT   COOL         AVG
      MEAN                               DEG    DEG          WIND                  DOM
DAY   TEMP   HIGH  TIME    LOW   TIME    DAYS   DAYS   RAIN  SPEED   HIGH  TIME    DIR
---------------------------------------------------------------------------------------
01    30.6   37.0  13:20   23.3  06:40   34.8    0.0   0.05   1.0     7.0  20:50   NNW
02    38.0   50.1  16:40   30.4  00:10   24.8    0.0   0.56   2.0    17.0  08:20   NNW
03    36.6   54.5  12:10    0.0  00:00   37.8    0.0   0.03   0.8    25.0  22:20   S
04    33.3   38.9  13:50   29.1  24:00   31.0    0.0   0.00   3.1    26.0  17:00   SW
05    28.9   38.3  12:30   17.7  23:50   37.0    0.0   0.00   3.9    35.0  13:50   SW
06    11.8   17.5  00:10    6.7  06:40   52.9    0.0   0.00   3.6    29.0  02:20   NW
07    13.7   20.2  15:00    7.4  00:10   51.2    0.0   0.01   0.4    10.0  09:20   SSE
08    19.7   32.2  12:20   10.7  24:00   43.5    0.0   0.00   2.8    25.0  16:40   NW
09    18.9   34.1  16:30    4.1  06:10   45.9    0.0   0.00   1.2    14.0  04:20   NNW
10    33.9   44.5  16:30   23.9  00:40   30.8    0.0   0.11   0.1     7.0  14:20   SSE
11    40.1   48.8  12:50   34.1  24:00   23.5    0.0   0.04   1.5    18.0  14:10   NW
12    41.5   55.7  16:10   27.9  07:30   23.2    0.0   0.00   0.5    11.0  17:40   S
13    47.6   62.9  16:20   35.0  05:20   16.0    0.0   0.00   0.6    19.0  14:50   SSE
14    56.7   75.3  14:40   43.2  06:50    5.8    0.0   0.02   1.0    14.0  14:50   SSE
15    46.9   56.9  01:20   37.2  24:00   18.0    0.0   0.11   2.8    18.0  23:20   NNW
16    24.9   37.2  00:10   20.6  23:50   36.1    0.0   0.01   7.9    26.0  02:40   N
17    25.7   32.4  15:00   20.6  00:30   38.5    0.0   0.28   5.7    27.0  02:10   NNW
18    28.9   38.5  15:30   21.8  06:00   34.8    0.0   0.15   2.8    25.0  19:20   WSW
19    31.6   40.3  14:40   23.3  07:10   33.2    0.0   0.04   1.6    25.0  15:50   S
20    37.5   44.8  12:50   26.6  23:50   29.3    0.0   0.17   3.0    25.0  09:00   NW
21    30.1   41.3  16:00   18.1  07:00   35.3    0.0   0.00   2.4    19.0  00:40   N
22    47.7   61.0  16:30   35.9  00:10   16.5    0.0   0.02   1.0    18.0  13:10   SSE
23    49.5   54.5  00:20   40.5  24:00   17.5    0.0   0.01   0.4    11.0  01:20   W
24    43.0   55.4  13:50   32.8  07:10   20.9    0.0   0.13   1.7    14.0  16:30   SE
25    41.6   48.9  17:10   36.5  07:10   22.3    0.0   0.01   0.9     8.0  11:50   N
26    42.9   51.9  14:10   33.5  06:40   22.3    0.0   0.00   1.2    16.0  12:30   SE
27    56.3   69.3  15:20   43.1  01:00    8.8    0.0   0.08   2.5    18.0  18:10   NNW
28    50.4   56.7  14:10   41.5  24:00   15.9    0.0   0.00   4.7    25.0  09:00   NNW
29    42.8   51.7  16:50   34.9  04:00   21.7    0.0   0.00   5.1    28.0  12:50   NNW
30    47.6   63.4  15:10   31.0  06:50   17.8    0.0   0.00   1.3    17.0  15:10   NNW
31    45.1   55.6  17:50   35.8  07:00   19.3    0.0   0.00   1.7    14.0  12:30   NNW
---------------------------------------------------------------------------------------
      36.9   75.3    14     0.0     3   866.4    0.0   1.83   2.2    35.0     5    NW

Max >=  90.0:  0
Max <=  32.0:  2
Min <=  32.0:  18
Min <=   0.0:  1
Max Rain    :  0.56 in ON 03/02/2007
Days of Rain: 14 (> 0.01 in) 7 (> 0.10 in) 0 (> 1.00 in)