28°F
Crown Heights Area, Poughkeepsie, NY, USA
UpdatedDec-17-2017 12:30 
 

NOAA-Style Climate Reports

Select a Year or Month report
2017: Jan Feb Mar Apr May Jun Jul Aug Sep Oct Nov Dec
2016: Jan Feb Mar Apr May Jun Jul Aug Sep Oct Nov Dec
2015: Jan Feb Mar Apr May Jun Jul Aug Sep Oct Nov Dec
2014: Jan Feb Mar Apr May Jun Jul Aug Sep Oct Nov Dec
2013: Jan Feb Mar Apr May Jun Jul Aug Sep Oct Nov Dec
2012: Jan Feb Mar Apr May Jun Jul Aug Sep Oct Nov Dec
2011: Jan Feb Mar Apr May Jun Jul Aug Sep Oct Nov Dec
2010: Jan Feb Mar Apr May Jun Jul Aug Sep Oct Nov Dec
2009: Jan Feb Mar Apr May Jun Jul Aug Sep Oct Nov Dec
2008: Jan Feb Mar Apr May Jun Jul Aug Sep Oct Nov Dec
2007: Jan Feb Mar Apr May Jun Jul Aug Sep Oct Nov Dec
2006: Jan Feb Mar Apr May Jun Jul Aug Sep Oct Nov Dec

Report for 2007 April
                   MONTHLY CLIMATOLOGICAL SUMMARY for APR 2007


NAME: N2EYH                 CITY: Poughkeepsie          STATE: NY                  
ELEV: 341 ft    LAT: 41.6 N    LONG: 73.9 W


                   TEMPERATURE (F), RAIN (in), WIND SPEED (mph)

                                         HEAT   COOL         AVG
      MEAN                               DEG    DEG          WIND                  DOM
DAY   TEMP   HIGH  TIME    LOW   TIME    DAYS   DAYS   RAIN  SPEED   HIGH  TIME    DIR
---------------------------------------------------------------------------------------
01    40.9   51.1  13:50   32.5  06:10   23.2    0.0   0.07   0.6    12.0  13:10   SE
02    44.1   51.7  15:40   38.8  00:10   19.8    0.0   0.04   1.1    12.0  18:40   ESE
03    50.2   63.7  15:50   42.9  04:20   11.7    0.0   0.00   2.2    19.0  19:00   ENE
04    38.6   44.5  00:10   36.6  08:00   24.5    0.0   0.47   2.6    17.0  00:10   E
05    36.1   42.9  13:40   29.0  24:00   29.0    0.0   0.05   2.5    24.0  16:20   W
06    32.4   39.6  11:50   25.7  06:10   32.3    0.0   0.00   2.1    21.0  11:00   WSW
07    33.3   41.3  14:10   26.9  06:00   30.9    0.0   0.00   1.2    17.0  16:00   WNW
08    33.1   40.3  16:50   26.4  03:40   31.6    0.0   0.00   2.9    25.0  11:00   SW
09    37.2   46.2  16:00   30.1  06:10   26.9    0.0   0.00   1.9    18.0  17:50   WSW
10    38.4   47.9  15:20   30.0  06:20   26.0    0.0   0.00   1.9    19.0  13:10   NW
11    41.1   53.6  16:20   25.8  06:20   25.3    0.0   0.00   1.0    13.0  16:20   SE
12    37.2   42.5  00:10   34.4  07:00   26.5    0.0   0.65   2.0    17.0  10:10   NNE
13    41.9   47.6  10:20   36.6  00:40   22.9    0.0   0.00   3.5    32.0  17:50   WSW
14    44.4   53.1  15:30   36.5  06:50   20.2    0.0   0.00   2.0    16.0  09:50   NW
15    37.9   41.6  00:10   36.2  19:10   26.1    0.0   2.81   4.7    27.0  20:30   NNE
16    41.5   48.5  16:10   36.6  00:10   22.5    0.0   1.70   7.0    30.0  07:20   N
17    43.0   46.7  16:40   40.2  00:10   21.5    0.0   0.01   7.8    27.0  17:00   N
18    45.0   49.6  14:40   39.9  05:30   20.2    0.0   0.00   5.7    24.0  01:10   N
19    51.9   62.6  16:40   45.2  03:00   11.1    0.0   0.00   3.6    19.0  10:10   N
20    56.1   69.3  17:20   39.2  06:20   10.8    0.0   0.00   2.6    20.0  12:30   NNW
21    60.6   77.0  15:10   38.3  06:00    7.3    0.0   0.00   1.2    14.0  15:40   NNW
22    63.9   79.8  17:10   43.3  06:30    3.5    0.0   0.00   0.8    13.0  18:50   SSE
23    70.8   86.7  13:40   52.2  06:40    0.0    4.4   0.00   1.8    29.0  16:50   SSE
24    66.8   72.7  01:20   53.5  24:00    1.9    0.0   0.00   2.2    17.0  08:00   NW
25    49.9   60.9  12:10   43.9  23:30   12.6    0.0   0.17   1.6    14.0  16:20   NNW
26    50.7   64.7  15:10   41.5  03:50   11.9    0.0   0.01   1.6    19.0  15:50   NNE
27    49.6   54.1  17:40   45.1  05:10   15.4    0.0   0.36   0.3     6.0  00:10   NNW
28    59.0   68.4  15:20   52.3  06:00    4.7    0.0   0.00   1.0    16.0  16:10   SSW
29    55.5   62.6  13:30   51.0  24:00    8.2    0.0   0.01   1.0    14.0  14:30   N
30    59.0   75.3  13:30   44.1  05:40    5.3    0.0   0.00   2.4    28.0  12:30   WSW
---------------------------------------------------------------------------------------
      47.0   86.7    23    25.7     6   533.8    4.4   6.35   2.4    32.0    13    WNW

Max >=  90.0:  0
Max <=  32.0:  0
Min <=  32.0:  7
Min <=   0.0:  0
Max Rain    :  2.81 in ON 04/15/2007
Days of Rain: 9 (> 0.01 in) 6 (> 0.10 in) 2 (> 1.00 in)