78°F
Crown Heights Area, Poughkeepsie, NY, USA
UpdatedOct-21-2017 15:28 
 

NOAA-Style Climate Reports

Select a Year or Month report
2017: Jan Feb Mar Apr May Jun Jul Aug Sep Oct Nov Dec
2016: Jan Feb Mar Apr May Jun Jul Aug Sep Oct Nov Dec
2015: Jan Feb Mar Apr May Jun Jul Aug Sep Oct Nov Dec
2014: Jan Feb Mar Apr May Jun Jul Aug Sep Oct Nov Dec
2013: Jan Feb Mar Apr May Jun Jul Aug Sep Oct Nov Dec
2012: Jan Feb Mar Apr May Jun Jul Aug Sep Oct Nov Dec
2011: Jan Feb Mar Apr May Jun Jul Aug Sep Oct Nov Dec
2010: Jan Feb Mar Apr May Jun Jul Aug Sep Oct Nov Dec
2009: Jan Feb Mar Apr May Jun Jul Aug Sep Oct Nov Dec
2008: Jan Feb Mar Apr May Jun Jul Aug Sep Oct Nov Dec
2007: Jan Feb Mar Apr May Jun Jul Aug Sep Oct Nov Dec
2006: Jan Feb Mar Apr May Jun Jul Aug Sep Oct Nov Dec

Report for 2007 July
                   MONTHLY CLIMATOLOGICAL SUMMARY for JUL 2007


NAME: N2EYH                 CITY: Poughkeepsie          STATE: NY                  
ELEV: 341 ft    LAT: 41.6 N    LONG: 73.9 W


                   TEMPERATURE (F), RAIN (in), WIND SPEED (mph)

                                         HEAT   COOL         AVG
      MEAN                               DEG    DEG          WIND                  DOM
DAY   TEMP   HIGH  TIME    LOW   TIME    DAYS   DAYS   RAIN  SPEED   HIGH  TIME    DIR
---------------------------------------------------------------------------------------
01    63.8   72.5  15:00   55.0  05:40    1.2    0.0   0.05   0.2    11.0  09:30   NW
02    63.7   75.6  15:10   48.9  06:10    2.8    0.0   0.00   0.2    13.0  12:20   NW
03    67.6   80.9  13:40   50.4  05:10    0.0    0.6   0.00   0.2     8.0  16:50   ESE
04    64.8   71.3  10:40   58.6  05:40    0.1    0.0   0.70   0.3    11.0  13:30   ESE
05    71.6   84.7  14:30   66.4  22:20    0.0   10.6   0.73   0.5    13.0  12:10   SSW
06    71.1   85.1  15:20   64.5  05:20    0.0    9.8   0.08   0.3    16.0  15:20   S
07    73.5   85.3  15:40   60.4  05:50    0.0    7.8   0.00   0.9    16.0  12:50   SW
08    79.7   91.4  16:50   67.3  05:40    0.0   14.4   0.00   1.1    17.0  15:30   SW
09    82.8   95.1  15:40   71.5  05:50    0.0   18.3   0.00   0.6    14.0  15:00   WSW
10    82.8   94.7  14:20   72.8  06:30    0.0   18.8   0.00   0.2    11.0  18:20   ESE
11    76.7   85.3  16:10   67.6  24:00    0.0   11.4   0.54   0.5    14.0  16:30   E
12    71.1   83.0  18:10   59.8  05:50    0.0    6.4   0.18   0.2    16.0  17:30   WNW
13    72.8   83.4  14:40   60.5  06:40    0.0    6.9   0.00   0.6    12.0  12:40   SW
14    72.9   84.3  17:30   60.7  06:20    0.0    7.5   0.00   0.4    14.0  17:10   ESE
15    73.8   90.3  14:30   66.8  16:20    0.0   13.6   0.63   0.6    30.0  15:20   S
16    72.9   83.4  16:40   65.0  06:20    0.0    9.2   0.00   0.1     7.0  01:10   N
17    75.4   87.0  15:50   63.9  06:30    0.0   10.4   0.08   0.1     7.0  13:40   ENE
18    71.7   76.0  17:40   67.1  06:50    0.0    6.6   0.23   0.1     7.0  14:10   E
19    71.6   78.3  18:20   65.2  06:00    0.0    6.8   0.86   0.3    14.0  16:20   WSW
20    72.3   78.5  13:50   64.2  22:30    0.0    6.3   0.00   1.7    21.0  14:40   SW
21    70.7   81.6  15:50   57.0  05:30    0.0    4.3   0.00   0.4    16.0  15:00   NNW
22    71.8   82.0  16:10   59.2  05:50    0.0    5.6   0.00   0.2    12.0  14:50   N
23    64.6   68.9  00:10   60.9  11:10    0.1    0.0   0.74   0.6    12.0  12:00   NNW
24    69.5   80.3  15:00   59.9  06:00    0.0    5.1   0.02   0.9    16.0  15:40   SW
25    74.6   85.3  14:40   63.4  06:00    0.0    9.4   0.00   0.2     7.0  11:20   ESE
26    76.8   88.2  16:00   67.1  04:50    0.0   12.6   0.00   0.3    10.0  20:00   SE
27    77.2   86.3  13:30   67.6  24:00    0.0   11.9   0.32   0.7    30.0  21:30   ESE
28    74.6   84.1  14:10   67.3  01:10    0.0   10.7   0.04   0.2    11.0  12:40   SW
29    73.3   81.4  13:30   67.3  05:10    0.0    9.4   0.01   0.1    10.0  18:40   N
30    75.3   88.0  15:10   66.1  02:50    0.0   12.1   0.00   0.1     6.0  11:30   WNW
31    76.9   86.7  16:10   65.2  05:50    0.0   10.9   0.00   0.2     8.0  10:40   N
---------------------------------------------------------------------------------------
      72.8   95.1     9    48.9     2     4.2  257.4   5.21   0.4    30.0    15    SSE

Max >=  90.0:  4
Max <=  32.0:  0
Min <=  32.0:  0
Min <=   0.0:  0
Max Rain    :  0.86 in ON 07/19/2007
Days of Rain: 14 (> 0.01 in) 9 (> 0.10 in) 0 (> 1.00 in)