78°F
Crown Heights Area, Poughkeepsie, NY, USA
UpdatedOct-21-2017 15:28 
 

NOAA-Style Climate Reports

Select a Year or Month report
2017: Jan Feb Mar Apr May Jun Jul Aug Sep Oct Nov Dec
2016: Jan Feb Mar Apr May Jun Jul Aug Sep Oct Nov Dec
2015: Jan Feb Mar Apr May Jun Jul Aug Sep Oct Nov Dec
2014: Jan Feb Mar Apr May Jun Jul Aug Sep Oct Nov Dec
2013: Jan Feb Mar Apr May Jun Jul Aug Sep Oct Nov Dec
2012: Jan Feb Mar Apr May Jun Jul Aug Sep Oct Nov Dec
2011: Jan Feb Mar Apr May Jun Jul Aug Sep Oct Nov Dec
2010: Jan Feb Mar Apr May Jun Jul Aug Sep Oct Nov Dec
2009: Jan Feb Mar Apr May Jun Jul Aug Sep Oct Nov Dec
2008: Jan Feb Mar Apr May Jun Jul Aug Sep Oct Nov Dec
2007: Jan Feb Mar Apr May Jun Jul Aug Sep Oct Nov Dec
2006: Jan Feb Mar Apr May Jun Jul Aug Sep Oct Nov Dec

Report for 2007 September
                   MONTHLY CLIMATOLOGICAL SUMMARY for SEP 2007


NAME: N2EYH                 CITY: Poughkeepsie          STATE: NY                  
ELEV: 341 ft    LAT: 41.6 N    LONG: 73.9 W


                   TEMPERATURE (F), RAIN (in), WIND SPEED (mph)

                                         HEAT   COOL         AVG
      MEAN                               DEG    DEG          WIND                  DOM
DAY   TEMP   HIGH  TIME    LOW   TIME    DAYS   DAYS   RAIN  SPEED   HIGH  TIME    DIR
---------------------------------------------------------------------------------------
01    66.3   76.0  16:30   56.0  05:50    0.0    1.0   0.00   0.2    12.0  13:50   N
02    64.5   77.6  15:30   49.5  06:40    1.5    0.0   0.00   0.2    10.0  16:50   S
03    71.3   85.1  16:40   57.6  07:10    0.0    6.3   0.00   0.7    13.0  13:50   SW
04    72.2   81.8  16:10   62.6  06:20    0.0    7.2   0.00   0.2    10.0  09:00   NW
05    67.6   77.9  16:50   57.2  06:00    0.0    2.5   0.00   0.1     6.0  11:20   WNW
06    70.7   82.2  15:40   59.9  02:20    0.0    6.1   0.00   0.5    12.0  16:40   ESE
07    76.1   88.6  14:40   65.3  04:20    0.0   11.9   0.00   0.5    13.0  11:30   SSE
08    77.5   91.6  14:20   69.1  18:50    0.0   15.4   0.36   0.5    34.0  18:30   SSW
09    74.4   85.3  14:20   68.4  23:50    0.0   11.9   0.00   0.1     7.0  12:20   W
10    69.1   78.5  13:30   63.9  23:40    0.0    6.2   0.03   0.1    12.0  16:30   NW
11    66.6   70.6  16:50   63.5  03:50    0.0    2.0   0.27   0.3    20.0  22:40   WNW
12    64.8   75.3  15:20   56.3  06:50    0.0    0.8   0.93   1.0    19.0  13:10   SW
13    62.3   75.4  15:50   49.2  07:10    2.7    0.0   0.00   0.2    10.0  14:00   SSW
14    64.5   73.3  13:10   56.5  04:40    0.1    0.0   0.05   0.5    12.0  11:40   SE
15    60.0   66.8  00:10   50.4  24:00    6.4    0.0   0.07   0.5    16.0  07:50   WNW
16    54.4   65.0  17:20   42.5  06:30   11.2    0.0   0.00   0.1    10.0  12:50   NNW
17    55.0   69.1  16:50   41.9  04:30    9.5    0.0   0.00   0.1     8.0  14:30   NE
18    57.2   73.5  17:30   45.1  06:50    5.7    0.0   0.00   0.0     8.0  12:20   ENE
19    61.0   77.4  17:20   45.2  06:40    3.7    0.0   0.00   0.1     7.0  12:30   SE
20    68.4   84.0  16:50   53.3  06:40    0.0    3.7   0.00   0.0     6.0  08:40   SSW
21    69.5   84.1  16:10   58.0  07:00    0.0    6.1   0.00   0.1     6.0  13:40   SW
22    68.2   76.1  14:00   60.4  05:20    0.0    3.2   0.02   0.3    14.0  16:20   SE
23    67.9   78.3  16:20   56.7  06:40    0.0    2.5   0.00   0.1    10.0  15:10   NNW
24    66.1   82.2  16:50   51.3  07:00    0.0    1.8   0.00   0.1    10.0  17:50   S
25    72.6   89.5  16:20   56.0  03:50    0.0    7.8   0.02   0.5    16.0  11:30   SW
26    77.0   90.7  14:30   66.0  07:20    0.0   13.4   0.00   0.2    11.0  16:40   S
27    74.8   84.7  13:20   68.4  05:20    0.0   11.6   0.11   0.5    16.0  17:40   ESE
28    65.6   73.7  12:50   55.4  24:00    0.4    0.0   0.21   0.2    30.0  17:20   W
29    62.6   74.4  15:30   54.2  06:50    0.7    0.0   0.00   0.2    12.0  10:00   NW
30    59.3   71.5  13:30   47.0  05:10    5.8    0.0   0.00   0.1     8.0  12:30   NE
---------------------------------------------------------------------------------------
      66.9   91.6     8    41.9    17    47.7  121.4   2.07   0.3    34.0     8    SSE

Max >=  90.0:  2
Max <=  32.0:  0
Min <=  32.0:  0
Min <=   0.0:  0
Max Rain    :  0.93 in ON 09/12/2007
Days of Rain: 10 (> 0.01 in) 5 (> 0.10 in) 0 (> 1.00 in)