27°F
Crown Heights Area, Poughkeepsie, NY, USA
UpdatedDec-16-2017 23:07 
 

NOAA-Style Climate Reports

Select a Year or Month report
2017: Jan Feb Mar Apr May Jun Jul Aug Sep Oct Nov Dec
2016: Jan Feb Mar Apr May Jun Jul Aug Sep Oct Nov Dec
2015: Jan Feb Mar Apr May Jun Jul Aug Sep Oct Nov Dec
2014: Jan Feb Mar Apr May Jun Jul Aug Sep Oct Nov Dec
2013: Jan Feb Mar Apr May Jun Jul Aug Sep Oct Nov Dec
2012: Jan Feb Mar Apr May Jun Jul Aug Sep Oct Nov Dec
2011: Jan Feb Mar Apr May Jun Jul Aug Sep Oct Nov Dec
2010: Jan Feb Mar Apr May Jun Jul Aug Sep Oct Nov Dec
2009: Jan Feb Mar Apr May Jun Jul Aug Sep Oct Nov Dec
2008: Jan Feb Mar Apr May Jun Jul Aug Sep Oct Nov Dec
2007: Jan Feb Mar Apr May Jun Jul Aug Sep Oct Nov Dec
2006: Jan Feb Mar Apr May Jun Jul Aug Sep Oct Nov Dec

Report for 2007 December
                   MONTHLY CLIMATOLOGICAL SUMMARY for DEC 2007


NAME: N2EYH                 CITY: Poughkeepsie          STATE: NY                  
ELEV: 341 ft    LAT: 41.6 N    LONG: 73.9 W


                   TEMPERATURE (F), RAIN (in), WIND SPEED (mph)

                                         HEAT   COOL         AVG
      MEAN                               DEG    DEG          WIND                  DOM
DAY   TEMP   HIGH  TIME    LOW   TIME    DAYS   DAYS   RAIN  SPEED   HIGH  TIME    DIR
---------------------------------------------------------------------------------------
01    27.1   35.6  00:10   18.0  23:50   38.2    0.0   0.00   2.6    26.0  12:50   NW
02    19.6   27.8  24:00   16.2  07:30   43.0    0.0   0.01   0.2    11.0  02:00   N
03    34.8   41.9  10:30   26.3  23:20   30.9    0.0   0.47   2.2    32.0  16:10   SW
04    27.6   31.0  13:10   24.8  24:00   37.1    0.0   0.00   2.4    26.0  04:50   WSW
05    25.8   30.1  11:40   22.2  05:40   38.8    0.0   0.00   0.9    13.0  04:30   SW
06    24.3   31.5  15:30   15.6  07:30   41.5    0.0   0.00   0.4    11.0  01:00   S
07    25.4   30.9  12:40   19.2  05:30   40.0    0.0   0.00   0.1    10.0  12:40   S
08    34.8   44.2  13:10   28.4  00:10   28.7    0.0   0.07   1.1    16.0  13:20   SSW
09    31.7   34.0  13:30   29.7  02:10   33.2    0.0   0.17   0.0     5.0  02:50   SW
10    32.2   33.2  13:50   31.2  22:30   32.8    0.0   0.02   0.0     0.0  00:10   N
11    32.8   38.3  23:10   28.1  07:40   31.8    0.0   0.15   0.1     7.0  12:50   SSE
12    40.0   46.2  04:00   29.4  23:50   27.2    0.0   0.01   0.9    19.0  11:20   WNW
13    27.3   30.3  00:20   25.6  21:40   37.0    0.0   0.00   0.4    11.0  13:40   NNE
14    33.4   42.3  12:50   25.8  00:10   31.0    0.0   0.41   1.0    18.0  12:40   SW
15    21.9   30.6  00:10   16.4  23:50   41.5    0.0   0.00   3.0    20.0  05:50   NNW
16    26.4   33.2  21:00   16.5  00:10   40.2    0.0   0.00   2.4    28.0  23:20   N
17    24.9   29.8  13:30   20.0  07:20   40.1    0.0   0.14   2.7    28.0  09:00   W
18    26.3   35.6  14:20   14.1  06:50   40.2    0.0   0.10   0.4    12.0  18:50   S
19    32.3   38.3  13:50   26.7  03:00   32.5    0.0   0.01   0.2    12.0  17:00   SE
20    35.1   41.3  13:30   31.0  06:50   28.9    0.0   4.72   0.6    13.0  14:20   NNW
21    32.3   35.2  12:30   30.3  06:20   32.2    0.0   0.05   1.6    11.0  17:10   NE
22    33.7   36.9  14:00   31.0  06:30   31.0    0.0   0.10   0.2     8.0  15:40   E
23    44.6   56.5  19:30   34.0  03:20   19.8    0.0   0.83   2.5    31.0  19:50   SE
24    38.1   44.5  00:10   33.2  07:20   26.1    0.0   0.00   2.1    24.0  00:10   SSW
25    35.7   39.2  14:10   31.9  24:00   29.5    0.0   0.00   0.9    14.0  04:50   WSW
26    31.2   35.5  19:20   24.1  08:30   35.2    0.0   0.00   0.6    11.0  20:40   NNW
27    34.6   36.5  23:50   32.9  07:10   30.3    0.0   0.13   1.5    13.0  23:20   NNW
28    39.9   46.5  12:30   35.9  04:40   23.8    0.0   0.05   0.8    11.0  02:10   SSE
29    44.2   48.3  15:10   38.0  00:10   21.9    0.0   0.21   2.1    13.0  00:10   S
30    39.2   48.0  00:10   28.5  08:30   26.8    0.0   0.00   1.0    11.0  00:10   SSW
31    36.8   39.5  14:50   34.9  00:10   27.8    0.0   0.00   1.6    11.0  14:50   SW
---------------------------------------------------------------------------------------
      32.1   56.5    23    14.1    18   1019.0    0.0   7.65   1.2    32.0     3    S

Max >=  90.0:  0
Max <=  32.0:  8
Min <=  32.0:  25
Min <=   0.0:  0
Max Rain    :  4.72 in ON 12/20/2007
Days of Rain: 15 (> 0.01 in) 11 (> 0.10 in) 1 (> 1.00 in)