27°F
Crown Heights Area, Poughkeepsie, NY, USA
UpdatedDec-16-2017 23:04 
 

NOAA-Style Climate Reports

Select a Year or Month report
2017: Jan Feb Mar Apr May Jun Jul Aug Sep Oct Nov Dec
2016: Jan Feb Mar Apr May Jun Jul Aug Sep Oct Nov Dec
2015: Jan Feb Mar Apr May Jun Jul Aug Sep Oct Nov Dec
2014: Jan Feb Mar Apr May Jun Jul Aug Sep Oct Nov Dec
2013: Jan Feb Mar Apr May Jun Jul Aug Sep Oct Nov Dec
2012: Jan Feb Mar Apr May Jun Jul Aug Sep Oct Nov Dec
2011: Jan Feb Mar Apr May Jun Jul Aug Sep Oct Nov Dec
2010: Jan Feb Mar Apr May Jun Jul Aug Sep Oct Nov Dec
2009: Jan Feb Mar Apr May Jun Jul Aug Sep Oct Nov Dec
2008: Jan Feb Mar Apr May Jun Jul Aug Sep Oct Nov Dec
2007: Jan Feb Mar Apr May Jun Jul Aug Sep Oct Nov Dec
2006: Jan Feb Mar Apr May Jun Jul Aug Sep Oct Nov Dec

Report for 2008 March
                   MONTHLY CLIMATOLOGICAL SUMMARY for MAR 2008


NAME: N2EYH                 CITY: Poughkeepsie          STATE: NY                  
ELEV: 341 ft    LAT: 41.6 N    LONG: 73.9 W


                   TEMPERATURE (F), RAIN (in), WIND SPEED (mph)

                                         HEAT   COOL         AVG
      MEAN                               DEG    DEG          WIND                  DOM
DAY   TEMP   HIGH  TIME    LOW   TIME    DAYS   DAYS   RAIN  SPEED   HIGH  TIME    DIR
---------------------------------------------------------------------------------------
01    34.2   44.0  11:00   25.7  00:10   30.1    0.0   0.14   2.2    28.0  16:50   SW
02    32.8   40.2  16:00   24.4  06:40   32.7    0.0   0.00   1.2    14.0  00:40   NW
03    39.0   54.1  16:20   24.2  05:30   25.9    0.0   0.00   0.5    17.0  16:40   SSE
04    40.0   49.3  09:40   33.5  23:20   23.6    0.0   0.46   2.2    17.0  12:10   NNW
05    41.2   52.0  06:50   32.6  23:50   22.7    0.0   0.95   2.9    31.0  10:10   WSW
06    38.5   47.4  13:50   28.5  06:30   27.0    0.0   0.00   0.5    11.0  13:00   S
07    39.8   51.6  13:20   29.5  06:20   24.5    0.0   0.61   1.5    14.0  15:40   NW
08    38.7   48.0  19:40   35.0  23:50   23.5    0.0   1.16   3.8    36.0  20:30   NNW
09    32.4   38.6  13:50   26.7  07:30   32.3    0.0   0.00   3.8    32.0  01:40   WSW
10    31.7   42.0  15:00   21.3  07:00   33.3    0.0   0.00   1.6    21.0  15:30   WSW
11    36.3   44.6  12:50   26.6  07:10   29.4    0.0   0.00   0.8    12.0  13:00   S
12    39.1   48.5  12:20   31.8  23:20   24.9    0.0   0.00   2.0    22.0  12:40   W
13    34.7   44.8  16:50   25.8  07:40   29.7    0.0   0.00   1.5    17.0  16:40   ESE
14    41.9   56.3  14:30   31.2  05:40   21.2    0.0   0.02   1.4    12.0  15:20   W
15    42.6   49.6  16:00   36.6  08:00   21.9    0.0   0.29   3.0    17.0  05:30   N
16    39.5   45.3  15:10   32.8  24:00   26.0    0.0   0.06   2.7    22.0  20:00   N
17    34.2   41.2  15:50   26.9  06:50   31.0    0.0   0.00   4.3    26.0  08:50   NNW
18    35.5   46.1  14:50   26.6  06:30   28.6    0.0   0.00   1.7    17.0  18:50   SE
19    40.5   45.3  24:00   35.6  04:30   24.5    0.0   0.68   0.9    12.0  00:20   ESE
20    42.0   49.2  03:20   33.1  23:20   23.9    0.0   0.05   3.4    25.0  20:30   NW
21    35.4   41.6  11:40   29.4  06:20   29.5    0.0   0.00   3.5    28.0  10:40   W
22    36.9   47.1  14:30   27.5  03:30   27.7    0.0   0.00   1.4    16.0  21:10   WNW
23    35.7   44.8  14:00   24.9  06:40   30.1    0.0   0.00   1.1    17.0  18:00   NW
24    36.3   46.7  12:20   25.4  05:40   29.0    0.0   0.00   1.5    16.0  21:50   NNW
25    36.1   46.4  13:50   24.4  06:50   29.6    0.0   0.00   2.3    20.0  19:20   NNW
26    47.8   60.6  10:40   38.4  00:10   15.5    0.0   0.00   2.2    24.0  10:50   SSW
27    40.9   48.3  15:10   31.6  07:20   25.0    0.0   0.00   0.2     6.0  12:20   SSE
28    37.5   42.4  00:20   34.0  23:50   26.8    0.0   0.14   2.0    12.0  18:00   NNW
29    35.0   43.9  12:30   27.2  24:00   29.5    0.0   0.00   2.8    19.0  13:50   NNW
30    34.7   46.4  13:40   21.2  06:50   31.2    0.0   0.00   1.6    17.0  01:10   NNW
31    39.0   44.9  19:30   32.8  01:10   26.1    0.0   0.20   0.7    16.0  06:50   SE
---------------------------------------------------------------------------------------
      37.7   60.6    26    21.2    30   836.7    0.0   4.76   2.0    36.0     8    WNW

Max >=  90.0:  0
Max <=  32.0:  0
Min <=  32.0:  21
Min <=   0.0:  0
Max Rain    :  1.16 in ON 03/08/2008
Days of Rain: 12 (> 0.01 in) 9 (> 0.10 in) 1 (> 1.00 in)