78°F
Crown Heights Area, Poughkeepsie, NY, USA
UpdatedOct-21-2017 15:24 
 

NOAA-Style Climate Reports

Select a Year or Month report
2017: Jan Feb Mar Apr May Jun Jul Aug Sep Oct Nov Dec
2016: Jan Feb Mar Apr May Jun Jul Aug Sep Oct Nov Dec
2015: Jan Feb Mar Apr May Jun Jul Aug Sep Oct Nov Dec
2014: Jan Feb Mar Apr May Jun Jul Aug Sep Oct Nov Dec
2013: Jan Feb Mar Apr May Jun Jul Aug Sep Oct Nov Dec
2012: Jan Feb Mar Apr May Jun Jul Aug Sep Oct Nov Dec
2011: Jan Feb Mar Apr May Jun Jul Aug Sep Oct Nov Dec
2010: Jan Feb Mar Apr May Jun Jul Aug Sep Oct Nov Dec
2009: Jan Feb Mar Apr May Jun Jul Aug Sep Oct Nov Dec
2008: Jan Feb Mar Apr May Jun Jul Aug Sep Oct Nov Dec
2007: Jan Feb Mar Apr May Jun Jul Aug Sep Oct Nov Dec
2006: Jan Feb Mar Apr May Jun Jul Aug Sep Oct Nov Dec

Report for 2008 April
                   MONTHLY CLIMATOLOGICAL SUMMARY for APR 2008


NAME: N2EYH                 CITY: Poughkeepsie          STATE: NY                  
ELEV: 341 ft    LAT: 41.6 N    LONG: 73.9 W


                   TEMPERATURE (F), RAIN (in), WIND SPEED (mph)

                                         HEAT   COOL         AVG
      MEAN                               DEG    DEG          WIND                  DOM
DAY   TEMP   HIGH  TIME    LOW   TIME    DAYS   DAYS   RAIN  SPEED   HIGH  TIME    DIR
---------------------------------------------------------------------------------------
01    56.9   64.7  17:40   43.9  00:20   10.7    0.0   0.29   2.3    28.0  23:30   SSE
02    41.8   49.4  00:10   31.8  24:00   24.4    0.0   0.00   3.0    31.0  01:50   NW
03    39.8   52.7  15:00   24.0  07:00   26.6    0.0   0.00   1.2    19.0  17:50   SSE
04    41.4   45.6  24:00   36.1  03:40   24.1    0.0   0.62   1.1    12.0  10:00   SSW
05    48.8   55.6  13:30   44.7  24:00   14.9    0.0   0.06   2.1    14.0  13:40   NNW
06    44.0   47.8  15:00   40.2  23:50   21.0    0.0   0.00   3.2    16.0  19:40   NNE
07    45.3   54.6  16:20   38.8  04:30   18.3    0.0   0.00   2.5    16.0  14:40   E
08    48.0   60.8  14:50   37.9  06:10   15.6    0.0   0.00   1.6    13.0  00:40   E
09    51.0   62.0  16:10   37.8  06:40   15.1    0.0   0.00   1.6    17.0  14:10   SE
10    58.2   71.2  14:10   46.4  06:00    6.2    0.0   0.02   1.2    14.0  20:20   N
11    52.0   58.2  14:00   46.9  08:30   12.4    0.0   0.03   1.9    16.0  15:00   NNW
12    62.4   76.3  14:10   49.0  24:00    2.3    0.0   0.32   2.3    24.0  13:40   SSW
13    46.6   53.8  12:50   38.1  24:00   19.0    0.0   0.00   2.1    18.0  18:10   NW
14    45.4   54.7  13:50   33.4  06:50   21.0    0.0   0.00   1.8    18.0  15:20   NNW
15    48.1   57.6  17:00   32.4  07:00   20.0    0.0   0.00   1.2    14.0  13:10   NNW
16    52.5   65.6  12:10   33.1  06:20   15.6    0.0   0.00   0.3     8.0  14:30   NNW
17    60.5   75.6  14:20   40.8  06:20    6.8    0.0   0.00   0.4    11.0  14:50   S
18    64.5   78.1  15:40   44.6  06:30    3.7    0.0   0.00   0.4     8.0  17:50   NNE
19    64.5   79.4  14:00   50.3  06:40    0.2    0.0   0.00   2.8    21.0  17:50   ENE
20    56.0   66.4  16:40   49.4  05:30    7.1    0.0   0.00   2.7    16.0  16:10   E
21    58.9   70.3  15:20   46.4  06:10    6.7    0.0   0.00   1.7    16.0  16:30   E
22    60.2   73.6  14:30   44.8  06:20    5.8    0.0   0.00   0.7    16.0  16:00   SE
23    65.2   77.2  15:10   48.2  06:20    2.3    0.0   0.00   1.0    19.0  19:40   S
24    65.2   72.0  15:10   56.2  24:00    0.9    0.0   0.00   2.1    17.0  04:10   NNW
25    61.9   73.1  11:20   43.9  06:40    6.5    0.0   0.00   0.5    11.0  11:00   S
26    57.3   64.1  14:20   50.9  07:30    7.5    0.0   0.00   3.1    17.0  13:30   ESE
27    50.4   59.3  15:40   44.3  03:30   13.2    0.0   0.04   0.9    12.0  15:40   SE
28    47.7   50.9  16:20   44.6  06:40   17.2    0.0   1.11   0.4    11.0  19:10   ENE
29    46.7   53.8  16:00   40.4  24:00   17.9    0.0   0.08   1.6    22.0  17:30   NW
30    44.9   54.5  11:50   34.8  05:50   20.4    0.0   0.00   1.1    17.0  08:20   W
---------------------------------------------------------------------------------------
      52.9   79.4    19    24.0     3   383.4    0.0   2.57   1.6    31.0     2    ESE

Max >=  90.0:  0
Max <=  32.0:  0
Min <=  32.0:  2
Min <=   0.0:  0
Max Rain    :  1.11 in ON 04/28/2008
Days of Rain: 9 (> 0.01 in) 4 (> 0.10 in) 1 (> 1.00 in)