27°F
Crown Heights Area, Poughkeepsie, NY, USA
UpdatedDec-16-2017 23:11 
 

NOAA-Style Climate Reports

Select a Year or Month report
2017: Jan Feb Mar Apr May Jun Jul Aug Sep Oct Nov Dec
2016: Jan Feb Mar Apr May Jun Jul Aug Sep Oct Nov Dec
2015: Jan Feb Mar Apr May Jun Jul Aug Sep Oct Nov Dec
2014: Jan Feb Mar Apr May Jun Jul Aug Sep Oct Nov Dec
2013: Jan Feb Mar Apr May Jun Jul Aug Sep Oct Nov Dec
2012: Jan Feb Mar Apr May Jun Jul Aug Sep Oct Nov Dec
2011: Jan Feb Mar Apr May Jun Jul Aug Sep Oct Nov Dec
2010: Jan Feb Mar Apr May Jun Jul Aug Sep Oct Nov Dec
2009: Jan Feb Mar Apr May Jun Jul Aug Sep Oct Nov Dec
2008: Jan Feb Mar Apr May Jun Jul Aug Sep Oct Nov Dec
2007: Jan Feb Mar Apr May Jun Jul Aug Sep Oct Nov Dec
2006: Jan Feb Mar Apr May Jun Jul Aug Sep Oct Nov Dec

Report for 2008 May
                   MONTHLY CLIMATOLOGICAL SUMMARY for MAY 2008


NAME: N2EYH                 CITY: Poughkeepsie          STATE: NY                  
ELEV: 341 ft    LAT: 41.6 N    LONG: 73.9 W


                   TEMPERATURE (F), RAIN (in), WIND SPEED (mph)

                                         HEAT   COOL         AVG
      MEAN                               DEG    DEG          WIND                  DOM
DAY   TEMP   HIGH  TIME    LOW   TIME    DAYS   DAYS   RAIN  SPEED   HIGH  TIME    DIR
---------------------------------------------------------------------------------------
01    46.8   60.1  11:20   28.8  06:20   20.5    0.0   0.00   0.8    16.0  12:40   SE
02    47.9   51.1  15:40   45.2  04:50   16.9    0.0   0.04   0.8    11.0  12:10   ENE
03    48.2   53.4  16:10   44.6  23:40   16.0    0.0   0.00   1.7    12.0  16:40   E
04    52.9   64.9  14:10   44.5  00:10   10.3    0.0   0.09   0.7    16.0  14:40   NNW
05    56.2   66.2  17:00   40.4  06:40   11.7    0.0   0.00   0.4    11.0  14:10   NW
06    60.4   75.2  13:30   42.4  06:20    6.2    0.0   0.00   0.3    10.0  15:50   E
07    62.0   73.2  16:30   46.9  06:30    4.9    0.0   0.00   1.0    22.0  18:30   SE
08    63.2   72.7  15:50   53.4  24:00    2.0    0.0   0.03   1.0    19.0  17:10   S
09    48.4   53.4  00:10   46.1  07:20   15.2    0.0   0.50   0.5    11.0  16:00   N
10    55.2   65.4  17:10   42.6  04:50   11.0    0.0   0.01   0.7    13.0  14:40   NNW
11    55.0   65.9  12:30   43.0  06:00   10.6    0.0   0.00   1.8    19.0  23:10   E
12    48.6   55.1  16:20   44.8  03:40   15.1    0.0   0.00   1.7    22.0  14:10   NE
13    56.6   67.1  16:10   41.7  05:50   10.6    0.0   0.00   1.1    17.0  11:50   NNW
14    59.9   75.7  13:50   41.4  06:00    6.4    0.0   0.00   0.6    13.0  19:00   ESE
15    57.4   66.7  13:40   48.9  05:50    7.2    0.0   0.06   0.1     8.0  15:40   ESE
16    49.4   55.6  00:10   46.0  22:30   14.2    0.0   0.53   0.9    17.0  22:10   NNW
17    57.3   69.9  14:50   42.9  06:00    8.6    0.0   0.10   1.2    20.0  14:00   SSW
18    53.6   63.8  09:40   45.4  24:00   10.4    0.0   0.12   0.4    13.0  13:30   S
19    47.9   55.1  16:40   39.4  05:40   17.8    0.0   0.02   2.2    26.0  17:50   SW
20    48.3   60.4  09:40   39.1  05:40   15.2    0.0   0.05   0.9    13.0  11:20   S
21    52.1   64.1  13:20   42.9  04:50   11.5    0.0   0.02   1.0    27.0  16:30   S
22    49.6   58.8  13:30   42.7  05:20   14.2    0.0   0.02   1.0    18.0  18:20   W
23    57.5   67.6  13:50   46.1  02:10    8.1    0.0   0.01   1.1    19.0  09:00   NW
24    59.2   69.6  11:20   47.7  06:00    6.3    0.0   0.00   0.4    13.0  13:10   NW
25    62.0   73.8  11:40   43.3  06:30    6.4    0.0   0.00   0.2    10.0  16:40   SE
26    69.0   79.8  14:40   53.5  05:20    0.0    1.6   0.00   1.0    18.0  10:00   SSE
27    71.2   83.7  12:50   53.8  24:00    0.0    3.8   0.10   0.9    14.0  13:00   S
28    57.0   64.1  17:30   46.9  06:00    9.5    0.0   0.00   0.8    17.0  01:20   NNW
29    61.2   74.8  14:40   42.0  06:10    6.6    0.0   0.00   0.5    17.0  16:20   WSW
30    66.7   78.7  12:30   48.2  06:20    1.5    0.0   0.00   0.4    14.0  13:00   WSW
31    66.3   76.1  16:10   58.7  21:50    0.0    2.4   0.00   0.8    26.0  18:40   S
---------------------------------------------------------------------------------------
      56.4   83.7    27    28.8     1   294.9    7.8   1.70   0.9    27.0    21    SE

Max >=  90.0:  0
Max <=  32.0:  0
Min <=  32.0:  1
Min <=   0.0:  0
Max Rain    :  0.53 in ON 05/16/2008
Days of Rain: 13 (> 0.01 in) 5 (> 0.10 in) 0 (> 1.00 in)