78°F
Crown Heights Area, Poughkeepsie, NY, USA
UpdatedOct-21-2017 15:26 
 

NOAA-Style Climate Reports

Select a Year or Month report
2017: Jan Feb Mar Apr May Jun Jul Aug Sep Oct Nov Dec
2016: Jan Feb Mar Apr May Jun Jul Aug Sep Oct Nov Dec
2015: Jan Feb Mar Apr May Jun Jul Aug Sep Oct Nov Dec
2014: Jan Feb Mar Apr May Jun Jul Aug Sep Oct Nov Dec
2013: Jan Feb Mar Apr May Jun Jul Aug Sep Oct Nov Dec
2012: Jan Feb Mar Apr May Jun Jul Aug Sep Oct Nov Dec
2011: Jan Feb Mar Apr May Jun Jul Aug Sep Oct Nov Dec
2010: Jan Feb Mar Apr May Jun Jul Aug Sep Oct Nov Dec
2009: Jan Feb Mar Apr May Jun Jul Aug Sep Oct Nov Dec
2008: Jan Feb Mar Apr May Jun Jul Aug Sep Oct Nov Dec
2007: Jan Feb Mar Apr May Jun Jul Aug Sep Oct Nov Dec
2006: Jan Feb Mar Apr May Jun Jul Aug Sep Oct Nov Dec

Report for 2008 June
                   MONTHLY CLIMATOLOGICAL SUMMARY for JUN 2008


NAME: N2EYH                 CITY: Poughkeepsie          STATE: NY                  
ELEV: 341 ft    LAT: 41.6 N    LONG: 73.9 W


                   TEMPERATURE (F), RAIN (in), WIND SPEED (mph)

                                         HEAT   COOL         AVG
      MEAN                               DEG    DEG          WIND                  DOM
DAY   TEMP   HIGH  TIME    LOW   TIME    DAYS   DAYS   RAIN  SPEED   HIGH  TIME    DIR
---------------------------------------------------------------------------------------
01    67.8   77.9  10:10   59.1  05:40    0.0    3.5   0.02   1.2    20.0  15:00   SSW
02    67.6   78.7  13:50   52.6  06:20    0.0    0.6   0.00   0.4    19.0  14:40   WNW
03    68.5   82.3  13:40   51.7  06:00    0.0    2.0   0.00   0.5    17.0  15:00   SE
04    61.0   67.7  00:10   55.8  07:40    3.2    0.0   0.02   0.1     7.0  06:10   ENE
05    64.1   71.8  15:50   57.7  05:40    0.2    0.0   0.00   0.3    12.0  23:40   NE
06    64.1   73.1  17:50   57.1  07:50    0.0    0.1   0.00   0.5    12.0  02:20   ESE
07    77.0   91.0  14:00   59.8  05:40    0.0   10.4   0.00   0.4    11.0  16:00   S
08    78.0   91.2  12:20   69.4  05:50    0.0   15.3   0.11   0.4    18.0  15:20   SSW
09    82.4   94.1  11:40   69.3  04:30    0.0   16.7   0.00   0.6    13.0  14:40   SSW
10    83.2   94.6  10:50   67.9  23:10    0.0   16.2   0.29   0.4    36.0  21:20   S
11    75.2   83.9  11:50   65.6  04:20    0.0    9.8   0.00   0.1    10.0  14:00   W
12    72.0   81.8  10:50   61.2  06:40    0.0    6.5   0.00   0.1    11.0  14:30   N
13    70.9   82.3  11:10   55.4  05:40    0.0    3.8   0.00   0.2     8.0  17:50   E
14    71.5   86.6  12:20   63.9  04:20    0.0   10.2   1.32   0.2    28.0  17:40   ESE
15    72.5   81.2  14:00   64.4  24:00    0.0    7.8   0.00   0.1     8.0  20:00   WNW
16    67.2   77.4  15:10   59.9  19:10    0.0    3.7   0.73   0.4    28.0  18:40   ESE
17    64.8   74.6  12:00   57.0  05:20    0.0    0.8   0.00   0.6    16.0  17:20   SW
18    60.1   71.5  09:40   52.0  05:50    3.2    0.0   0.41   0.2    12.0  11:00   SSW
19    63.3   72.9  13:20   53.5  06:10    1.8    0.0   0.00   0.2    11.0  13:30   SSW
20    65.6   75.5  11:20   54.8  05:00    0.0    0.2   0.00   0.3    13.0  11:10   SSW
21    70.3   80.6  13:00   56.7  05:50    0.0    3.7   0.00   0.4    11.0  13:10   SSE
22    68.2   75.9  13:40   62.6  05:50    0.0    4.2   0.02   0.3    13.0  14:30   SE
23    67.7   76.3  10:10   63.8  23:00    0.0    5.1   1.95   0.2    14.0  11:20   ESE
24    67.0   75.0  13:40   62.3  02:00    0.0    3.7   0.01   0.3    19.0  16:20   W
25    70.0   81.4  11:50   56.5  04:50    0.0    4.0   0.00   0.4    14.0  17:40   SSW
26    68.9   75.0  17:10   62.1  03:10    0.0    3.5   0.00   0.1    10.0  14:40   S
27    72.0   77.0  11:50   67.4  06:10    0.0    7.2   0.00   0.2    10.0  08:30   S
28    75.2   88.5  12:00   63.8  06:00    0.0   11.1   0.04   0.3    11.0  14:30   S
29    74.8   83.7  11:20   67.2  24:00    0.0   10.4   0.39   0.3    16.0  23:10   S
30    72.8   82.1  12:30   63.0  04:40    0.0    7.6   0.01   0.4    11.0  11:10   SSW
---------------------------------------------------------------------------------------
      70.1   94.6    10    51.7     3     8.4  168.1   5.32   0.3    36.0    10    SSE

Max >=  90.0:  4
Max <=  32.0:  0
Min <=  32.0:  0
Min <=   0.0:  0
Max Rain    :  1.95 in ON 06/23/2008
Days of Rain: 11 (> 0.01 in) 7 (> 0.10 in) 2 (> 1.00 in)