27°F
Crown Heights Area, Poughkeepsie, NY, USA
UpdatedDec-16-2017 23:04 
 

NOAA-Style Climate Reports

Select a Year or Month report
2017: Jan Feb Mar Apr May Jun Jul Aug Sep Oct Nov Dec
2016: Jan Feb Mar Apr May Jun Jul Aug Sep Oct Nov Dec
2015: Jan Feb Mar Apr May Jun Jul Aug Sep Oct Nov Dec
2014: Jan Feb Mar Apr May Jun Jul Aug Sep Oct Nov Dec
2013: Jan Feb Mar Apr May Jun Jul Aug Sep Oct Nov Dec
2012: Jan Feb Mar Apr May Jun Jul Aug Sep Oct Nov Dec
2011: Jan Feb Mar Apr May Jun Jul Aug Sep Oct Nov Dec
2010: Jan Feb Mar Apr May Jun Jul Aug Sep Oct Nov Dec
2009: Jan Feb Mar Apr May Jun Jul Aug Sep Oct Nov Dec
2008: Jan Feb Mar Apr May Jun Jul Aug Sep Oct Nov Dec
2007: Jan Feb Mar Apr May Jun Jul Aug Sep Oct Nov Dec
2006: Jan Feb Mar Apr May Jun Jul Aug Sep Oct Nov Dec

Report for 2008 July
                   MONTHLY CLIMATOLOGICAL SUMMARY for JUL 2008


NAME: N2EYH                 CITY: Poughkeepsie          STATE: NY                  
ELEV: 341 ft    LAT: 41.6 N    LONG: 73.9 W


                   TEMPERATURE (F), RAIN (in), WIND SPEED (mph)

                                         HEAT   COOL         AVG
      MEAN                               DEG    DEG          WIND                  DOM
DAY   TEMP   HIGH  TIME    LOW   TIME    DAYS   DAYS   RAIN  SPEED   HIGH  TIME    DIR
---------------------------------------------------------------------------------------
01    71.9   84.3  12:30   62.8  05:40    0.0    8.6   0.10   0.1    17.0  16:20   WNW
02    71.3   80.8  13:10   61.3  06:10    0.0    6.1   0.01   0.2    13.0  15:40   SSW
03    71.6   85.0  14:40   63.1  06:10    0.0    9.1   0.21   0.7    19.0  13:30   S
04    67.5   73.8  15:10   62.1  08:40    0.0    3.0   0.06   0.0     7.0  01:20   NNW
05    70.2   76.6  15:40   65.1  04:40    0.0    5.8   0.63   0.0     6.0  02:50   ENE
06    71.2   78.5  15:20   64.6  03:30    0.0    6.6   0.00   0.1     8.0  17:10   E
07    75.2   82.7  15:00   68.1  01:00    0.0   10.4   0.00   0.2     8.0  17:00   SE
08    78.0   87.3  12:20   68.7  06:00    0.0   13.0   0.00   0.3    13.0  13:40   S
09    76.7   87.1  12:20   70.3  06:10    0.0   13.7   0.02   0.5    16.0  18:30   SSW
10    74.7   83.3  12:10   65.4  05:50    0.0    9.4   0.00   0.4    16.0  17:50   WNW
11    72.0   83.5  13:20   56.7  06:30    0.0    5.1   0.00   0.0     7.0  13:00   SSE
12    74.7   85.4  11:40   66.7  06:10    0.0   11.1   0.00   0.5    16.0  17:40   ESE
13    74.0   81.2  11:20   66.6  05:30    0.0    8.9   0.01   1.1    19.0  16:40   ESE
14    70.6   77.6  15:20   64.9  08:50    0.0    6.2   0.50   0.2    12.0  14:00   SSW
15    73.9   86.0  11:20   60.7  05:10    0.0    8.4   0.00   0.2    10.0  13:10   SW
16    75.1   88.3  12:30   59.1  05:40    0.0    8.7   0.00   0.0     6.0  13:40   SSE
17    77.0   89.2  13:50   64.2  06:10    0.0   11.7   0.00   0.1    11.0  17:10   S
18    78.7   88.8  13:40   66.2  05:20    0.0   12.5   0.00   0.2    11.0  15:00   SSW
19    79.2   87.5  13:50   71.3  04:20    0.0   14.4   0.00   0.2    17.0  17:00   SSW
20    80.1   91.0  13:10   71.0  05:50    0.0   16.0   0.01   0.5    26.0  15:10   SSW
21    78.6   89.0  10:30   68.9  05:10    0.0   13.9   0.00   0.2    10.0  11:30   WSW
22    74.2   85.4  12:50   68.7  05:50    0.0   12.1   0.29   0.1     8.0  16:10   NW
23    70.4   76.4  14:20   67.1  04:00    0.0    6.8   0.67   0.2    14.0  15:10   ENE
24    70.1   78.3  16:40   65.6  24:00    0.0    6.9   0.74   0.4    12.0  18:10   ESE
25    72.8   83.1  12:20   60.1  05:00    0.0    6.6   0.00   0.1    11.0  13:00   SSW
26    73.5   84.5  12:40   62.0  05:50    0.0    8.2   0.00   0.2    16.0  17:10   SE
27    70.5   75.5  10:20   66.4  17:10    0.0    5.9   0.15   0.2    12.0  14:50   SE
28    73.7   82.9  13:30   64.2  04:10    0.0    8.6   0.00   0.3    12.0  12:50   SW
29    76.2   86.8  11:30   67.1  05:20    0.0   11.9   0.00   0.2    11.0  11:20   WSW
30    75.7   87.3  11:50   64.9  05:50    0.0   11.1   0.00   0.0     7.0  20:00   SSE
31    78.0   88.3  12:00   68.7  07:00    0.0   13.5   0.00   0.2    12.0  14:50   SSW
---------------------------------------------------------------------------------------
      74.1   91.0    20    56.7    11     0.0  294.2   3.40   0.2    26.0    20    SSE

Max >=  90.0:  1
Max <=  32.0:  0
Min <=  32.0:  0
Min <=   0.0:  0
Max Rain    :  0.74 in ON 07/24/2008
Days of Rain: 10 (> 0.01 in) 8 (> 0.10 in) 0 (> 1.00 in)