28°F
Crown Heights Area, Poughkeepsie, NY, USA
UpdatedDec-17-2017 12:28 
 

NOAA-Style Climate Reports

Select a Year or Month report
2017: Jan Feb Mar Apr May Jun Jul Aug Sep Oct Nov Dec
2016: Jan Feb Mar Apr May Jun Jul Aug Sep Oct Nov Dec
2015: Jan Feb Mar Apr May Jun Jul Aug Sep Oct Nov Dec
2014: Jan Feb Mar Apr May Jun Jul Aug Sep Oct Nov Dec
2013: Jan Feb Mar Apr May Jun Jul Aug Sep Oct Nov Dec
2012: Jan Feb Mar Apr May Jun Jul Aug Sep Oct Nov Dec
2011: Jan Feb Mar Apr May Jun Jul Aug Sep Oct Nov Dec
2010: Jan Feb Mar Apr May Jun Jul Aug Sep Oct Nov Dec
2009: Jan Feb Mar Apr May Jun Jul Aug Sep Oct Nov Dec
2008: Jan Feb Mar Apr May Jun Jul Aug Sep Oct Nov Dec
2007: Jan Feb Mar Apr May Jun Jul Aug Sep Oct Nov Dec
2006: Jan Feb Mar Apr May Jun Jul Aug Sep Oct Nov Dec

Report for 2008 August
                   MONTHLY CLIMATOLOGICAL SUMMARY for AUG 2008


NAME: N2EYH                 CITY: Poughkeepsie          STATE: NY                  
ELEV: 341 ft    LAT: 41.6 N    LONG: 73.9 W


                   TEMPERATURE (F), RAIN (in), WIND SPEED (mph)

                                         HEAT   COOL         AVG
      MEAN                               DEG    DEG          WIND                  DOM
DAY   TEMP   HIGH  TIME    LOW   TIME    DAYS   DAYS   RAIN  SPEED   HIGH  TIME    DIR
---------------------------------------------------------------------------------------
01    77.6   88.5  12:10   67.2  05:50    0.0   12.9   0.00   0.0     6.0  14:30   NW
02    70.1   75.4  10:10   61.2  23:50    0.0    3.3   0.40   0.0    14.0  18:40   SSW
03    69.0   80.0  10:30   58.8  06:40    0.0    4.4   0.00   0.1    13.0  17:20   W
04    72.8   83.9  11:20   60.9  06:00    0.0    7.4   0.00   0.1    10.0  14:00   WSW
05    74.2   83.5  12:40   62.5  05:50    0.0    8.0   0.00   0.0    10.0  16:20   ENE
06    74.0   83.7  13:40   67.6  05:10    0.0   10.7   0.36   0.1    13.0  17:00   W
07    71.0   84.3  12:40   62.6  03:10    0.0    8.4   0.09   0.2    14.0  20:30   SSW
08    65.1   76.8  11:20   59.3  06:00    0.0    3.1   0.19   0.0    16.0  14:20   NE
09    68.8   79.8  13:50   56.7  06:40    0.0    3.2   0.00   0.1     8.0  13:50   SW
10    65.7   78.9  10:50   57.7  06:10    0.0    3.3   0.05   0.1    11.0  11:20   NNW
11    61.9   72.9  10:10   57.7  13:20    0.0    0.3   0.89   0.1    12.0  13:00   NNW
12    67.8   77.2  12:00   57.0  02:40    0.0    2.1   0.00   0.1    11.0  14:40   WNW
13    68.9   78.9  11:50   56.2  06:10    0.0    2.6   0.00   0.1     8.0  14:30   SW
14    69.0   79.2  13:30   61.7  05:00    0.0    5.4   0.29   0.0     7.0  13:50   NW
15    67.1   79.0  14:20   61.0  05:40    0.0    5.0   0.00   0.0     6.0  13:30   WSW
16    65.8   79.6  11:50   59.9  04:00    0.0    4.8   0.01   0.1    20.0  15:00   WNW
17    70.9   81.4  13:30   57.9  05:50    0.0    4.7   0.00   0.3    11.0  14:30   SSW
18    74.4   85.4  12:40   61.7  06:50    0.0    8.6   0.00   0.4    13.0  21:30   S
19    69.3   79.2  11:50   57.4  24:00    0.0    3.3   0.02   0.3    16.0  13:00   NW
20    63.6   74.3  13:00   50.7  05:50    2.5    0.0   0.00   0.0    12.0  11:10   NNW
21    66.7   78.9  12:40   51.4  06:00    0.0    0.2   0.00   0.0     6.0  12:10   E
22    69.8   82.1  12:50   57.6  06:30    0.0    4.8   0.00   0.2     8.0  13:50   E
23    69.0   81.2  12:00   56.2  06:20    0.0    3.7   0.00   0.2    10.0  12:00   ESE
24    69.7   78.5  16:10   62.1  05:50    0.0    5.3   0.00   0.0     7.0  12:50   SE
25    70.5   84.3  11:40   59.8  23:50    0.0    7.1   0.00   0.1    12.0  06:50   NW
26    64.8   74.6  11:40   52.9  05:20    1.2    0.0   0.00   0.1    13.0  00:20   NNW
27    64.7   75.7  11:30   51.7  05:40    1.3    0.0   0.00   0.0     6.0  13:20   NNE
28    66.7   79.4  11:30   53.1  06:00    0.0    1.2   0.00   0.2    11.0  14:20   ENE
29    66.9   76.1  14:00   59.0  06:30    0.0    2.6   0.04   0.0     7.0  24:00   E
30    69.9   81.2  13:50   63.0  01:20    0.0    7.1   0.18   0.0    11.0  00:10   SSW
31    70.2   81.8  11:00   57.6  06:30    0.0    4.7   0.00   0.1    13.0  13:00   NNW
---------------------------------------------------------------------------------------
      68.9   88.5     1    50.7    20     5.0  138.2   2.52   0.1    20.0    16    WNW

Max >=  90.0:  0
Max <=  32.0:  0
Min <=  32.0:  0
Min <=   0.0:  0
Max Rain    :  0.89 in ON 08/11/2008
Days of Rain: 10 (> 0.01 in) 6 (> 0.10 in) 0 (> 1.00 in)