28°F
Crown Heights Area, Poughkeepsie, NY, USA
UpdatedDec-17-2017 12:30 
 

NOAA-Style Climate Reports

Select a Year or Month report
2017: Jan Feb Mar Apr May Jun Jul Aug Sep Oct Nov Dec
2016: Jan Feb Mar Apr May Jun Jul Aug Sep Oct Nov Dec
2015: Jan Feb Mar Apr May Jun Jul Aug Sep Oct Nov Dec
2014: Jan Feb Mar Apr May Jun Jul Aug Sep Oct Nov Dec
2013: Jan Feb Mar Apr May Jun Jul Aug Sep Oct Nov Dec
2012: Jan Feb Mar Apr May Jun Jul Aug Sep Oct Nov Dec
2011: Jan Feb Mar Apr May Jun Jul Aug Sep Oct Nov Dec
2010: Jan Feb Mar Apr May Jun Jul Aug Sep Oct Nov Dec
2009: Jan Feb Mar Apr May Jun Jul Aug Sep Oct Nov Dec
2008: Jan Feb Mar Apr May Jun Jul Aug Sep Oct Nov Dec
2007: Jan Feb Mar Apr May Jun Jul Aug Sep Oct Nov Dec
2006: Jan Feb Mar Apr May Jun Jul Aug Sep Oct Nov Dec

Report for 2008 September
                   MONTHLY CLIMATOLOGICAL SUMMARY for SEP 2008


NAME: N2EYH                 CITY: Poughkeepsie          STATE: NY                  
ELEV: 341 ft    LAT: 41.6 N    LONG: 73.9 W


                   TEMPERATURE (F), RAIN (in), WIND SPEED (mph)

                                         HEAT   COOL         AVG
      MEAN                               DEG    DEG          WIND                  DOM
DAY   TEMP   HIGH  TIME    LOW   TIME    DAYS   DAYS   RAIN  SPEED   HIGH  TIME    DIR
---------------------------------------------------------------------------------------
01    69.5   81.8  11:20   55.4  07:10    0.0    3.6   0.00   0.1    11.0  12:50   WNW
02    72.5   85.2  12:00   58.0  06:10    0.0    6.6   0.00   0.1    16.0  15:30   NW
03    74.1   85.4  13:20   64.6  03:50    0.0   10.0   0.00   0.1    11.0  00:10   S
04    76.4   88.1  12:10   64.4  05:50    0.0   11.2   0.00   0.1    10.0  16:50   SSE
05    76.0   86.8  11:20   67.9  05:40    0.0   12.3   0.00   0.8    18.0  15:30   ESE
06    71.3   77.4  12:40   66.6  23:20    0.0    7.0   1.64   0.4    19.0  23:50   NNE
07    70.8   80.4  12:20   63.0  05:40    0.0    6.7   0.00   0.3    18.0  00:30   W
08    68.2   78.3  13:10   57.6  06:10    0.0    2.9   0.00   0.2    12.0  16:00   SSW
09    64.2   67.6  18:10   60.4  24:00    1.0    0.0   1.13   0.1    12.0  08:50   S
10    60.9   70.1  13:20   53.1  05:20    3.4    0.0   0.00   0.1    16.0  13:00   N
11    59.6   70.8  14:50   50.4  02:00    4.4    0.0   0.00   0.0     7.0  15:00   ENE
12    61.9   66.9  11:00   59.0  00:10    2.0    0.0   0.36   0.1    10.0  09:50   SE
13    67.5   74.8  15:30   61.8  00:10    0.0    3.3   0.05   0.0     5.0  15:20   ESE
14    74.2   83.9  15:00   66.4  03:50    0.0   10.2   0.25   0.2    13.0  23:50   ESE
15    73.0   79.4  12:30   58.3  24:00    0.0    3.8   0.00   1.4    22.0  12:30   WSW
16    60.6   67.7  13:40   53.8  06:50    4.2    0.0   0.00   0.0     6.0  11:30   NW
17    60.9   72.2  12:20   50.7  06:40    3.5    0.0   0.00   0.0     7.0  12:30   W
18    58.0   67.4  12:40   49.4  06:30    6.6    0.0   0.00   0.5    17.0  14:20   N
19    54.2   62.8  12:20   43.5  06:40   11.8    0.0   0.00   0.1    10.0  11:30   NNE
20    55.9   67.1  11:30   43.6  06:20    9.7    0.0   0.00   0.1    13.0  14:00   S
21    61.3   75.7  12:10   46.7  05:00    3.8    0.0   0.02   0.1    11.0  19:00   SSE
22    58.2   68.9  12:20   49.7  06:10    5.7    0.0   0.00   0.1    10.0  13:00   NNW
23    56.9   68.6  12:50   45.5  07:00    8.0    0.0   0.00   0.0     7.0  12:40   NNW
24    58.3   71.3  12:10   45.7  05:00    6.5    0.0   0.00   0.0     6.0  10:10   NNW
25    56.2   64.2  14:10   46.6  07:20    9.6    0.0   0.01   0.1    10.0  16:10   NNE
26    54.6   57.9  17:00   50.0  03:10   11.0    0.0   1.06   0.6    12.0  07:00   NNW
27    63.3   69.6  13:00   57.4  03:50    1.5    0.0   0.02   0.0     7.0  11:00   NNW
28    65.8   68.7  16:30   63.6  24:00    0.0    1.2   0.33   0.0     6.0  24:00   NNW
29    62.2   68.4  13:00   56.1  24:00    2.8    0.0   0.05   0.5    12.0  12:00   NNW
30    59.8   67.9  13:30   53.5  06:40    4.3    0.0   0.00   0.0     6.0  15:20   NNE
---------------------------------------------------------------------------------------
      64.2   88.1     4    43.5    19    99.8   78.8   4.92   0.2    22.0    15    NW

Max >=  90.0:  0
Max <=  32.0:  0
Min <=  32.0:  0
Min <=   0.0:  0
Max Rain    :  1.64 in ON 09/06/2008
Days of Rain: 10 (> 0.01 in) 6 (> 0.10 in) 3 (> 1.00 in)