78°F
Crown Heights Area, Poughkeepsie, NY, USA
UpdatedOct-21-2017 15:24 
 

NOAA-Style Climate Reports

Select a Year or Month report
2017: Jan Feb Mar Apr May Jun Jul Aug Sep Oct Nov Dec
2016: Jan Feb Mar Apr May Jun Jul Aug Sep Oct Nov Dec
2015: Jan Feb Mar Apr May Jun Jul Aug Sep Oct Nov Dec
2014: Jan Feb Mar Apr May Jun Jul Aug Sep Oct Nov Dec
2013: Jan Feb Mar Apr May Jun Jul Aug Sep Oct Nov Dec
2012: Jan Feb Mar Apr May Jun Jul Aug Sep Oct Nov Dec
2011: Jan Feb Mar Apr May Jun Jul Aug Sep Oct Nov Dec
2010: Jan Feb Mar Apr May Jun Jul Aug Sep Oct Nov Dec
2009: Jan Feb Mar Apr May Jun Jul Aug Sep Oct Nov Dec
2008: Jan Feb Mar Apr May Jun Jul Aug Sep Oct Nov Dec
2007: Jan Feb Mar Apr May Jun Jul Aug Sep Oct Nov Dec
2006: Jan Feb Mar Apr May Jun Jul Aug Sep Oct Nov Dec

Report for 2008 December
                   MONTHLY CLIMATOLOGICAL SUMMARY for DEC 2008


NAME: N2EYH                 CITY: Poughkeepsie          STATE: NY                  
ELEV: 341 ft    LAT: 41.6 N    LONG: 73.9 W


                   TEMPERATURE (F), RAIN (in), WIND SPEED (mph)

                                         HEAT   COOL         AVG
      MEAN                               DEG    DEG          WIND                  DOM
DAY   TEMP   HIGH  TIME    LOW   TIME    DAYS   DAYS   RAIN  SPEED   HIGH  TIME    DIR
---------------------------------------------------------------------------------------
01    40.0   51.1  11:20   32.2  00:10   23.3    0.0   0.00   3.3    25.0  15:40   SSW
02    36.9   46.4  10:50   30.0  23:50   26.8    0.0   0.00   1.3    20.0  05:50   SSW
03    32.8   41.3  10:30   26.2  07:20   31.2    0.0   0.00   0.4    11.0  08:20   S
04    35.9   39.7  14:00   30.3  03:50   30.0    0.0   0.02   0.1    14.0  23:30   S
05    30.7   38.0  10:30   26.6  24:00   32.7    0.0   0.00   0.5    18.0  07:50   W
06    27.5   34.1  10:10   20.5  05:20   37.7    0.0   0.00   0.2    10.0  20:10   SSE
07    26.5   33.7  12:30   15.3  24:00   40.5    0.0   0.00   1.7    28.0  15:50   WSW
08    19.0   24.2  13:30   13.4  08:10   46.2    0.0   0.00   0.2    12.0  00:10   WNW
09    34.2   52.9  24:00   21.9  00:10   27.6    0.0   0.00   0.4    21.0  22:20   SE
10    49.2   55.9  13:10   35.6  23:50   19.2    0.0   1.12   2.4    24.0  00:40   SSE
11    30.0   35.6  00:10   27.8  09:40   33.3    0.0   1.86   1.2    18.0  02:00   NNW
12    31.8   37.4  13:50   26.6  23:40   33.0    0.0   1.58   0.6    16.0  13:10   WNW
13    24.8   31.5  10:20   19.2  24:00   39.7    0.0   0.00   0.7    17.0  02:50   WNW
14    30.1   37.6  15:00   19.1  00:50   36.7    0.0   0.00   0.4    18.0  14:00   SE
15    50.0   58.8  15:30   36.3  00:10   17.5    0.0   0.06   1.6    20.0  14:50   S
16    32.6   50.0  00:10   24.2  24:00   27.9    0.0   0.04   1.6    20.0  02:10   N
17    29.5   32.8  18:40   24.2  00:10   36.5    0.0   0.04   0.3    12.0  15:20   NNW
18    31.7   36.0  13:20   27.3  23:30   33.3    0.0   0.03   0.1     8.0  15:10   SSW
19    24.5   27.9  12:00   16.9  24:00   42.6    0.0   0.00   1.6    14.0  21:40   N
20    14.7   17.0  00:10   12.4  09:20   50.3    0.0   0.00   2.6    18.0  03:20   NNW
21    21.6   27.2  16:20   15.1  00:10   43.8    0.0   0.00   1.6    21.0  22:50   NW
22    15.6   21.4  11:30    7.8  07:30   50.4    0.0   0.05   2.9    25.0  18:20   SW
23    18.6   25.4  11:20    6.1  07:50   49.2    0.0   0.01   0.3    13.0  00:50   SSE
24    32.8   46.9  24:00   23.8  00:10   29.7    0.0   0.28   0.9    22.0  21:30   SSE
25    37.4   47.9  00:20   28.5  24:00   26.8    0.0   0.14   2.7    27.0  04:10   NW
26    28.2   32.5  15:50   21.4  07:00   38.0    0.0   0.02   0.1     8.0  24:00   S
27    35.7   40.0  13:50   31.5  00:20   29.2    0.0   0.01   0.1     8.0  20:00   SSE
28    46.4   58.2  14:50   37.4  24:00   17.2    0.0   0.00   1.5    25.0  14:40   S
29    35.2   41.0  11:30   31.2  06:00   28.9    0.0   0.00   0.6    14.0  00:40   SW
30    33.1   38.3  10:40   26.6  24:00   32.5    0.0   0.00   1.9    31.0  09:50   WNW
31    19.5   26.6  00:10   10.1  23:00   46.7    0.0   0.00   3.7    30.0  17:00   N
---------------------------------------------------------------------------------------
      30.9   58.8    15     6.1    23   1058.4    0.0   5.26   1.2    31.0    30    S

Max >=  90.0:  0
Max <=  32.0:  8
Min <=  32.0:  27
Min <=   0.0:  0
Max Rain    :  1.86 in ON 12/11/2008
Days of Rain: 12 (> 0.01 in) 5 (> 0.10 in) 3 (> 1.00 in)