27°F
Crown Heights Area, Poughkeepsie, NY, USA
UpdatedDec-16-2017 22:57 
 

NOAA-Style Climate Reports

Select a Year or Month report
2017: Jan Feb Mar Apr May Jun Jul Aug Sep Oct Nov Dec
2016: Jan Feb Mar Apr May Jun Jul Aug Sep Oct Nov Dec
2015: Jan Feb Mar Apr May Jun Jul Aug Sep Oct Nov Dec
2014: Jan Feb Mar Apr May Jun Jul Aug Sep Oct Nov Dec
2013: Jan Feb Mar Apr May Jun Jul Aug Sep Oct Nov Dec
2012: Jan Feb Mar Apr May Jun Jul Aug Sep Oct Nov Dec
2011: Jan Feb Mar Apr May Jun Jul Aug Sep Oct Nov Dec
2010: Jan Feb Mar Apr May Jun Jul Aug Sep Oct Nov Dec
2009: Jan Feb Mar Apr May Jun Jul Aug Sep Oct Nov Dec
2008: Jan Feb Mar Apr May Jun Jul Aug Sep Oct Nov Dec
2007: Jan Feb Mar Apr May Jun Jul Aug Sep Oct Nov Dec
2006: Jan Feb Mar Apr May Jun Jul Aug Sep Oct Nov Dec

Report for 2009 January
                   MONTHLY CLIMATOLOGICAL SUMMARY for JAN 2009


NAME: N2EYH                 CITY: Poughkeepsie          STATE: NY                  
ELEV: 341 ft    LAT: 41.6 N    LONG: 73.9 W


                   TEMPERATURE (F), RAIN (in), WIND SPEED (mph)

                                         HEAT   COOL         AVG
      MEAN                               DEG    DEG          WIND                  DOM
DAY   TEMP   HIGH  TIME    LOW   TIME    DAYS   DAYS   RAIN  SPEED   HIGH  TIME    DIR
---------------------------------------------------------------------------------------
01    14.9   21.9  14:10    6.1  04:00   51.0    0.0   0.05   1.8    21.0  07:10   NW
02    20.7   28.8  16:00   11.8  03:30   44.7    0.0   0.00   0.1    10.0  15:20   SSW
03    27.8   34.8  10:00   21.4  24:00   36.9    0.0   0.00   1.6    22.0  08:20   WSW
04    24.0   30.6  10:30   17.3  07:20   41.0    0.0   0.00   0.2    13.0  00:10   NNW
05    30.8   35.7  15:50   26.2  00:20   34.0    0.0   0.00   0.4    13.0  04:10   W
06    26.1   30.0  14:50   22.6  07:50   38.7    0.0   0.00   0.0     8.0  00:20   WNW
07    29.3   31.3  14:30   25.6  00:10   36.5    0.0   0.00   0.3     7.0  07:10   N
08    29.0   34.8  10:20   21.0  24:00   37.1    0.0   0.00   2.4    28.0  12:20   SW
09    23.5   31.6  11:00   18.1  24:00   40.2    0.0   0.00   1.1    20.0  15:30   SW
10    16.4   20.7  13:20   11.8  08:30   48.8    0.0   0.00   0.5    10.0  20:30   NNW
11    19.4   26.0  15:40   14.7  05:00   44.7    0.0   0.00   1.3    13.0  03:00   NNW
12    22.1   29.6  11:30   15.8  07:30   42.3    0.0   0.00   0.1     6.0  00:30   WNW
13    27.1   34.1  14:40   18.1  03:50   38.9    0.0   0.00   0.4    14.0  14:00   SSE
14    17.8   29.3  00:40   10.7  24:00   45.0    0.0   0.00   1.0    19.0  00:50   WNW
15    10.1   15.6  14:30    5.5  23:50   54.5    0.0   0.00   0.8    17.0  11:30   NNW
16     8.1   17.5  11:00    3.0  06:10   54.8    0.0   0.00   0.9    18.0  15:20   SW
17     8.9   15.3  12:10   -0.7  06:50   57.7    0.0   0.00   0.3    14.0  08:50   S
18    20.8   27.3  14:40   13.9  00:10   44.4    0.0   0.00   0.0     6.0  01:40   E
19    25.6   32.8  12:00   19.7  06:00   38.8    0.0   0.00   0.3    12.0  14:00   S
20    19.1   24.8  10:10   13.2  07:20   46.0    0.0   0.00   1.3    13.0  15:50   NNW
21    17.1   25.1  12:30    8.5  07:00   48.2    0.0   0.00   0.4    12.0  14:20   SW
22    23.0   31.3  13:50   13.7  03:00   42.5    0.0   0.01   1.8    22.0  13:50   SSW
23    30.0   40.9  13:50   17.3  06:00   35.9    0.0   0.00   0.3    13.0  13:50   SE
24    25.7   37.9  02:50    9.5  24:00   41.3    0.0   0.00   1.7    21.0  04:20   WNW
25    14.2   22.0  12:50    3.6  07:00   52.2    0.0   0.00   0.7    18.0  18:40   SSW
26    17.3   25.1  12:20    7.0  07:40   49.0    0.0   0.00   0.2    10.0  14:30   S
27    21.8   26.0  13:10   17.3  07:40   43.3    0.0   0.00   0.1     8.0  02:50   NE
28    24.8   32.5  21:40   18.8  06:20   39.3    0.0   0.00   0.9    30.0  22:50   NW
29    25.4   32.7  11:00   20.5  07:20   38.4    0.0   0.00   1.4    18.0  00:20   SW
30    24.0   32.5  14:50   18.1  04:10   39.7    0.0   0.00   0.5    13.0  20:10   SSW
31    20.0   26.5  10:40   14.2  06:20   44.7    0.0   0.00   1.6    18.0  12:20   SW
---------------------------------------------------------------------------------------
      21.4   40.9    23    -0.7    17   1350.5    0.0   0.06   0.8    30.0    28    SW

Max >=  90.0:  0
Max <=  32.0:  21
Min <=  32.0:  31
Min <=   0.0:  1
Max Rain    :  0.05 in ON 01/01/2009
Days of Rain: 1 (> 0.01 in) 0 (> 0.10 in) 0 (> 1.00 in)