78°F
Crown Heights Area, Poughkeepsie, NY, USA
UpdatedOct-21-2017 15:23 
 

NOAA-Style Climate Reports

Select a Year or Month report
2017: Jan Feb Mar Apr May Jun Jul Aug Sep Oct Nov Dec
2016: Jan Feb Mar Apr May Jun Jul Aug Sep Oct Nov Dec
2015: Jan Feb Mar Apr May Jun Jul Aug Sep Oct Nov Dec
2014: Jan Feb Mar Apr May Jun Jul Aug Sep Oct Nov Dec
2013: Jan Feb Mar Apr May Jun Jul Aug Sep Oct Nov Dec
2012: Jan Feb Mar Apr May Jun Jul Aug Sep Oct Nov Dec
2011: Jan Feb Mar Apr May Jun Jul Aug Sep Oct Nov Dec
2010: Jan Feb Mar Apr May Jun Jul Aug Sep Oct Nov Dec
2009: Jan Feb Mar Apr May Jun Jul Aug Sep Oct Nov Dec
2008: Jan Feb Mar Apr May Jun Jul Aug Sep Oct Nov Dec
2007: Jan Feb Mar Apr May Jun Jul Aug Sep Oct Nov Dec
2006: Jan Feb Mar Apr May Jun Jul Aug Sep Oct Nov Dec

Report for 2009 February
                   MONTHLY CLIMATOLOGICAL SUMMARY for FEB 2009


NAME: N2EYH                 CITY: Poughkeepsie          STATE: NY                  
ELEV: 341 ft    LAT: 41.6 N    LONG: 73.9 W


                   TEMPERATURE (F), RAIN (in), WIND SPEED (mph)

                                         HEAT   COOL         AVG
      MEAN                               DEG    DEG          WIND                  DOM
DAY   TEMP   HIGH  TIME    LOW   TIME    DAYS   DAYS   RAIN  SPEED   HIGH  TIME    DIR
---------------------------------------------------------------------------------------
01    31.5   41.6  15:30   19.4  06:00   34.5    0.0   0.00   0.5    13.0  14:30   S
02    34.0   46.6  11:20   27.2  07:00   28.1    0.0   0.00   1.4    14.0  18:10   NNW
03    25.0   29.6  01:50   17.5  24:00   41.5    0.0   0.00   4.1    21.0  15:10   NNW
04    15.9   22.2  14:00   10.1  07:00   48.8    0.0   0.01   1.5    17.0  00:10   NNW
05    12.5   20.3  12:00    5.9  04:50   51.9    0.0   0.00   1.3    17.0  12:40   NW
06    16.0   23.8  14:40    6.2  03:20   50.0    0.0   0.00   0.1    10.0  14:40   S
07    27.2   41.9  15:10   12.9  05:50   37.6    0.0   0.00   0.2    11.0  15:10   SSE
08    40.7   49.7  10:40   31.2  23:30   24.5    0.0   0.00   1.6    25.0  11:40   SSW
09    34.3   42.1  12:30   27.2  06:50   30.3    0.0   0.00   0.9    17.0  03:50   W
10    35.4   43.5  15:20   26.6  07:10   30.0    0.0   0.00   0.2    10.0  13:10   SSE
11    45.7   56.4  15:40   37.6  05:10   18.0    0.0   0.00   0.1     8.0  10:50   SSE
12    42.3   47.0  04:00   37.6  23:40   22.7    0.0   0.04   4.0    38.0  07:30   SW
13    33.8   40.0  09:50   23.9  24:00   33.0    0.0   0.00   2.6    22.0  01:20   NW
14    29.1   36.4  11:30   20.7  03:40   36.5    0.0   0.00   0.4    12.0  06:10   SSW
15    30.0   37.7  10:00   22.0  07:00   35.2    0.0   0.00   1.2    16.0  12:10   NNW
16    27.8   35.8  10:30   19.6  07:00   37.3    0.0   0.00   1.7    16.0  14:10   NNW
17    27.6   35.7  12:40   20.0  06:00   37.2    0.0   0.00   0.8    13.0  12:50   NNW
18    29.3   36.0  12:50   21.3  04:30   36.3    0.0   0.03   1.3    22.0  13:30   SE
19    35.0   47.4  10:30   21.0  24:00   30.8    0.0   0.00   1.6    25.0  19:50   SW
20    22.8   28.5  15:10   17.3  06:50   42.1    0.0   0.00   3.6    30.0  19:50   SW
21    29.7   38.6  10:30   21.6  05:30   34.9    0.0   0.00   1.8    21.0  03:00   SW
22    31.3   34.7  13:00   24.8  24:00   35.2    0.0   0.00   0.5    20.0  23:20   SE
23    24.7   32.2  10:20   20.3  21:00   38.8    0.0   0.00   2.6    26.0  15:30   W
24    25.1   32.2  15:20   16.9  06:30   40.5    0.0   0.00   1.6    17.0  07:40   NNW
25    27.9   36.9  15:30   17.2  04:00   38.0    0.0   0.00   0.3     8.0  14:40   S
26    33.5   41.4  16:50   28.2  04:30   30.2    0.0   0.00   0.1     8.0  12:20   SSE
27    44.3   56.7  14:50   32.7  03:00   20.3    0.0   0.01   1.3    19.0  13:20   SE
28    30.0   46.7  00:10   20.7  24:00   31.3    0.0   0.00   4.8    22.0  09:30   NNW
---------------------------------------------------------------------------------------
      30.1   56.7    27     5.9     5   975.5    0.0   0.09   1.5    38.0    12    S

Max >=  90.0:  0
Max <=  32.0:  5
Min <=  32.0:  25
Min <=   0.0:  0
Max Rain    :  0.04 in ON 02/12/2009
Days of Rain: 2 (> 0.01 in) 0 (> 0.10 in) 0 (> 1.00 in)