78°F
Crown Heights Area, Poughkeepsie, NY, USA
UpdatedOct-21-2017 15:25 
 

NOAA-Style Climate Reports

Select a Year or Month report
2017: Jan Feb Mar Apr May Jun Jul Aug Sep Oct Nov Dec
2016: Jan Feb Mar Apr May Jun Jul Aug Sep Oct Nov Dec
2015: Jan Feb Mar Apr May Jun Jul Aug Sep Oct Nov Dec
2014: Jan Feb Mar Apr May Jun Jul Aug Sep Oct Nov Dec
2013: Jan Feb Mar Apr May Jun Jul Aug Sep Oct Nov Dec
2012: Jan Feb Mar Apr May Jun Jul Aug Sep Oct Nov Dec
2011: Jan Feb Mar Apr May Jun Jul Aug Sep Oct Nov Dec
2010: Jan Feb Mar Apr May Jun Jul Aug Sep Oct Nov Dec
2009: Jan Feb Mar Apr May Jun Jul Aug Sep Oct Nov Dec
2008: Jan Feb Mar Apr May Jun Jul Aug Sep Oct Nov Dec
2007: Jan Feb Mar Apr May Jun Jul Aug Sep Oct Nov Dec
2006: Jan Feb Mar Apr May Jun Jul Aug Sep Oct Nov Dec

Report for 2009 March
                   MONTHLY CLIMATOLOGICAL SUMMARY for MAR 2009


NAME: N2EYH                 CITY: Poughkeepsie          STATE: NY                  
ELEV: 341 ft    LAT: 41.6 N    LONG: 73.9 W


                   TEMPERATURE (F), RAIN (in), WIND SPEED (mph)

                                         HEAT   COOL         AVG
      MEAN                               DEG    DEG          WIND                  DOM
DAY   TEMP   HIGH  TIME    LOW   TIME    DAYS   DAYS   RAIN  SPEED   HIGH  TIME    DIR
---------------------------------------------------------------------------------------
01    24.8   30.9  15:00   18.9  04:00   40.1    0.0   0.00   2.0    21.0  23:30   NNW
02    17.0   23.1  00:10   12.1  23:40   47.4    0.0   0.00   8.1    32.0  16:40   NNW
03    16.5   23.2  11:40    7.3  06:10   49.8    0.0   0.00   1.7    19.0  22:40   NW
04    22.7   32.2  10:10    8.9  06:40   44.5    0.0   0.01   0.4    11.0  12:00   WNW
05    29.2   40.1  15:10   14.2  06:10   37.8    0.0   0.00   0.6    14.0  20:10   SE
06    41.2   51.3  15:30   32.1  00:20   23.3    0.0   0.00   0.4    11.0  14:30   SSE
07    52.5   64.4  13:30   40.0  06:50   12.8    0.0   0.00   0.7    16.0  21:40   SSE
08    52.1   59.1  14:30   41.6  24:00   14.7    0.0   0.02   1.8    19.0  06:40   N
09    39.2   41.9  00:10   35.0  23:40   26.5    0.0   0.00   1.0    14.0  13:20   N
10    35.6   43.0  18:10   30.5  06:40   28.2    0.0   0.00   0.8    14.0  19:40   SSE
11    43.1   50.9  15:50   34.6  00:10   22.2    0.0   0.00   1.0    20.0  20:40   SSE
12    32.0   39.0  10:30   24.2  24:00   33.4    0.0   0.00   2.2    21.0  02:40   NW
13    28.5   36.7  12:40   19.4  07:00   37.0    0.0   0.00   0.8    11.0  13:10   NNE
14    36.9   48.8  16:00   23.5  07:30   28.8    0.0   0.00   0.3    10.0  16:50   SSE
15    44.5   56.2  14:00   33.7  07:50   20.0    0.0   0.00   0.3     8.0  13:20   WSW
16    41.1   50.9  14:30   30.5  06:50   24.3    0.0   0.00   1.4    13.0  16:20   E
17    43.0   54.3  14:00   30.3  07:00   22.7    0.0   0.00   0.4    11.0  19:10   SE
18    49.5   64.2  16:10   33.3  07:20   16.2    0.0   0.00   1.0    18.0  14:50   SSE
19    43.0   52.2  00:10   37.7  11:20   20.0    0.0   0.01   1.7    20.0  04:50   N
20    34.1   40.1  15:20   28.8  08:50   30.5    0.0   0.00   3.7    17.0  08:10   NNW
21    34.7   45.7  12:40   23.2  06:40   30.5    0.0   0.00   0.9    11.0  09:20   NNW
22    38.1   52.3  12:40   30.6  05:40   23.5    0.0   0.00   1.7    19.0  15:00   NW
23    29.8   37.1  13:00   22.9  06:40   35.0    0.0   0.00   4.2    24.0  17:30   NNW
24    32.8   42.3  17:10   23.4  06:20   32.2    0.0   0.00   6.3    25.0  03:30   NNW
25    39.7   52.6  13:30   24.1  06:30   26.7    0.0   0.00   0.9    12.0  14:50   SSE
26    39.7   43.8  14:30   34.8  04:50   25.7    0.0   0.00   0.5    12.0  14:50   SE
27    48.1   59.8  16:40   36.4  07:40   16.9    0.0   0.00   0.4    12.0  12:30   S
28    52.3   61.0  15:50   46.6  07:30   11.2    0.0   0.00   1.5    14.0  13:10   ESE
29    48.1   52.8  16:50   45.5  03:00   15.8    0.0   0.00   0.9    14.0  20:20   ENE
30    42.3   47.3  00:10   37.4  22:50   22.7    0.0   0.00   2.3    25.0  12:50   WSW
31    44.1   53.5  17:10   33.0  06:40   21.8    0.0   0.00   1.4    16.0  02:00   NNW
---------------------------------------------------------------------------------------
      37.9   64.4     7     7.3     3   842.2    0.0   0.04   1.7    32.0     2    NW

Max >=  90.0:  0
Max <=  32.0:  3
Min <=  32.0:  17
Min <=   0.0:  0
Max Rain    :  0.02 in ON 03/08/2009
Days of Rain: 1 (> 0.01 in) 0 (> 0.10 in) 0 (> 1.00 in)