78°F
Crown Heights Area, Poughkeepsie, NY, USA
UpdatedOct-21-2017 15:21 
 

NOAA-Style Climate Reports

Select a Year or Month report
2017: Jan Feb Mar Apr May Jun Jul Aug Sep Oct Nov Dec
2016: Jan Feb Mar Apr May Jun Jul Aug Sep Oct Nov Dec
2015: Jan Feb Mar Apr May Jun Jul Aug Sep Oct Nov Dec
2014: Jan Feb Mar Apr May Jun Jul Aug Sep Oct Nov Dec
2013: Jan Feb Mar Apr May Jun Jul Aug Sep Oct Nov Dec
2012: Jan Feb Mar Apr May Jun Jul Aug Sep Oct Nov Dec
2011: Jan Feb Mar Apr May Jun Jul Aug Sep Oct Nov Dec
2010: Jan Feb Mar Apr May Jun Jul Aug Sep Oct Nov Dec
2009: Jan Feb Mar Apr May Jun Jul Aug Sep Oct Nov Dec
2008: Jan Feb Mar Apr May Jun Jul Aug Sep Oct Nov Dec
2007: Jan Feb Mar Apr May Jun Jul Aug Sep Oct Nov Dec
2006: Jan Feb Mar Apr May Jun Jul Aug Sep Oct Nov Dec

Report for 2009 May
                   MONTHLY CLIMATOLOGICAL SUMMARY for MAY 2009


NAME: N2EYH                 CITY: Poughkeepsie          STATE: NY                  
ELEV: 341 ft    LAT: 41.6 N    LONG: 73.9 W


                   TEMPERATURE (F), RAIN (in), WIND SPEED (mph)

                                         HEAT   COOL         AVG
      MEAN                               DEG    DEG          WIND                  DOM
DAY   TEMP   HIGH  TIME    LOW   TIME    DAYS   DAYS   RAIN  SPEED   HIGH  TIME    DIR
---------------------------------------------------------------------------------------
01    58.8   64.7  12:40   52.0  00:30    6.7    0.0   0.00   1.1    18.0  12:40   S
02    56.0   63.9  16:00   49.5  05:30    8.3    0.0   0.00   0.7    17.0  03:00   NW
03    50.7   55.9  12:30   43.2  06:30   15.5    0.0   0.00   0.0     6.0  04:40   NW
04    53.3   57.7  14:20   48.9  05:20   11.7    0.0   0.00   0.0     6.0  12:40   NW
05    51.1   53.5  09:30   48.8  23:20   13.8    0.0   0.01   0.9    22.0  10:00   N
06    55.1   64.2  15:20   46.6  05:40    9.6    0.0   0.16   0.2     9.0  15:10   SE
07    61.1   72.0  13:20   51.9  06:00    3.0    0.0   0.00   0.3    16.0  12:30   SE
08    61.9   72.4  16:50   49.2  05:50    4.2    0.0   0.00   0.4    17.0  20:00   SSE
09    63.7   73.1  18:00   58.2  03:30    0.0    0.7   0.00   0.8    20.0  22:30   ESE
10    55.7   62.1  16:20   46.9  24:00   10.5    0.0   0.00   2.3    33.0  02:30   NW
11    54.1   61.5  15:40   41.7  06:10   13.4    0.0   0.00   0.3    10.0  12:40   NE
12    55.2   66.4  12:40   42.0  06:30   10.8    0.0   0.00   0.5    14.0  14:40   NNE
13    57.2   71.5  12:20   41.4  06:20    8.5    0.0   0.00   1.0    17.0  15:30   SE
14    56.0   61.5  15:40   50.9  02:30    8.8    0.0   0.00   1.6    20.0  15:10   SE
15    64.5   74.3  17:00   56.4  06:20    0.0    0.3   0.00   0.1     7.0  12:00   S
16    61.8   67.4  14:20   54.5  06:00    4.0    0.0   0.00   0.5    12.0  12:20   SE
17    53.4   63.4  00:10   45.4  08:30   10.6    0.0   0.00   1.1    18.0  05:10   N
18    47.9   53.7  16:50   42.9  06:10   16.7    0.0   0.00   0.5    11.0  10:10   N
19    53.7   67.4  17:20   34.0  05:50   14.3    0.0   0.00   0.3    10.0  13:40   SSE
20    66.6   80.4  17:40   50.7  06:00    0.0    0.6   0.00   0.4    13.0  16:10   SSE
21    71.8   84.3  15:30   56.7  05:50    0.0    5.5   0.00   1.2    18.0  17:10   S
22    72.2   83.9  14:40   57.0  05:30    0.0    5.4   0.00   0.7    16.0  15:40   S
23    62.0   69.4  00:10   54.5  24:00    3.0    0.0   0.00   0.9    14.0  12:40   NE
24    64.8   81.0  15:00   53.2  03:20    0.0    2.1   0.00   0.5    13.0  15:20   S
25    66.4   75.5  12:20   55.6  05:30    0.0    0.6   0.00   0.5    18.0  24:00   N
26    56.6   63.8  14:10   44.6  05:50   10.8    0.0   0.00   1.4    13.0  00:30   ESE
27    56.4   62.1  18:00   46.6  06:10   10.7    0.0   0.00   0.5     5.0  19:40   ESE
28    58.0   62.8  14:10   54.1  24:00    6.5    0.0   0.00   1.1    10.0  14:10   E
29    60.6   71.1  17:10   52.6  04:00    3.2    0.0   0.00   0.3    11.0  22:40   ESE
30    65.6   75.4  10:40   54.8  05:50    0.0    0.1   0.00   0.6    14.0  13:50   WNW
31    62.2   78.3  13:00   48.2  06:00    1.8    0.0   0.00   1.2    22.0  17:20   NW
---------------------------------------------------------------------------------------
      59.2   84.3    21    34.0    19   206.4   15.3   0.17   0.7    33.0    10    SE

Max >=  90.0:  0
Max <=  32.0:  0
Min <=  32.0:  0
Min <=   0.0:  0
Max Rain    :  0.16 in ON 05/06/2009
Days of Rain: 1 (> 0.01 in) 1 (> 0.10 in) 0 (> 1.00 in)