27°F
Crown Heights Area, Poughkeepsie, NY, USA
UpdatedDec-16-2017 23:15 
 

NOAA-Style Climate Reports

Select a Year or Month report
2017: Jan Feb Mar Apr May Jun Jul Aug Sep Oct Nov Dec
2016: Jan Feb Mar Apr May Jun Jul Aug Sep Oct Nov Dec
2015: Jan Feb Mar Apr May Jun Jul Aug Sep Oct Nov Dec
2014: Jan Feb Mar Apr May Jun Jul Aug Sep Oct Nov Dec
2013: Jan Feb Mar Apr May Jun Jul Aug Sep Oct Nov Dec
2012: Jan Feb Mar Apr May Jun Jul Aug Sep Oct Nov Dec
2011: Jan Feb Mar Apr May Jun Jul Aug Sep Oct Nov Dec
2010: Jan Feb Mar Apr May Jun Jul Aug Sep Oct Nov Dec
2009: Jan Feb Mar Apr May Jun Jul Aug Sep Oct Nov Dec
2008: Jan Feb Mar Apr May Jun Jul Aug Sep Oct Nov Dec
2007: Jan Feb Mar Apr May Jun Jul Aug Sep Oct Nov Dec
2006: Jan Feb Mar Apr May Jun Jul Aug Sep Oct Nov Dec

Report for 2009 December
                   MONTHLY CLIMATOLOGICAL SUMMARY for DEC 2009


NAME: N2EYHWX               CITY: Hudson Valley Radio Net Weather  STATE: New York            
ELEV: 341 ft    LAT: 41.6 N    LONG: 73.9 W


                   TEMPERATURE (F), RAIN (in), WIND SPEED (mph)

                                         HEAT   COOL         AVG
      MEAN                               DEG    DEG          WIND                  DOM
DAY   TEMP   HIGH  TIME    LOW   TIME    DAYS   DAYS   RAIN  SPEED   HIGH  TIME    DIR
---------------------------------------------------------------------------------------
09    34.5   35.3  23:40   34.1  19:00   30.3    0.0   0.00   0.0     4.0  22:40   NNW
10    31.7   37.2  11:10   22.3  23:50   35.2    0.0   0.00   1.0    24.0  16:00   WSW
11    20.2   24.6  13:30   15.8  07:50   44.8    0.0   0.00   1.3    30.0  01:30   W
12    22.9   30.5  12:20   15.9  05:50   41.8    0.0   0.00   0.1    13.0  12:20   WNW
13    21.2   25.0  10:40   19.7  06:30   42.7    0.0   0.00   0.0     1.0  00:20   NNW
27    43.8   43.8  12:48   43.8  12:48   21.2    0.0   0.00   0.0     0.0  12:48   NNW
28    30.4   35.6  10:40   25.6  23:50   34.4    0.0   0.00   0.8    22.0  11:00   WNW
29    16.8   25.6  00:00   11.3  19:20   46.5    0.0   0.00   3.5    32.0  12:30   NW
30    19.7   27.3  11:10    8.4  07:10   47.2    0.0   0.00   0.0     6.0  10:00   N
31    26.1   29.9  15:10   23.2  02:30   38.5    0.0   0.00   0.0     6.0  08:20   N
---------------------------------------------------------------------------------------
      26.7   43.8    27     8.4    30   382.6    0.0   0.00   0.7    32.0    29    NW

Max >=  90.0:  0
Max <=  32.0:  6
Min <=  32.0:  8
Min <=   0.0:  0
Max Rain    :  0.00 in ON --/--/----
Days of Rain: 0 (> 0.01 in) 0 (> 0.10 in) 0 (> 1.00 in)