78°F
Crown Heights Area, Poughkeepsie, NY, USA
UpdatedOct-21-2017 15:16 
 

NOAA-Style Climate Reports

Select a Year or Month report
2017: Jan Feb Mar Apr May Jun Jul Aug Sep Oct Nov Dec
2016: Jan Feb Mar Apr May Jun Jul Aug Sep Oct Nov Dec
2015: Jan Feb Mar Apr May Jun Jul Aug Sep Oct Nov Dec
2014: Jan Feb Mar Apr May Jun Jul Aug Sep Oct Nov Dec
2013: Jan Feb Mar Apr May Jun Jul Aug Sep Oct Nov Dec
2012: Jan Feb Mar Apr May Jun Jul Aug Sep Oct Nov Dec
2011: Jan Feb Mar Apr May Jun Jul Aug Sep Oct Nov Dec
2010: Jan Feb Mar Apr May Jun Jul Aug Sep Oct Nov Dec
2009: Jan Feb Mar Apr May Jun Jul Aug Sep Oct Nov Dec
2008: Jan Feb Mar Apr May Jun Jul Aug Sep Oct Nov Dec
2007: Jan Feb Mar Apr May Jun Jul Aug Sep Oct Nov Dec
2006: Jan Feb Mar Apr May Jun Jul Aug Sep Oct Nov Dec

Report for 2011 March
                   MONTHLY CLIMATOLOGICAL SUMMARY for Mar 2011


NAME: Poughkeepsie, New York                  
ELEV: 341 feet    LAT: 41-36.00 N    LONG: 073-24.00 W


                   TEMPERATURE (F), RAIN (in), WIND SPEED (mph)

                                         HEAT   COOL         AVG
      MEAN                               DEG    DEG          WIND                   DOM
DAY   TEMP   HIGH   TIME    LOW   TIME   DAYS   DAYS   RAIN  SPEED   HIGH   TIME    DIR
---------------------------------------------------------------------------------------
 01
 02
 03
 04
 05
 06
 07
 08
 09
 10
 11
 12
 13    N/A    N/A    N/A    N/A    N/A    0.0    0.0   0.00    0.0    0.0  23:30     90
 14   34.8   39.3  13:20   28.4  23:50   30.2    0.0   0.00    0.6   14.0  14:00    350
 15   34.6   45.1  15:20   24.6  06:00   30.4    0.0   0.00    1.4   13.0  15:50    119
 16   41.9   49.5  17:20   33.8  03:00   23.1    0.0   0.00    0.2   10.0  09:50    342
 17   52.3   60.4  13:10   41.4  03:20   12.7    0.0   0.00    0.1   11.0  22:50    277
 18   56.3   71.0  12:00   46.3  23:20    8.7    0.0   0.00    1.3   24.0  13:30    308
 19   42.7   46.4  10:10   40.0  06:30   22.3    0.0   0.00    4.9   21.0  06:50    338
 20    N/A    N/A    N/A    N/A    N/A    0.0    0.0   0.00    7.0    7.0  00:10    325
 21   42.9   44.2  20:20   40.5  22:10   22.1    0.0   0.00    3.8    7.0  00:10    143
 22   40.1   44.9  07:10   35.4  00:00   24.9    0.0   0.00    1.7   18.0  16:50    356
 23   30.3   35.2  00:10   26.5  23:40   34.7    0.0   0.00    1.2   16.0  18:40    353
 24   31.4   40.0  16:10   25.0  06:30   33.6    0.0   0.00    2.3   18.0  12:10    349
 25   30.5   40.6  13:00   22.5  06:00   34.5    0.0   0.00    0.5   19.0  17:00    289
 26   28.2   36.9  15:50   19.7  06:10   36.8    0.0   0.00    1.0   18.0  09:10    320
 27   29.9   40.6  16:00   21.1  06:10   35.1    0.0   0.00    0.8   20.0  15:20    322
 28   32.3   44.8  16:00   20.3  04:40   32.7    0.0   0.00    0.6   17.0  15:20    300
 29   34.9   44.6  16:00   24.5  06:10   30.1    0.0   0.00    1.2   20.0  17:10    331
 30   40.5   52.1  13:20   27.5  05:50   24.5    0.0   0.00    0.2    8.0  13:40    253
 31   39.5   40.1  00:40   38.1  05:00   25.5    0.0   0.00    0.0    2.0  01:10     90
---------------------------------------------------------------------------------------
      37.0   71.0     18   19.7     26  461.9    0.0   0.00    1.6   24.0     18    339