78°F
Crown Heights Area, Poughkeepsie, NY, USA
UpdatedOct-21-2017 15:16 
 

NOAA-Style Climate Reports

Select a Year or Month report
2017: Jan Feb Mar Apr May Jun Jul Aug Sep Oct Nov Dec
2016: Jan Feb Mar Apr May Jun Jul Aug Sep Oct Nov Dec
2015: Jan Feb Mar Apr May Jun Jul Aug Sep Oct Nov Dec
2014: Jan Feb Mar Apr May Jun Jul Aug Sep Oct Nov Dec
2013: Jan Feb Mar Apr May Jun Jul Aug Sep Oct Nov Dec
2012: Jan Feb Mar Apr May Jun Jul Aug Sep Oct Nov Dec
2011: Jan Feb Mar Apr May Jun Jul Aug Sep Oct Nov Dec
2010: Jan Feb Mar Apr May Jun Jul Aug Sep Oct Nov Dec
2009: Jan Feb Mar Apr May Jun Jul Aug Sep Oct Nov Dec
2008: Jan Feb Mar Apr May Jun Jul Aug Sep Oct Nov Dec
2007: Jan Feb Mar Apr May Jun Jul Aug Sep Oct Nov Dec
2006: Jan Feb Mar Apr May Jun Jul Aug Sep Oct Nov Dec

Report for 2012 July
                   Monthly Climatological Summary for Jul 2012

Name: AR573   City: Poughkeepsie   State: New York
Elevation: 341 ft  Lat: N 41° 37' 04"   Lon: W 073° 55' 28"

                  Temperature (°F), Rain (in), Wind Speed (mph)

                                      Heat  Cool        Avg
    Mean                              Deg   Deg         Wind                 Dom
Day Temp  High   Time   Low    Time   Days  Days  Rain  Speed High   Time    Dir
----------------------------------------------------------------------------------
 1  80.4  92.6   15:01  69.6   04:23   0.0  15.4  0.00   0.8  12.0   17:36   SSW
 2  75.6  87.1   16:33  62.7   05:31   0.1  10.7  0.00   0.6  10.0   14:54     N
 3  76.5  90.2   16:54  61.1   05:21   0.3  11.8  0.00   0.3   5.0   07:34   ESE
 4  79.4  92.3   15:13  68.4   05:41   0.0  14.4  0.07   0.5  10.0   20:35   SSW
 5  78.4  87.5   13:15  70.2   06:06   0.0  13.4  0.00   0.9  11.0   16:57   NNE
 6  77.9  90.8   16:01  64.2   06:03   0.0  12.9  0.00   0.4   6.0   13:49   ENE
 7  77.7  91.5   11:51  69.6   05:47   0.0  12.7  0.04   0.3   6.0   12:49    SW
 8  78.9  91.5   16:06  67.6   05:49   0.0  13.9  0.00   0.6   6.0   18:08     N
 9  74.4  85.6   17:36  63.6   05:26   0.1   9.5  0.00   0.8   8.0   09:47     N
10  72.9  87.8   17:23  57.7   05:31   0.8   8.7  0.00   0.6   8.0   19:22   ENE
11  74.8  88.8   15:59  61.8   05:26   0.4  10.1  0.00   0.6   6.0   14:15   ESE
12  78.1  91.7   15:01  64.2   05:36   0.0  13.1  0.00   0.6   8.0   11:32    SE
13  79.1  92.4   15:00  67.3   05:46   0.0  14.1  0.00   0.3   8.0   18:48    SE
14  79.8  90.8   14:38  70.4   06:35   0.0  14.7  0.01   0.6   9.0   13:39     S
15  74.5  89.0   12:33  70.0   04:03   0.0   9.5  1.58   0.4   8.0   06:10   SSW
16  79.0  89.7   14:38  68.1   05:31   0.0  13.9  0.01   0.5   7.0   08:42    SW
17  82.3  95.4   16:41  68.2   04:02   0.0  17.4  0.00   0.9  11.0   18:02   SSW
18  82.6  97.4   14:14  74.2   17:55   0.0  17.6  0.18   0.9   9.0   07:06    SW
19  72.4  80.3   15:26  65.8   07:12   0.0   7.4  0.01   0.8  10.0   15:19     N
20  63.7  69.7   00:00  60.4   08:13   1.6   0.3  0.62   0.6   7.0   11:50   NNE
21  70.3  81.8   17:43  60.8   06:20   0.9   6.1  0.00   0.5   8.0   07:52   SSE
22  72.9  85.1   14:58  59.4   05:32   1.1   9.0  0.00   0.6  10.0   11:43     S
23  74.3  85.6   15:19  66.9   08:33   0.0   9.3  1.26   0.5  13.0   21:18   SSW
24  77.7  89.3   16:35  67.5   03:26   0.0  12.7  0.00   1.4  16.0   16:52   NNW
25  73.4  85.9   17:29  60.3   05:44   0.5   8.9  0.00   0.6  11.0   00:11   NNW
26  72.8  89.8   17:25  64.2   07:00   0.1   7.8  1.32   0.7  32.0   18:40   SSW
27  77.2  88.4   17:53  69.4   03:00   0.0  12.1  0.00   0.8  11.0   01:40     W
28  70.6  75.4   12:05  66.9   22:32   0.0   5.6  0.81   0.5  11.0   12:51     N
29  70.2  77.8   18:30  65.6   23:47   0.0   5.2  0.04   0.6  10.0   10:40     N
30  71.9  84.6   17:08  63.2   05:49   0.3   7.1  0.00   0.4   9.0   15:37    SE
31  71.3  78.9   18:07  64.5   05:51   0.0   6.3  0.00   0.4   8.0   12:40     E
----------------------------------------------------------------------------------
    75.5  97.4    18    57.7    10     6.2 331.6  5.95   0.6  32.0    26     SSW

Max >=  80.0: 27
Max <=  32.0:  0
Min <=  32.0:  0
Min <=   0.0:  0
Max Rain: 1.58 on day 15
Days of Rain: 12 (>= 0.01 in)  6 (>= 0.10 in)  3 (>= 1.00 in)
Heat Base: 65.0  Cool Base: 65.0  Method: Integration