28°F
Crown Heights Area, Poughkeepsie, NY, USA
UpdatedDec-17-2017 12:26 
 

NOAA-Style Climate Reports

Select a Year or Month report
2017: Jan Feb Mar Apr May Jun Jul Aug Sep Oct Nov Dec
2016: Jan Feb Mar Apr May Jun Jul Aug Sep Oct Nov Dec
2015: Jan Feb Mar Apr May Jun Jul Aug Sep Oct Nov Dec
2014: Jan Feb Mar Apr May Jun Jul Aug Sep Oct Nov Dec
2013: Jan Feb Mar Apr May Jun Jul Aug Sep Oct Nov Dec
2012: Jan Feb Mar Apr May Jun Jul Aug Sep Oct Nov Dec
2011: Jan Feb Mar Apr May Jun Jul Aug Sep Oct Nov Dec
2010: Jan Feb Mar Apr May Jun Jul Aug Sep Oct Nov Dec
2009: Jan Feb Mar Apr May Jun Jul Aug Sep Oct Nov Dec
2008: Jan Feb Mar Apr May Jun Jul Aug Sep Oct Nov Dec
2007: Jan Feb Mar Apr May Jun Jul Aug Sep Oct Nov Dec
2006: Jan Feb Mar Apr May Jun Jul Aug Sep Oct Nov Dec

Report for 2012 August
                   Monthly Climatological Summary for Aug 2012

Name: AR573   City: Poughkeepsie   State: New York
Elevation: 341 ft  Lat: N 41° 37' 04"   Lon: W 073° 55' 28"

                  Temperature (°F), Rain (in), Wind Speed (mph)

                                      Heat  Cool        Avg
    Mean                              Deg   Deg         Wind                 Dom
Day Temp  High   Time   Low    Time   Days  Days  Rain  Speed High   Time    Dir
----------------------------------------------------------------------------------
 1  72.3  84.2   13:09  65.5   02:46   0.0   7.3  0.01   0.4  12.0   15:21     S
 2  77.5  90.4   17:52  66.2   05:18   0.0  12.5  0.00   0.5   7.0   14:00     S
 3  80.4  92.6   15:30  70.7   06:03   0.0  15.4  0.00   0.4   7.0   03:20     S
 4  80.8  92.3   14:39  70.8   05:25   0.0  15.8  0.00   0.6  10.0   16:29   ESE
 5  77.7  87.8   12:58  71.2   21:31   0.0  12.7  1.08   0.7  14.0   15:11   SSE
 6  74.6  82.6   13:41  66.6   22:55   0.0   9.6  0.00   0.6   8.0   12:36   SSW
 7  71.5  84.4   16:51  59.6   05:22   1.1   7.7  0.00   0.3   7.0   12:14   SSE
 8  76.5  89.0   14:40  63.9   06:17   0.1  11.6  0.00   0.3   6.0   10:46     S
 9  75.4  90.0   14:18  68.9   17:12   0.0  10.4  1.11   0.6  15.0   16:09   SSE
10  71.5  77.0   10:40  68.8   00:15   0.0   6.5  1.17   0.2  16.0   12:46   SSW
11  76.0  85.8   13:54  68.4   02:51   0.0  11.0  0.01   0.7  11.0   14:27   ESE
12  76.1  84.7   14:54  68.0   23:52   0.0  11.1  0.00   0.7   9.0   12:48    SW
13  73.9  84.6   15:26  63.8   05:49   0.1   8.9  0.00   0.7  10.0   13:59    SW
14  69.7  79.3   16:01  62.6   06:06   0.4   5.2  0.02   0.0   3.0   14:04    SW
15  72.1  82.3   13:33  63.8   06:59   0.1   7.1  0.20   0.6   9.0   04:44     N
16  73.4  84.4   15:56  63.2   06:27   0.1   8.4  0.00   0.4   9.0   15:28     W
17  72.6  86.5   16:17  60.8   06:15   0.5   8.2  0.14   0.6  14.0   15:09   SSW
18  69.0  78.7   15:46  59.6   23:56   0.5   4.5  0.21   0.6   8.0   16:35     N
19  63.9  74.4   17:44  52.9   06:16   3.4   2.4  0.00   0.3   5.0   16:26   NNE
20  66.6  80.5   17:30  56.0   06:26   2.6   4.2  0.88   0.4   8.0   16:24   SSE
21  69.3  80.5   17:30  61.3   05:01   1.0   5.3  0.01   0.4   6.0   16:21    NW
22  70.3  83.8   17:28  59.4   05:54   1.3   6.6  0.00   0.5   7.0   14:30    SW
23  73.4  86.8   17:38  60.2   06:17   0.6   9.0  0.00   0.3   7.0   13:08   SSW
24  73.2  87.7   17:05  61.3   06:01   0.5   8.7  0.00   0.4   6.0   16:05   WSW
25  71.9  84.3   14:44  62.4   06:30   0.3   7.3  0.00   0.4   7.0   14:11     E
26  71.8  83.3   16:15  61.4   06:29   0.3   7.2  0.00   0.6   8.0   12:56     E
27  71.7  84.3   13:36  62.5   06:08   0.3   7.0  0.52   0.6  11.0   13:47   ESE
28  75.2  85.2   14:48  67.0   23:59   0.0  10.2  0.22   0.7  10.0   07:15    NW
29  67.1  77.2   17:36  58.1   23:58   1.2   3.3  0.00   0.9  11.0   10:12   NNE
30  66.1  80.7   15:35  50.7   06:45   3.9   5.0  0.00   0.5   9.0   16:49   SSW
31  76.0  90.7   16:35  64.0   06:44   0.1  11.0  0.00   1.3  11.0   06:59    SW
----------------------------------------------------------------------------------
    72.8  92.6     3    50.7    30    18.4 261.1  5.58   0.5  16.0    10       S

Max >=  80.0: 26
Max <=  32.0:  0
Min <=  32.0:  0
Min <=   0.0:  0
Max Rain: 1.17 on day 10
Days of Rain: 13 (>= 0.01 in)  9 (>= 0.10 in)  3 (>= 1.00 in)
Heat Base: 65.0  Cool Base: 65.0  Method: Integration