70°F
Crown Heights Area, Poughkeepsie, NY, USA
UpdatedOct-24-2017 01:38 
 

NOAA-Style Climate Reports

Select a Year or Month report
2017: Jan Feb Mar Apr May Jun Jul Aug Sep Oct Nov Dec
2016: Jan Feb Mar Apr May Jun Jul Aug Sep Oct Nov Dec
2015: Jan Feb Mar Apr May Jun Jul Aug Sep Oct Nov Dec
2014: Jan Feb Mar Apr May Jun Jul Aug Sep Oct Nov Dec
2013: Jan Feb Mar Apr May Jun Jul Aug Sep Oct Nov Dec
2012: Jan Feb Mar Apr May Jun Jul Aug Sep Oct Nov Dec
2011: Jan Feb Mar Apr May Jun Jul Aug Sep Oct Nov Dec
2010: Jan Feb Mar Apr May Jun Jul Aug Sep Oct Nov Dec
2009: Jan Feb Mar Apr May Jun Jul Aug Sep Oct Nov Dec
2008: Jan Feb Mar Apr May Jun Jul Aug Sep Oct Nov Dec
2007: Jan Feb Mar Apr May Jun Jul Aug Sep Oct Nov Dec
2006: Jan Feb Mar Apr May Jun Jul Aug Sep Oct Nov Dec

Report for 2012 September
                   Monthly Climatological Summary for Sep 2012

Name: AR573   City: Poughkeepsie   State: New York
Elevation: 341 ft  Lat: N 41° 37' 04"   Lon: W 073° 55' 28"

                  Temperature (°F), Rain (in), Wind Speed (mph)

                                      Heat  Cool        Avg
    Mean                              Deg   Deg         Wind                 Dom
Day Temp  High   Time   Low    Time   Days  Days  Rain  Speed High   Time    Dir
----------------------------------------------------------------------------------
 1  77.5  88.7   16:26  69.4   06:42   0.0  12.5  0.00   0.8  10.0   14:11    NE
 2  72.9  84.3   13:54  64.7   05:04   0.0   7.9  0.00   0.5   8.0   16:41     E
 3  68.0  71.4   17:08  62.7   06:05   0.2   3.1  0.00   0.4   7.0   10:38     E
 4  71.4  78.5   13:53  67.0   01:31   0.0   6.4  0.21   0.1   4.0   14:01    SE
 5  74.4  81.3   15:26  67.9   23:45   0.0   9.4  0.62   0.8   8.0   03:36     N
 6  70.8  82.0   17:28  63.6   05:08   0.2   6.0  0.01   0.2   6.0   13:33   SSE
 7  75.9  87.0   14:53  66.7   06:32   0.0  10.9  0.00   0.4   9.0   01:37   SSW
 8  70.6  81.0   15:04  61.2   23:59   0.7   6.3  1.33   0.9  19.0   17:15   ESE
 9  64.7  76.3   16:24  58.2   05:48   2.7   2.4  0.20   0.5   7.0   14:00   NNE
10  60.9  70.3   12:51  51.8   06:19   5.1   1.0  0.01   1.3  13.0   12:26     N
11  58.1  73.0   17:39  43.2   06:42   8.0   1.1  0.00   0.3   7.0   12:45     N
12  63.5  80.8   17:41  47.8   06:33   5.6   4.1  0.00   0.2   6.0   14:03    SW
13  67.6  81.9   17:06  53.8   06:31   2.9   5.5  0.00   0.3   8.0   13:50     S
14  67.9  81.4   14:50  56.7   06:44   2.1   5.1  0.00   0.4   8.0   12:03     S
15  63.6  71.0   16:25  53.4   23:49   2.6   1.2  0.11   1.1  11.0   11:58     N
16  59.9  72.8   17:01  46.9   06:49   6.6   1.5  0.00   0.5  10.0   15:03    SW
17  61.4  76.4   14:55  46.7   06:35   6.4   2.8  0.00   0.3   8.0   13:35   SSE
18  66.6  73.4   16:00  59.8   00:35   0.8   2.4  3.55   1.9  23.0   16:24    SE
19  60.7  68.0   14:57  51.2   23:57   4.8   0.4  0.03   0.9  11.0   01:40     N
20  56.2  69.2   15:03  43.8   05:25   9.1   0.3  0.00   0.6  11.0   13:06   ENE
21  61.0  70.8   15:45  52.7   06:13   5.3   1.4  0.00   0.3   5.0   09:27    SE
22  61.6  70.2   16:17  54.2   00:00   4.4   1.0  0.52   0.7  11.0   15:07   ESE
23  58.4  65.8   14:08  47.9   23:59   6.7   0.0  0.00   0.6   8.0   11:00    NW
24  53.0  65.1   15:07  44.4   03:34  12.0   0.0  0.00   0.7  12.0   11:55    SW
25  57.8  71.8   16:03  43.6   03:54   8.5   1.3  0.00   0.6  12.0   15:19   SSW
26  62.8  68.0   16:22  57.1   03:45   2.6   0.4  0.06   0.2  10.0   05:54   SSE
27  63.3  69.5   12:55  56.4   23:58   2.6   0.8  0.00   1.1  11.0   12:13   NNE
28  54.1  57.6   13:20  51.2   04:50  10.9   0.0  1.02   1.2   9.0   11:17   NNW
29  56.2  62.9   14:40  53.1   03:58   8.8   0.0  0.13   0.5   6.0   08:30     N
30  55.7  65.1   13:59  50.3   23:11   9.3   0.0  0.08   0.5  12.0   16:04   SSW
----------------------------------------------------------------------------------
    63.9  88.7     1    43.2    11   128.9  95.2  7.88   0.6  23.0    18      NE

Max >=  80.0:  9
Max <=  32.0:  0
Min <=  32.0:  0
Min <=   0.0:  0
Max Rain: 3.55 on day 18
Days of Rain: 14 (>= 0.01 in)  9 (>= 0.10 in)  3 (>= 1.00 in)
Heat Base: 65.0  Cool Base: 65.0  Method: Integration