27°F
Crown Heights Area, Poughkeepsie, NY, USA
UpdatedDec-16-2017 22:57 
 

NOAA-Style Climate Reports

Select a Year or Month report
2017: Jan Feb Mar Apr May Jun Jul Aug Sep Oct Nov Dec
2016: Jan Feb Mar Apr May Jun Jul Aug Sep Oct Nov Dec
2015: Jan Feb Mar Apr May Jun Jul Aug Sep Oct Nov Dec
2014: Jan Feb Mar Apr May Jun Jul Aug Sep Oct Nov Dec
2013: Jan Feb Mar Apr May Jun Jul Aug Sep Oct Nov Dec
2012: Jan Feb Mar Apr May Jun Jul Aug Sep Oct Nov Dec
2011: Jan Feb Mar Apr May Jun Jul Aug Sep Oct Nov Dec
2010: Jan Feb Mar Apr May Jun Jul Aug Sep Oct Nov Dec
2009: Jan Feb Mar Apr May Jun Jul Aug Sep Oct Nov Dec
2008: Jan Feb Mar Apr May Jun Jul Aug Sep Oct Nov Dec
2007: Jan Feb Mar Apr May Jun Jul Aug Sep Oct Nov Dec
2006: Jan Feb Mar Apr May Jun Jul Aug Sep Oct Nov Dec

Report for 2012 November
                   Monthly Climatological Summary for Nov 2012

Name: AR573   City: Poughkeepsie   State: New York
Elevation: 341 ft  Lat: N 41° 37' 04"   Lon: W 073° 55' 28"

                  Temperature (°F), Rain (in), Wind Speed (mph)

                                      Heat  Cool        Avg
    Mean                              Deg   Deg         Wind                 Dom
Day Temp  High   Time   Low    Time   Days  Days  Rain  Speed High   Time    Dir
----------------------------------------------------------------------------------
 1  46.4  51.4   12:14  42.8   07:14   8.6   0.0  0.00   1.1  13.0   00:55    SW
 2  45.7  51.7   14:41  40.3   22:40   9.3   0.0  0.00   1.9  14.0   12:21   WSW
 3  42.7  50.4   13:36  38.2   04:13  12.3   0.0  0.00   1.5  11.0   11:58    NW
 4  40.5  49.1   12:28  32.6   06:57  15.2   0.0  0.00   2.0  13.0   15:30     N
 5  36.0  41.1   14:32  29.1   23:20  19.0   0.0  0.00   2.4  11.0   11:13     N
 6  32.9  41.7   15:14  25.4   07:15  22.1   0.0  0.00   1.1   9.0   10:29     N
 7  31.3  36.0   13:19  28.7   02:30  23.7   0.0  0.00   7.1  25.0   22:45     N
 8  40.8  45.7   13:50  34.8   01:08  11.1   0.0  0.00   5.9  29.0   11:10     N
 9  44.7  54.8   14:56  34.0   07:14   8.5   0.0  0.00   1.5  10.0   15:09   NNW
10  46.8  54.0   12:18  38.5   05:45   8.2   0.0  0.00   0.3   7.0   14:11    SW
11  53.3  64.9   15:07  44.3   05:40   3.6   0.0  0.00   0.4   7.0   11:11   SSE
12  56.3  62.4   23:13  45.9   06:11   2.3   0.0  0.00   1.5  19.0   18:32    SE
13  46.1  63.0   02:43  38.0   23:58   9.8   0.0  0.53   3.5  18.0   21:40     N
14  38.4  44.5   14:58  32.5   06:58  16.6   0.0  0.00   3.8  15.0   09:26   NNW
15  35.3  41.4   14:38  28.6   06:35  19.7   0.0  0.00   2.2   9.0   11:43   NNW
16  35.4  42.6   14:58  30.1   07:04  19.6   0.0  0.00   2.3  10.0   13:18   NNW
17  38.5  47.4   14:08  31.1   07:05  16.5   0.0  0.00   1.6  10.0   13:04    NW
18  37.0  47.0   15:04  27.0   07:00  18.0   0.0  0.00   1.0   6.0   11:40    NW
19  37.5  47.8   15:10  27.7   06:43  17.5   0.0  0.00   1.4   6.0   01:25   WNW
20  36.2  46.0   13:59  27.0   06:02  18.8   0.0  0.00   0.5   5.0   10:10    NW
21  40.0  51.0   14:51  31.3   02:49  15.0   0.0  0.00   0.9   9.0   10:48   NNW
22  40.5  54.7   15:11  28.2   06:44  14.5   0.0  0.00   0.3   5.0   13:08    SW
23  45.5  56.4   14:22  33.4   06:37   9.5   0.0  0.02   0.6  11.0   14:28   ESE
24  39.8  47.2   00:48  33.4   20:06  15.1   0.0  0.00   3.1  19.3   16:45   WSW
25  35.2  39.7   12:22  32.4   02:34  19.8   0.0  0.00   2.3  17.0   00:13    SW
26  38.6  45.6   12:36  33.2   22:38  16.4   0.0  0.00   1.3  18.1   11:12   WSW
27  32.5  34.0   19:14  30.4   02:21  22.5   0.0  0.09   0.9   6.8   19:09   NNW
28  33.5  38.2   11:47  30.1   19:49  21.5   0.0  0.07   1.5  15.9   15:31     W
29  34.9  43.8   15:13  27.2   06:53  20.1   0.0  0.01   1.5  14.7   23:23   SSW
30  31.1  34.9   11:12  26.0   19:45  23.9   0.0  0.00   2.6  12.5   11:29   NNW
----------------------------------------------------------------------------------
    39.8  64.9    11    25.4     6   458.7   0.0  0.72   1.9  29.0     8     NNW

Max >=  80.0:  0
Max <=  32.0:  0
Min <=  32.0: 15
Min <=   0.0:  0
Max Rain: 0.53 on day 13
Days of Rain: 5 (>= 0.01 in)  1 (>= 0.10 in)  0 (>= 1.00 in)
Heat Base: 55.0  Cool Base: 75.0  Method: Integration