70°F
Crown Heights Area, Poughkeepsie, NY, USA
UpdatedOct-24-2017 01:36 
 

NOAA-Style Climate Reports

Select a Year or Month report
2017: Jan Feb Mar Apr May Jun Jul Aug Sep Oct Nov Dec
2016: Jan Feb Mar Apr May Jun Jul Aug Sep Oct Nov Dec
2015: Jan Feb Mar Apr May Jun Jul Aug Sep Oct Nov Dec
2014: Jan Feb Mar Apr May Jun Jul Aug Sep Oct Nov Dec
2013: Jan Feb Mar Apr May Jun Jul Aug Sep Oct Nov Dec
2012: Jan Feb Mar Apr May Jun Jul Aug Sep Oct Nov Dec
2011: Jan Feb Mar Apr May Jun Jul Aug Sep Oct Nov Dec
2010: Jan Feb Mar Apr May Jun Jul Aug Sep Oct Nov Dec
2009: Jan Feb Mar Apr May Jun Jul Aug Sep Oct Nov Dec
2008: Jan Feb Mar Apr May Jun Jul Aug Sep Oct Nov Dec
2007: Jan Feb Mar Apr May Jun Jul Aug Sep Oct Nov Dec
2006: Jan Feb Mar Apr May Jun Jul Aug Sep Oct Nov Dec

Report for 2012 December
                   Monthly Climatological Summary for Dec 2012

Name: AR573   City: Poughkeepsie   State: New York
Elevation: 341 ft  Lat: N 41° 37' 04"   Lon: W 073° 55' 28"

                  Temperature (°F), Rain (in), Wind Speed (mph)

                                      Heat  Cool        Avg
    Mean                              Deg   Deg         Wind                 Dom
Day Temp  High   Time   Low    Time   Days  Days  Rain  Speed High   Time    Dir
----------------------------------------------------------------------------------
 1  30.2  35.2   23:52  25.5   02:45  24.8   0.0  0.00   1.9   7.9   00:42   NNW
 2  40.9  49.1   14:54  33.9   01:28  14.1   0.0  0.15   0.3  10.2   23:06   SSE
 3  47.4  55.3   13:53  38.8   23:54   7.6   0.0  0.00   1.0  10.2   11:22   NNW
 4  46.5  55.1   14:55  35.2   02:32   8.5   0.0  0.01   0.4   5.7   01:21     S
 5  46.0  54.1   03:23  32.9   23:55   9.0   0.0  0.03   2.5  19.3   16:01   WNW
 6  30.7  36.4   15:22  25.3   23:33  24.3   0.0  0.00   2.4  18.1   00:01   NNW
 7  32.9  37.6   11:06  25.2   01:09  22.0   0.0  0.14   0.1   3.4   09:17    SE
 8  41.4  45.8   21:10  37.0   01:01  13.6   0.0  0.04   0.4   9.1   18:31     W
 9  41.6  45.6   00:00  38.0   23:08  13.3   0.0  0.07   1.8  14.7   10:48   NNW
10  45.5  54.1   17:49  37.2   02:02   9.5   0.0  0.08   1.1  23.8   23:07   WNW
11  41.2  45.4   11:17  32.9   23:59  13.8   0.0  0.02   1.5  13.6   13:47    NW
12  32.6  38.6   12:50  27.3   06:04  22.4   0.0  0.00   0.6   9.1   12:13   WNW
13  32.3  41.4   15:10  25.7   07:49  22.7   0.0  0.00   0.3   5.7   14:09    NW
14  36.3  47.8   14:59  27.0   02:34  18.7   0.0  0.00   0.8  15.9   10:17   SSW
15  34.5  41.7   13:55  28.5   07:57  20.5   0.0  0.00   0.7   6.8   20:41    NW
16  34.6  37.5   14:22  31.2   02:45  20.4   0.0  0.01   2.4  13.6   19:14   NNE
17  37.7  39.3   18:38  36.1   00:00  17.3   0.0  0.22   2.5   9.1   23:45   NNE
18  42.6  46.4   15:10  38.2   01:06  12.4   0.0  0.36   1.2  18.1   23:35   WNW
19  41.5  46.9   13:22  35.3   22:30  13.5   0.0  0.00   2.5  19.3   12:00   WNW
20  36.2  40.1   23:53  28.2   07:04  18.8   0.0  0.05   1.7  14.7   20:21   NNE
21  42.3  55.2   10:10  36.0   23:56  12.7   0.0  0.56   5.8  39.7   07:11   ESE
22  34.8  36.8   05:14  33.3   08:02  20.2   0.0  0.00   3.5  34.0   11:06    SW
23  35.2  41.0   14:16  30.2   22:36  19.8   0.0  0.00   1.8  19.3   00:55    SW
24  31.8  36.5   14:35  27.6   04:06  23.1   0.0  0.00   0.8  11.3   00:00   NNW
25  30.7  34.0   12:13  26.4   23:50  24.3   0.0  0.04   2.3  12.5   15:02    NW
26  25.0  29.4   23:35  22.0   06:36  30.0   0.0  0.00   4.6  20.4   23:07   NNW
27  30.5  32.8   16:20  27.6   23:28  24.5   0.0  0.00   4.5  18.1   17:10    NW
28  29.4  35.0   14:50  25.7   06:40  25.6   0.0  0.00   1.3   9.1   00:02    NW
29  26.3  28.5   22:07  23.5   02:47  28.7   0.0  0.00   2.1  14.7   19:49   NNW
30  27.2  32.5   11:48  23.7   23:56  27.8   0.0  0.00   2.2  24.9   17:46     W
31  29.5  36.5   14:45  21.4   03:04  25.5   0.0  0.00   1.1  14.7   08:35   SSW
----------------------------------------------------------------------------------
    36.0  55.3     3    21.4    31   589.4   0.0  1.78   1.8  39.7    21      NW

Max >=  80.0:  0
Max <=  32.0:  2
Min <=  32.0: 18
Min <=   0.0:  0
Max Rain: 0.56 on day 21
Days of Rain: 14 (>= 0.01 in)  5 (>= 0.10 in)  0 (>= 1.00 in)
Heat Base: 55.0  Cool Base: 75.0  Method: Integration