70°F
Crown Heights Area, Poughkeepsie, NY, USA
UpdatedOct-24-2017 01:35 
 

NOAA-Style Climate Reports

Select a Year or Month report
2017: Jan Feb Mar Apr May Jun Jul Aug Sep Oct Nov Dec
2016: Jan Feb Mar Apr May Jun Jul Aug Sep Oct Nov Dec
2015: Jan Feb Mar Apr May Jun Jul Aug Sep Oct Nov Dec
2014: Jan Feb Mar Apr May Jun Jul Aug Sep Oct Nov Dec
2013: Jan Feb Mar Apr May Jun Jul Aug Sep Oct Nov Dec
2012: Jan Feb Mar Apr May Jun Jul Aug Sep Oct Nov Dec
2011: Jan Feb Mar Apr May Jun Jul Aug Sep Oct Nov Dec
2010: Jan Feb Mar Apr May Jun Jul Aug Sep Oct Nov Dec
2009: Jan Feb Mar Apr May Jun Jul Aug Sep Oct Nov Dec
2008: Jan Feb Mar Apr May Jun Jul Aug Sep Oct Nov Dec
2007: Jan Feb Mar Apr May Jun Jul Aug Sep Oct Nov Dec
2006: Jan Feb Mar Apr May Jun Jul Aug Sep Oct Nov Dec

Report for 2013 January
                   Monthly Climatological Summary for Jan 2013

Name: AR573   City: Poughkeepsie   State: New York
Elevation: 341 ft  Lat: N 41° 37' 04"   Lon: W 073° 55' 28"

                  Temperature (°F), Rain (in), Wind Speed (mph)

                                      Heat  Cool        Avg
    Mean                              Deg   Deg         Wind                 Dom
Day Temp  High   Time   Low    Time   Days  Days  Rain  Speed High   Time    Dir
----------------------------------------------------------------------------------
 1  31.8  37.0   11:10  19.4   23:31  23.2   0.0  0.01   1.3  19.3   11:53     W
 2  22.7  29.1   16:21  13.8   07:53  32.3   0.0  0.00   1.0  12.5   11:13   SSW
 3  15.0  25.2   23:59   2.3   07:41  40.0   0.0  0.00   1.9  13.6   02:19   NNW
 4  31.5  37.3   15:37  25.2   00:00  23.5   0.0  0.01   1.8  17.0   11:11   SSW
 5  34.5  41.0   11:25  26.1   22:48  16.3   0.0  0.07   1.8  15.9   12:00     W
 6  34.3  43.0   15:21  27.4   00:05  20.5   0.0  0.03   0.6  12.5   10:20   SSW
 7  34.5  40.3   10:01  26.3   23:39  20.5   0.0  0.00   1.6  15.9   10:56   NNW
 8  34.7  44.9   14:00  25.4   02:33  20.3   0.0  0.00   0.5  10.2   13:23     S
 9  35.2  40.5   21:10  24.7   07:43  19.8   0.0  0.00   0.6  14.7   17:51     S
10  41.2  45.6   15:32  32.7   23:48  13.8   0.0  0.00   2.4  17.0   11:15   WNW
11  33.9  38.1   22:53  29.3   08:41  21.1   0.0  0.32   0.9   6.8   23:58     W
12  39.2  44.6   14:00  35.2   01:31  15.8   0.0  0.02   0.4   6.8   00:08    NW
13  41.8  44.5   16:28  39.1   02:41  13.2   0.0  0.00   0.0  11.3   16:18   SSE
14  43.7  50.8   14:06  35.5   23:53  11.3   0.0  0.07   1.8  15.9   05:20     N
15  34.3  36.9   14:23  30.9   07:38  20.7   0.0  0.00   1.8  10.2   04:00   NNE
16  30.2  32.8   00:00  28.1   05:21  24.8   0.0  0.00   0.4  10.2   22:03     N
17  33.9  41.0   12:47  26.0   23:55  21.1   0.0  0.20   1.6  14.7   12:15   NNE
18  23.3  27.4   15:32  19.1   21:41  31.7   0.0  0.00   2.7  19.3   03:30     N
19  35.9  46.0   14:26  25.8   00:00  19.1   0.0  0.05   0.9  22.7   14:31     S
20  39.1  51.6   13:21  26.3   23:17  15.9   0.0  0.01   2.0  21.5   10:16   WSW
21  25.0  29.2   14:34  20.2   06:05  30.0   0.0  0.00   0.8  15.9   01:09   SSW
22  17.3  22.0   10:41   9.2   23:59  37.7   0.0  0.00   2.8  20.4   13:49   WSW
23  11.4  18.2   13:12   6.3   07:24  43.6   0.0  0.00   1.7  15.9   09:10   WSW
24  11.7  21.1   15:21   3.4   07:25  43.3   0.0  0.00   2.3  24.9   13:26    NW
25  15.2  21.6   14:08   8.3   06:15  39.8   0.0  0.00   0.7  11.3   00:10     E
26  17.5  25.2   15:39  10.3   07:24  37.5   0.0  0.00   2.1  18.1   16:27     N
27  22.5  33.3   15:39  10.5   07:11  32.5   0.0  0.00   0.6   7.9   02:40   NNW
28  26.5  32.1   23:38  19.4   02:58  28.5   0.0  0.00   0.3   9.1   14:49   SSE
29  37.5  47.4   13:41  32.1   00:00  17.5   0.0  0.21   0.7  10.2   16:03    SE
30  47.0  57.1   17:04  37.0   02:47   8.1   0.0  0.27   0.8  17.0   15:35   SSE
31  43.0  60.6   03:09  27.5   23:56  12.2   0.0  1.31   4.0  32.9   02:44    SW
----------------------------------------------------------------------------------
    30.5  60.6    31     2.3     3   755.6   0.0  2.58   1.4  32.9    31     WNW

Max >=  80.0:  0
Max <=  32.0:  9
Min <=  32.0: 25
Min <=   0.0:  0
Max Rain: 1.31 on day 31
Days of Rain: 13 (>= 0.01 in)  5 (>= 0.10 in)  1 (>= 1.00 in)
Heat Base: 55.0  Cool Base: 75.0  Method: Integration