27°F
Crown Heights Area, Poughkeepsie, NY, USA
UpdatedDec-16-2017 23:11 
 

NOAA-Style Climate Reports

Select a Year or Month report
2017: Jan Feb Mar Apr May Jun Jul Aug Sep Oct Nov Dec
2016: Jan Feb Mar Apr May Jun Jul Aug Sep Oct Nov Dec
2015: Jan Feb Mar Apr May Jun Jul Aug Sep Oct Nov Dec
2014: Jan Feb Mar Apr May Jun Jul Aug Sep Oct Nov Dec
2013: Jan Feb Mar Apr May Jun Jul Aug Sep Oct Nov Dec
2012: Jan Feb Mar Apr May Jun Jul Aug Sep Oct Nov Dec
2011: Jan Feb Mar Apr May Jun Jul Aug Sep Oct Nov Dec
2010: Jan Feb Mar Apr May Jun Jul Aug Sep Oct Nov Dec
2009: Jan Feb Mar Apr May Jun Jul Aug Sep Oct Nov Dec
2008: Jan Feb Mar Apr May Jun Jul Aug Sep Oct Nov Dec
2007: Jan Feb Mar Apr May Jun Jul Aug Sep Oct Nov Dec
2006: Jan Feb Mar Apr May Jun Jul Aug Sep Oct Nov Dec

Report for 2013 February
                   Monthly Climatological Summary for Feb 2013

Name: AR573   City: Poughkeepsie   State: New York
Elevation: 341 ft  Lat: N 41° 37' 04"   Lon: W 073° 55' 28"

                  Temperature (°F), Rain (in), Wind Speed (mph)

                                      Heat  Cool        Avg
    Mean                              Deg   Deg         Wind                 Dom
Day Temp  High   Time   Low    Time   Days  Days  Rain  Speed High   Time    Dir
----------------------------------------------------------------------------------
 1  26.1  31.2   11:39  20.2   23:52  28.9   0.0  0.00   2.8  21.5   00:39     W
 2  22.3  30.1   14:15  16.9   07:12  32.7   0.0  0.00   1.8  15.9   18:07   SSW
 3  22.6  29.4   14:23  15.5   07:26  32.4   0.0  0.00   0.3   6.8   19:12    NW
 4  24.9  31.3   13:40  20.3   07:12  30.1   0.0  0.00   1.9  22.7   14:34   WSW
 5  24.7  29.3   15:05  19.7   06:37  30.3   0.0  0.00   0.7   7.9   11:15     N
 6  29.9  38.8   14:18  24.1   07:02  25.1   0.0  0.04   1.3  20.4   14:33     W
 7  25.0  32.3   14:09  17.8   07:11  30.0   0.0  0.00   0.9  11.3   01:03    NE
 8  28.6  31.7   10:36  24.8   22:16  26.4   0.0  0.00   5.3  23.8   22:32    NE
 9  24.4  29.6   13:27  15.8   23:59  30.6   0.0  0.00   6.1  26.1   02:13     N
10  20.4  32.2   15:06   9.4   07:36  34.6   0.0  0.00   1.1  12.5   10:05     N
11  33.4  38.5   15:26  23.3   00:00  21.4   0.0  0.35   0.2   7.9   06:36   SSW
12  38.2  43.7   12:25  34.3   00:03  16.8   0.0  0.00   1.8  19.3   14:13    SW
13  36.4  43.2   14:55  28.6   06:46  18.6   0.0  0.00   0.8  11.3   21:52    NW
14  35.7  44.4   15:33  27.6   06:47  19.3   0.0  0.01   0.5   7.9   14:47   SSE
15  42.0  52.9   15:04  32.3   06:28  13.0   0.0  0.00   0.8  13.6   12:45   SSW
16  31.2  36.5   00:00  27.2   23:58  23.8   0.0  0.00   3.2  22.7   23:51   NNE
17  23.2  29.5   13:40  15.2   22:29  31.8   0.0  0.00   6.6  30.6   01:26   NNW
18  24.5  34.8   15:30  14.2   04:50  30.5   0.0  0.00   1.8  17.0   14:15     W
19  34.3  42.5   13:11  25.8   06:00  20.5   0.0  0.16   0.8  17.0   13:19   SSE
20  28.9  35.6   00:03  23.3   21:19  26.1   0.0  0.00   3.6  28.3   22:35   WSW
21  25.8  32.9   13:03  21.4   23:56  29.2   0.0  0.00   3.4  20.4   05:53   WNW
22  29.9  37.3   15:03  21.2   00:10  25.1   0.0  0.00   1.8  12.5   02:24    NE
23  35.4  38.6   15:06  32.6   02:28  19.6   0.0  0.07   1.2  12.5   17:40   ESE
24  35.5  41.9   13:35  31.3   21:15  19.5   0.0  0.05   2.2  14.7   18:55   NNW
25  36.2  45.3   14:21  25.7   05:11  18.8   0.0  0.00   1.3   9.1   11:13   NNW
26  36.8  45.4   11:44  28.7   05:47  18.2   0.0  0.05   3.3  17.0   17:41   ESE
27  39.0  44.8   13:37  32.5   03:42  16.0   0.0  0.72   4.0  24.9   13:20   ENE
28  40.6  49.3   12:25  36.4   23:39  14.4   0.0  0.10   0.9   9.1   13:50   NNW
----------------------------------------------------------------------------------
    30.6  52.9    15     9.4    10   683.7   0.0  1.55   2.2  30.6    17     NNW

Max >=  80.0:  0
Max <=  32.0:  8
Min <=  32.0: 23
Min <=   0.0:  0
Max Rain: 0.72 on day 27
Days of Rain: 9 (>= 0.01 in)  4 (>= 0.10 in)  0 (>= 1.00 in)
Heat Base: 55.0  Cool Base: 75.0  Method: Integration