27°F
Crown Heights Area, Poughkeepsie, NY, USA
UpdatedDec-16-2017 23:05 
 

NOAA-Style Climate Reports

Select a Year or Month report
2017: Jan Feb Mar Apr May Jun Jul Aug Sep Oct Nov Dec
2016: Jan Feb Mar Apr May Jun Jul Aug Sep Oct Nov Dec
2015: Jan Feb Mar Apr May Jun Jul Aug Sep Oct Nov Dec
2014: Jan Feb Mar Apr May Jun Jul Aug Sep Oct Nov Dec
2013: Jan Feb Mar Apr May Jun Jul Aug Sep Oct Nov Dec
2012: Jan Feb Mar Apr May Jun Jul Aug Sep Oct Nov Dec
2011: Jan Feb Mar Apr May Jun Jul Aug Sep Oct Nov Dec
2010: Jan Feb Mar Apr May Jun Jul Aug Sep Oct Nov Dec
2009: Jan Feb Mar Apr May Jun Jul Aug Sep Oct Nov Dec
2008: Jan Feb Mar Apr May Jun Jul Aug Sep Oct Nov Dec
2007: Jan Feb Mar Apr May Jun Jul Aug Sep Oct Nov Dec
2006: Jan Feb Mar Apr May Jun Jul Aug Sep Oct Nov Dec

Report for 2013 March
                   Monthly Climatological Summary for Mar 2013

Name: AR573   City: Poughkeepsie   State: New York
Elevation: 341 ft  Lat: N 41° 37' 04"   Lon: W 073° 55' 28"

                  Temperature (°F), Rain (in), Wind Speed (mph)

                                      Heat  Cool        Avg
    Mean                              Deg   Deg         Wind                 Dom
Day Temp  High   Time   Low    Time   Days  Days  Rain  Speed High   Time    Dir
----------------------------------------------------------------------------------
 1  37.0  43.8   12:35  32.5   06:25  18.0   0.0  0.01   1.8  15.9   22:17   NNW
 2  33.8  38.2   12:24  28.3   23:52  21.2   0.0  0.00   2.4  15.9   03:05     N
 3  30.2  36.8   12:30  26.8   06:49  24.8   0.0  0.00   2.9  14.8   08:28   NNW
 4  32.7  42.6   13:42  26.3   06:13  22.3   0.0  0.00   2.5  21.6   15:32   WNW
 5  35.7  44.2   15:13  27.5   04:39  19.3   0.0  0.00   3.2  18.2   11:58   NNE
 6  37.3  43.3   12:35  32.4   05:50  17.7   0.0  0.00   7.2  31.9   19:05    NE
 7  33.8  37.0   00:06  30.6   23:52  21.2   0.0  0.00   6.4  25.0   08:25   NNE
 8  33.3  39.8   18:20  29.3   06:03  21.7   0.0  0.01   3.6  26.2   13:50   NNE
 9  40.9  51.4   15:53  30.5   05:54  14.1   0.0  0.00   4.4  22.8   08:56   NNE
10  40.8  52.8   15:41  27.8   07:22  13.6   0.0  0.00   1.2  12.5   21:41     S
11  44.0  54.4   16:20  34.1   03:43  11.0   0.0  0.00   1.6  14.8   18:41   SSE
12  50.5  54.9   17:06  40.3   23:51   4.5   0.0  0.75   2.7  20.5   02:12   SSE
13  41.0  50.4   14:29  34.0   23:32  14.0   0.0  0.00   1.8  13.7   13:10     W
14  31.3  36.5   16:26  25.3   08:26  23.7   0.0  0.00   3.6  22.8   07:22   WNW
15  33.8  41.5   12:44  25.3   07:16  21.2   0.0  0.00   2.2  17.1   13:42    SW
16  32.3  37.7   13:33  27.8   07:17  22.7   0.0  0.00   1.5  14.8   01:06     N
17  31.5  38.1   15:34  24.1   07:08  23.5   0.0  0.00   2.8  17.1   13:09     N
18  28.3  36.1   14:04  21.5   07:33  26.7   0.0  0.00   3.2  15.9   14:14     E
19  32.7  38.1   18:11  27.8   00:00  22.3   0.0  0.22   1.7  15.9   22:17     N
20  33.7  42.2   16:23  26.8   06:32  21.3   0.0  0.07   2.0  19.3   16:13    SW
21  31.7  38.6   15:50  26.8   07:11  23.1   0.0  0.00   1.8  19.3   19:28     N
22  32.6  39.9   13:18  24.2   06:35  22.4   0.0  0.00   1.9  20.5   17:38   WSW
23  36.8  43.5   15:32  31.2   06:57  18.2   0.0  0.00   3.2  23.9   15:35     W
24  35.9  43.4   15:30  27.5   06:50  19.1   0.0  0.00   2.6  17.1   16:21   NNE
25  38.0  45.8   14:16  30.9   06:52  17.0   0.0  0.00   5.0  21.6   14:40    NE
26  40.4  48.2   12:13  34.2   07:09  14.6   0.0  0.00   2.4  15.9   13:19     N
27  40.7  52.5   13:52  28.5   06:39  14.3   0.0  0.00   1.3  15.9   17:36    NW
28  40.7  47.7   15:08  33.7   06:35  14.3   0.0  0.00   2.5  17.1   10:38     N
29  44.3  52.5   13:57  33.0   06:12  10.7   0.0  0.00   1.7  13.7   16:23    NW
30  45.8  57.4   14:18  32.9   06:28   9.3   0.0  0.00   1.2  17.1   15:55   NNW
31  43.9  56.9   13:25  29.7   06:35  11.2   0.0  0.17   2.3  23.9   11:53    SE
----------------------------------------------------------------------------------
    36.9  57.4    30    21.5    18   559.0   0.0  1.23   2.7  31.9     6       N

Max >=  80.0:  0
Max <=  32.0:  0
Min <=  32.0: 22
Min <=   0.0:  0
Max Rain: 0.75 on day 12
Days of Rain: 6 (>= 0.01 in)  3 (>= 0.10 in)  0 (>= 1.00 in)
Heat Base: 55.0  Cool Base: 75.0  Method: Integration