70°F
Crown Heights Area, Poughkeepsie, NY, USA
UpdatedOct-24-2017 01:37 
 

NOAA-Style Climate Reports

Select a Year or Month report
2017: Jan Feb Mar Apr May Jun Jul Aug Sep Oct Nov Dec
2016: Jan Feb Mar Apr May Jun Jul Aug Sep Oct Nov Dec
2015: Jan Feb Mar Apr May Jun Jul Aug Sep Oct Nov Dec
2014: Jan Feb Mar Apr May Jun Jul Aug Sep Oct Nov Dec
2013: Jan Feb Mar Apr May Jun Jul Aug Sep Oct Nov Dec
2012: Jan Feb Mar Apr May Jun Jul Aug Sep Oct Nov Dec
2011: Jan Feb Mar Apr May Jun Jul Aug Sep Oct Nov Dec
2010: Jan Feb Mar Apr May Jun Jul Aug Sep Oct Nov Dec
2009: Jan Feb Mar Apr May Jun Jul Aug Sep Oct Nov Dec
2008: Jan Feb Mar Apr May Jun Jul Aug Sep Oct Nov Dec
2007: Jan Feb Mar Apr May Jun Jul Aug Sep Oct Nov Dec
2006: Jan Feb Mar Apr May Jun Jul Aug Sep Oct Nov Dec

Report for 2013 June
                   Monthly Climatological Summary for Jun 2013

Name: AR573   City: Poughkeepsie   State: New York
Elevation: 308 ft  Lat: N 41° 37' 04"   Lon: W 073° 55' 28"

                  Temperature (°F), Rain (in), Wind Speed (mph)

                                      Heat  Cool        Avg
    Mean                              Deg   Deg         Wind                 Dom
Day Temp  High   Time   Low    Time   Days  Days  Rain  Speed High   Time    Dir
----------------------------------------------------------------------------------
 1  79.3  92.1   14:09  64.7   05:36   0.0   5.9  0.00   0.6  10.3   16:47   SSW
 2  78.9  88.5   13:02  70.1   05:43   0.0   4.8  0.00   1.1  16.1   15:44   SSW
 3  69.3  76.1   16:55  58.0   23:59   0.0   0.0  1.21   0.7  11.5   22:58     N
 4  62.9  75.1   15:55  49.3   04:46   0.8   0.0  0.00   1.2  13.8   07:10   NNW
 5  63.2  75.9   15:12  48.5   06:19   0.9   0.0  0.00   0.6   8.1   12:32   WSW
 6  60.2  70.7   11:53  50.9   05:16   0.4   0.0  0.14   1.0  13.8   12:12   ESE
 7  57.3  59.7   15:59  54.8   08:40   0.0   0.0  1.98   1.0  11.5   21:29   NNE
 8  64.6  78.1   14:50  54.0   03:00   0.1   0.1  0.16   1.2  14.9   00:00     N
 9  69.3  79.8   17:26  56.8   06:12   0.0   0.9  0.00   0.4   8.1   16:35    SW
10  62.1  70.1   12:15  59.0   23:48   0.0   0.0  1.26   0.6  12.6   15:59     E
11  66.4  78.1   12:25  59.1   00:00   0.0   0.1  0.29   1.1  17.3   16:13    SW
12  66.4  73.8   15:18  58.3   23:59   0.0   0.0  0.00   1.8  18.4   14:17    NW
13  55.6  58.3   00:00  52.1   23:45   0.4   0.0  1.83   1.2  19.5   23:01    NE
14  60.4  75.0   15:29  50.6   04:05   1.2   0.0  0.46   1.6  17.3   01:35     N
15  67.9  79.6   15:07  53.4   06:10   0.1   0.9  0.00   0.6   9.2   15:16     W
16  66.4  77.7   16:37  52.1   05:16   0.2   0.2  0.00   0.7  18.4   18:51   SSW
17  72.3  86.5   14:50  62.2   05:24   0.0   2.7  0.02   0.9  14.9   17:06    SW
18  65.0  79.2   12:22  57.6   21:36   0.0   0.3  0.06   1.3  14.9   19:58     N
19  64.1  74.4   15:53  53.5   05:32   0.1   0.0  0.01   1.6  14.9   08:03   NNE
20  66.3  81.1   15:12  49.1   05:51   0.9   1.2  0.00   0.5  10.3   14:38     S
21  71.9  84.5   14:34  58.3   06:02   0.0   2.6  0.00   0.6  10.3   12:02   SSW
22  73.4  85.5   15:55  59.2   05:59   0.0   3.0  0.00   0.6  12.6   13:49    SW
23  77.5  91.6   15:24  65.1   03:31   0.0   5.4  0.00   0.7  13.8   18:43   SSW
24  79.0  93.3   13:28  67.6   23:48   0.0   5.5  0.00   0.9  13.8   14:11   SSW
25  76.6  90.5   13:26  65.2   05:40   0.0   4.2  0.49   0.6  16.1   16:39   SSW
26  74.8  84.1   11:24  68.4   00:00   0.0   1.6  0.10   0.6  10.3   08:22    SW
27  73.0  85.9   14:48  66.6   06:12   0.0   1.6  0.70   0.9  19.5   23:56     E
28  75.5  84.8   13:33  67.0   23:09   0.0   2.9  0.81   0.9  18.4   21:02   SSW
29  74.0  85.0   15:42  64.7   04:42   0.0   2.7  0.01   0.6  13.8   17:12    SW
30  71.9  84.9   12:49  66.0   05:03   0.0   1.4  1.38   0.6  10.3   14:06    NE
----------------------------------------------------------------------------------
    68.9  93.3    24    48.5     5     5.1  48.0 10.91   0.9  19.5    13     WNW

Max >=  80.0: 14
Max <=  32.0:  0
Min <=  32.0:  0
Min <=   0.0:  0
Max Rain: 1.98 on day 7
Days of Rain: 17 (>= 0.01 in)  13 (>= 0.10 in)  5 (>= 1.00 in)
Heat Base: 55.0  Cool Base: 75.0  Method: Integration