70°F
Crown Heights Area, Poughkeepsie, NY, USA
UpdatedOct-24-2017 01:35 
 

NOAA-Style Climate Reports

Select a Year or Month report
2017: Jan Feb Mar Apr May Jun Jul Aug Sep Oct Nov Dec
2016: Jan Feb Mar Apr May Jun Jul Aug Sep Oct Nov Dec
2015: Jan Feb Mar Apr May Jun Jul Aug Sep Oct Nov Dec
2014: Jan Feb Mar Apr May Jun Jul Aug Sep Oct Nov Dec
2013: Jan Feb Mar Apr May Jun Jul Aug Sep Oct Nov Dec
2012: Jan Feb Mar Apr May Jun Jul Aug Sep Oct Nov Dec
2011: Jan Feb Mar Apr May Jun Jul Aug Sep Oct Nov Dec
2010: Jan Feb Mar Apr May Jun Jul Aug Sep Oct Nov Dec
2009: Jan Feb Mar Apr May Jun Jul Aug Sep Oct Nov Dec
2008: Jan Feb Mar Apr May Jun Jul Aug Sep Oct Nov Dec
2007: Jan Feb Mar Apr May Jun Jul Aug Sep Oct Nov Dec
2006: Jan Feb Mar Apr May Jun Jul Aug Sep Oct Nov Dec

Report for 2013 July
                   Monthly Climatological Summary for Jul 2013

Name: AR573   City: Poughkeepsie   State: New York
Elevation: 308 ft  Lat: N 41° 37' 04"   Lon: W 073° 55' 28"

                  Temperature (°F), Rain (in), Wind Speed (mph)

                                      Heat  Cool        Avg
    Mean                              Deg   Deg         Wind                 Dom
Day Temp  High   Time   Low    Time   Days  Days  Rain  Speed High   Time    Dir
----------------------------------------------------------------------------------
 1  71.4  76.1   14:05  67.8   02:09   0.0   0.1  1.25   0.0   6.9   08:42   SSW
 2  76.7  85.9   15:57  70.7   00:49   0.0   2.9  0.05   0.4  11.5   13:23   SSE
 3  77.9  87.7   14:52  71.2   05:34   0.0   3.7  0.00   0.5  11.5   11:29    SW
 4  81.2  90.2   16:05  72.9   04:20   0.0   6.6  0.00   0.7  13.8   09:34    SW
 5  83.0  92.2   14:41  73.3   05:39   0.0   8.1  0.00   0.7  16.1   16:02    SW
 6  83.5  92.7   14:36  74.6   05:41   0.0   8.5  0.00   0.9  14.9   12:05   WSW
 7  83.1  94.6   13:59  73.3   05:25   0.0   8.3  0.00   0.5   9.2   14:34   SSW
 8  78.8  89.3   15:24  69.1   23:55   0.0   5.2  0.00   0.9  11.5   03:43    SW
 9  76.1  89.5   15:31  66.9   05:26   0.0   3.6  0.00   0.2  10.3   17:09     S
10  77.6  86.8   15:00  70.5   04:42   0.0   3.5  0.02   0.4  11.5   14:29   SSW
11  76.3  85.5   15:49  69.8   23:06   0.0   2.2  0.02   0.4  11.8   16:09    NE
12  73.0  80.3   13:18  64.8   06:01   0.0   1.3  0.00   1.9  14.2   10:52   ENE
13  70.8  80.8   14:38  64.2   06:32   0.0   0.5  0.04   0.7   9.4   00:09   NNE
14  80.8  90.8   14:48  71.2   05:27   0.0   6.6  0.01   0.3   8.3   10:37    SW
15  83.9  92.6   14:19  75.0   05:51   0.0   8.9  0.00   0.6  14.2   14:47     N
16  82.2  92.9   15:12  70.3   05:31   0.0   7.9  0.00   0.8  13.0   16:16     N
17  83.0  94.7   13:50  70.9   05:12   0.0   8.6  0.00   0.3   7.1   14:15     W
18  85.9  96.7   15:03  74.9   05:58   0.0  10.9  0.00   0.3   8.3   11:44     W
19  86.0  95.7   12:54  75.5   03:54   0.0  11.0  0.00   0.9  16.5   16:14    SW
20  82.3  90.9   13:31  75.7   23:56   0.0   7.3  0.00   0.9  11.8   02:50   WSW
21  78.1  88.4   17:22  68.2   06:13   0.0   4.2  0.03   0.5   8.3   12:08   NNE
22  75.0  84.0   13:15  67.3   04:01   0.0   2.3  0.10   0.4   7.1   12:16   NNE
23  75.6  89.0   14:56  70.3   23:57   0.0   2.6  1.62   0.5  21.2   19:03    SW
24  71.1  78.9   10:12  60.1   23:51   0.0   0.5  0.02   1.3  15.3   19:24    NE
25  63.0  70.8   18:08  57.0   06:26   0.0   0.0  0.00   1.9  15.3   07:30   NNE
26  70.2  81.6   16:35  62.1   07:32   0.0   1.3  0.00   1.0  14.2   06:54   NNE
27  72.8  84.5   13:58  60.5   05:59   0.0   2.6  0.00   0.6  11.8   14:40   SSE
28  68.9  77.3   15:05  64.4   02:36   0.0   0.1  0.27   0.2   9.4   14:47   SSE
29  73.9  84.4   13:49  66.0   05:52   0.0   2.2  0.00   0.8  13.0   14:43    SW
30  70.3  80.1   16:21  58.0   05:57   0.0   0.9  0.00   0.6   8.3   19:31     W
31  70.8  82.0   15:02  58.5   05:19   0.0   1.5  0.00   0.3   5.9   10:26   NNW
----------------------------------------------------------------------------------
    76.9  96.7    18    57.0    25     0.0 133.9  3.43   0.7  21.2    23     WNW

Max >=  80.0: 27
Max <=  32.0:  0
Min <=  32.0:  0
Min <=   0.0:  0
Max Rain: 1.62 on day 23
Days of Rain: 11 (>= 0.01 in)  4 (>= 0.10 in)  2 (>= 1.00 in)
Heat Base: 55.0  Cool Base: 75.0  Method: Integration