70°F
Crown Heights Area, Poughkeepsie, NY, USA
UpdatedOct-24-2017 01:39 
 

NOAA-Style Climate Reports

Select a Year or Month report
2017: Jan Feb Mar Apr May Jun Jul Aug Sep Oct Nov Dec
2016: Jan Feb Mar Apr May Jun Jul Aug Sep Oct Nov Dec
2015: Jan Feb Mar Apr May Jun Jul Aug Sep Oct Nov Dec
2014: Jan Feb Mar Apr May Jun Jul Aug Sep Oct Nov Dec
2013: Jan Feb Mar Apr May Jun Jul Aug Sep Oct Nov Dec
2012: Jan Feb Mar Apr May Jun Jul Aug Sep Oct Nov Dec
2011: Jan Feb Mar Apr May Jun Jul Aug Sep Oct Nov Dec
2010: Jan Feb Mar Apr May Jun Jul Aug Sep Oct Nov Dec
2009: Jan Feb Mar Apr May Jun Jul Aug Sep Oct Nov Dec
2008: Jan Feb Mar Apr May Jun Jul Aug Sep Oct Nov Dec
2007: Jan Feb Mar Apr May Jun Jul Aug Sep Oct Nov Dec
2006: Jan Feb Mar Apr May Jun Jul Aug Sep Oct Nov Dec

Report for 2013 August
                   Monthly Climatological Summary for Aug 2013

Name: AR573   City: Poughkeepsie   State: New York
Elevation: 308 ft  Lat: N 41° 37' 04"   Lon: W 073° 55' 28"

                  Temperature (°F), Rain (in), Wind Speed (mph)

                                      Heat  Cool        Avg
    Mean                              Deg   Deg         Wind                 Dom
Day Temp  High   Time   Low    Time   Days  Days  Rain  Speed High   Time    Dir
----------------------------------------------------------------------------------
 1  66.6  77.9   09:52  63.3   05:10   0.0   0.0  0.29   0.2  10.6   10:43   SSE
 2  72.6  82.4   15:54  64.2   06:17   0.0   1.8  0.03   0.6  13.0   16:42    SW
 3  70.3  81.2   15:21  64.2   05:37   0.0   0.8  0.01   0.7   9.4   01:30   SSW
 4  68.0  79.5   14:32  58.0   06:16   0.0   0.4  0.28   0.7  16.5   15:28   WSW
 5  66.8  77.8   16:13  53.2   06:01   0.0   0.4  0.00   0.6  11.8   14:17     N
 6  67.5  81.6   15:59  52.3   04:53   0.3   1.2  0.00   0.5   8.3   14:41    SW
 7  68.1  75.0   13:06   0.0   00:00   0.0   0.0  0.00   0.5  10.6   17:00    SE
 8  74.2  84.0   13:42  68.6   04:55   0.0   1.7  0.00   0.4  10.6   00:05   SSE
 9  73.4  81.6   16:08  70.5   23:52   0.0   0.8  7.84   0.1  11.8   11:05   SSW
10  72.3  82.6   15:40  64.1   23:59   0.0   1.7  0.01   0.8  11.8   14:34   WSW
11  68.4  79.1   14:20  53.8   05:43   0.0   0.6  0.00   0.5   8.3   15:50   WSW
12  71.5  81.8   16:15  60.6   05:57   0.0   1.7  0.00   0.2   7.1   10:37   SSW
13  69.3  77.5   16:59  65.1   21:13   0.0   0.2  0.39   0.1  15.3   20:25     S
14  65.2  73.5   16:37  53.6   06:04   0.0   0.0  0.00   1.3  16.5   13:53   WSW
15  65.3  76.9   16:01  52.2   05:53   0.2   0.1  0.00   0.6  13.0   14:01    SW
16  66.7  80.2   15:21  52.6   06:21   0.2   0.8  0.00   0.2   5.9   14:46   WSW
17  68.4  81.8   15:10  55.5   06:00   0.0   1.4  0.00   0.4   7.1   14:16   NNW
18  66.8  75.1   14:12  58.9   05:20   0.0   0.0  0.00   0.1   4.7   11:31   NNW
19  70.7  79.5   17:13  61.3   06:15   0.0   0.9  0.00   0.2   7.1   02:03    SW
20  73.6  85.8   14:01  60.8   06:15   0.0   3.1  0.01   0.2   5.9   08:40   WSW
21  74.4  88.1   13:40  61.7   07:03   0.0   3.8  0.00   0.3   8.3   12:41    SW
22  73.5  83.4   14:00  65.5   05:41   0.0   1.8  0.05   0.4  11.8   13:56     S
23  71.1  79.0   15:01  63.1   23:57   0.0   0.6  0.00   1.5  14.2   13:22   NNE
24  66.4  77.6   16:55  54.5   06:14   0.0   0.3  0.00   1.0  13.0   10:07   NNE
25  67.8  82.2   15:02  53.1   04:45   0.2   1.6  0.00   0.4   7.1   13:10    SW
26  69.2  76.8   15:10  64.9   05:35   0.0   0.1  0.55   0.3  10.6   13:10    SW
27  73.6  83.1   16:16  67.6   01:07   0.0   1.8  0.48   1.1  15.3   13:56   NNE
28  72.2  85.7   13:35  65.9   06:41   0.0   1.7  0.00   0.3  11.8   15:05    SW
29  70.3  80.0   15:36  65.1   05:10   0.0   0.5  0.00   0.2   8.3   09:59    NE
30  73.8  83.9   16:05  64.6   04:09   0.0   2.3  0.00   0.4   9.4   13:57    SW
31  75.3  83.5   15:47  69.6   23:59   0.0   1.9  0.09   0.2  10.6   15:47    SW
----------------------------------------------------------------------------------
    70.1  88.1    21     0.0     7     0.9  34.0 10.03   0.5  16.5     4     WSW

Max >=  80.0: 18
Max <=  32.0:  0
Min <=  32.0:  1
Min <=   0.0:  1
Max Rain: 7.84 on day 9
Days of Rain: 12 (>= 0.01 in)  6 (>= 0.10 in)  1 (>= 1.00 in)
Heat Base: 55.0  Cool Base: 75.0  Method: Integration