78°F
Crown Heights Area, Poughkeepsie, NY, USA
UpdatedOct-21-2017 15:12 
 

NOAA-Style Climate Reports

Select a Year or Month report
2017: Jan Feb Mar Apr May Jun Jul Aug Sep Oct Nov Dec
2016: Jan Feb Mar Apr May Jun Jul Aug Sep Oct Nov Dec
2015: Jan Feb Mar Apr May Jun Jul Aug Sep Oct Nov Dec
2014: Jan Feb Mar Apr May Jun Jul Aug Sep Oct Nov Dec
2013: Jan Feb Mar Apr May Jun Jul Aug Sep Oct Nov Dec
2012: Jan Feb Mar Apr May Jun Jul Aug Sep Oct Nov Dec
2011: Jan Feb Mar Apr May Jun Jul Aug Sep Oct Nov Dec
2010: Jan Feb Mar Apr May Jun Jul Aug Sep Oct Nov Dec
2009: Jan Feb Mar Apr May Jun Jul Aug Sep Oct Nov Dec
2008: Jan Feb Mar Apr May Jun Jul Aug Sep Oct Nov Dec
2007: Jan Feb Mar Apr May Jun Jul Aug Sep Oct Nov Dec
2006: Jan Feb Mar Apr May Jun Jul Aug Sep Oct Nov Dec

Report for 2013 November
                   Monthly Climatological Summary for Nov 2013

Name: AR573   City: Poughkeepsie   State: New York
Elevation: 308 ft  Lat: N 41° 37' 04"   Lon: W 073° 55' 28"

                  Temperature (°F), Rain (in), Wind Speed (mph)

                                      Heat  Cool        Avg
    Mean                              Deg   Deg         Wind                 Dom
Day Temp  High   Time   Low    Time   Days  Days  Rain  Speed High   Time    Dir
----------------------------------------------------------------------------------
 1  62.2  68.9   16:07  54.5   23:31   0.0   0.0  0.40   2.0  28.3   09:30   SSW
 2  52.5  66.4   14:01  44.4   06:22   4.0   0.0  0.00   0.7  16.5   14:50     W
 3  39.2  47.2   01:21  31.9   23:58  16.5   0.0  0.00   4.4  20.1   05:49   NNE
 4  34.3  43.1   15:09  26.5   06:02  20.7   0.0  0.00   1.7  14.2   00:36   NNE
 5  42.2  54.4   13:11  29.8   05:35  12.8   0.0  0.00   0.5   9.4   13:14     S
 6  51.1  59.6   12:13  42.0   04:16   4.6   0.0  0.00   0.8  13.0   21:17   SSE
 7  51.8  59.4   08:43  38.0   23:55   4.4   0.0  0.13   1.4  16.5   15:15   WNW
 8  39.5  46.5   13:30  36.2   04:17  10.9   0.0  0.00   1.9  23.6   15:10   WSW
 9  41.8  48.2   14:58  37.2   06:30  13.2   0.0  0.00   1.2  13.0   05:24    SW
10  46.7  57.3   10:59  42.6   06:42   8.4   0.0  0.00   2.0  23.6   11:41    SW
11  46.2  52.2   13:18  39.0   07:03   8.8   0.0  0.00   2.1  18.9   00:29    SW
12  34.8  48.2   00:00  27.2   22:50  20.2   0.0  0.02   3.3  21.2   05:15   NNW
13  30.6  37.5   14:57  24.1   06:12  24.4   0.0  0.00   2.1  15.3   13:08   NNW
14  40.9  54.1   14:50  29.1   00:16  14.1   0.0  0.00   2.4  22.4   14:18    SW
15  46.1  59.3   13:17  32.7   07:18   9.5   0.0  0.00   0.5  10.6   10:12     S
16  49.8  61.6   12:59  40.4   00:19   6.2   0.0  0.01   0.5   9.4   02:40   SSW
17  49.3  56.2   23:55  41.3   01:48   5.8   0.0  0.03   0.5  14.2   22:55   SSE
18  54.0  60.7   13:58  43.8   23:59   2.4   0.0  0.30   3.3  22.4   04:15    SW
19  40.2  46.3   10:14  30.8   23:53  14.8   0.0  0.00   3.8  23.6   00:27   NNW
20  32.3  39.5   14:50  26.9   07:10  22.7   0.0  0.00   4.0  18.9   08:45   NNE
21  37.2  48.4   15:10  20.9   06:25  16.1   0.0  0.00   0.3   9.4   15:30    NE
22  48.2  53.5   12:45  43.6   07:14   6.7   0.0  0.16   0.3  13.0   23:33    SW
23  39.4  52.1   00:00  26.4   23:52  15.6   0.0  0.00   3.4  23.6   20:42   WSW
24  23.9  27.8   13:14  21.2   23:57  30.9   0.0  0.00   5.0  29.9   14:39    NW
25  26.9  35.2   15:07  16.5   07:00  28.0   0.0  0.00   1.1  18.0   20:12   SSW
26  32.3  35.2   11:56  30.2   08:26  22.7   0.0  0.63   1.0  18.0   01:42     W
27  40.0  52.1   04:20  32.0   23:59  14.8   0.0  1.60   3.2  32.3   21:52    NW
28  28.8  33.5   12:37  25.5   20:15  26.2   0.0  0.00   3.4  34.0   00:03   WSW
29  28.9  34.5   12:50  24.4   07:19  26.1   0.0  0.00   1.0   7.0   09:20     N
30  26.6  33.3   14:57  17.8   06:50  28.4   0.0  0.00   0.9   8.0   00:15    NE
----------------------------------------------------------------------------------
    40.6  68.9     1    16.5    25   439.9   0.0  3.28   2.0  34.0    28     WNW

Max >=  80.0:  0
Max <=  32.0:  1
Min <=  32.0: 17
Min <=   0.0:  0
Max Rain: 1.60 on day 27
Days of Rain: 9 (>= 0.01 in)  6 (>= 0.10 in)  1 (>= 1.00 in)
Heat Base: 55.0  Cool Base: 75.0  Method: Integration