70°F
Crown Heights Area, Poughkeepsie, NY, USA
UpdatedOct-24-2017 01:40 
 

NOAA-Style Climate Reports

Select a Year or Month report
2017: Jan Feb Mar Apr May Jun Jul Aug Sep Oct Nov Dec
2016: Jan Feb Mar Apr May Jun Jul Aug Sep Oct Nov Dec
2015: Jan Feb Mar Apr May Jun Jul Aug Sep Oct Nov Dec
2014: Jan Feb Mar Apr May Jun Jul Aug Sep Oct Nov Dec
2013: Jan Feb Mar Apr May Jun Jul Aug Sep Oct Nov Dec
2012: Jan Feb Mar Apr May Jun Jul Aug Sep Oct Nov Dec
2011: Jan Feb Mar Apr May Jun Jul Aug Sep Oct Nov Dec
2010: Jan Feb Mar Apr May Jun Jul Aug Sep Oct Nov Dec
2009: Jan Feb Mar Apr May Jun Jul Aug Sep Oct Nov Dec
2008: Jan Feb Mar Apr May Jun Jul Aug Sep Oct Nov Dec
2007: Jan Feb Mar Apr May Jun Jul Aug Sep Oct Nov Dec
2006: Jan Feb Mar Apr May Jun Jul Aug Sep Oct Nov Dec

Report for 2013 December
                   Monthly Climatological Summary for Dec 2013

Name: AR573   City: Poughkeepsie   State: New York
Elevation: 308 ft  Lat: N 41° 37' 04"   Lon: W 073° 55' 28"

                  Temperature (°F), Rain (in), Wind Speed (mph)

                                      Heat  Cool        Avg
    Mean                              Deg   Deg         Wind                 Dom
Day Temp  High   Time   Low    Time   Days  Days  Rain  Speed High   Time    Dir
----------------------------------------------------------------------------------
 1  36.4  43.1   14:20  30.1   06:05  18.5   0.0  0.00   0.1   5.0   13:18   WSW
 2  35.8  41.9   15:19  31.4   02:26  19.2   0.0  0.01   0.2   4.0   18:10   WNW
 3  32.9  38.8   15:59  28.6   23:49  22.1   0.0  0.01   0.1   3.0   01:24    NW
 4  35.8  44.7   14:58  25.9   04:42  19.2   0.0  0.01   0.5   4.0   09:42   NNW
 5  48.1  53.4   23:45  41.0   01:18   6.8   0.0  0.23   0.2   5.0   01:12     W
 6  42.6  53.8   03:57  32.3   23:48  12.4   0.0  0.59   2.6  22.1   04:52   NNE
 7  32.8  38.3   12:45  26.6   23:48  22.2   0.0  0.05   1.2  15.6   10:58   NNW
 8  27.4  29.4   14:20  24.6   01:56  19.9   0.0  0.00   0.3   7.8   01:37    NE
 9  30.3  33.3   22:36  26.1   01:25  24.7   0.0  0.01   1.3  16.9   22:23   NNE
10  30.8  34.2   01:29  23.5   23:53  24.2   0.0  0.00   1.5  18.2   01:08    SW
11  25.2  30.5   14:14  20.9   07:27  29.8   0.0  0.00   1.4  16.9   23:53    SW
12  20.6  25.6   11:14  17.2   07:14  34.4   0.0  0.00   1.5  16.9   12:40   WSW
13  24.3  32.1   12:42  17.2   00:14  30.7   0.0  0.00   3.0  27.3   09:25    SW
14  15.6  21.1   00:00  12.9   19:47  39.4   0.0  0.00   4.8  20.8   23:59     N
15  26.9  33.8   15:04  16.0   00:00  28.0   0.0  0.00   4.0  24.7   03:13   NNW
16  23.9  29.2   01:54  14.8   23:48  31.1   0.0  0.00   2.4  26.0   12:49   WSW
17  14.5  19.1   19:59   8.9   04:26  40.5   0.0  0.00   2.3  10.4   05:10     N
18  24.2  35.0   12:38  13.4   07:13  30.8   0.0  0.01   1.3  13.0   14:06     W
19  34.5  43.3   13:35  25.1   06:54  20.5   0.0  0.08   0.8  14.3   01:13   SSW
20  41.7  51.9   12:30  33.2   04:56  13.3   0.0  0.15   0.3   9.1   12:23     S
21  48.2  57.4   12:31  39.6   06:26   7.0   0.0  0.01   0.3   6.5   11:11     S
22  59.6  66.4   15:14  47.6   00:41   1.0   0.0  0.09   1.4  22.1   05:55     S
23  46.3  58.9   00:48  36.0   23:56   9.4   0.0  0.72   3.0  18.2   18:36     N
24  29.9  36.0   00:00  20.3   23:56  25.1   0.0  0.00   3.0  20.8   18:55     N
25  19.0  23.6   14:38  13.9   06:15  36.0   0.0  0.00   1.0  13.0   00:04     N
26  26.1  32.1   15:06  20.6   00:54  28.9   0.0  0.00   0.2   9.1   14:24   SSW
27  30.5  35.9   15:12  25.0   06:00  24.5   0.0  0.00   1.3  16.9   05:16    SW
28  38.4  49.1   15:15  29.6   06:09  16.6   0.0  0.00   0.8  13.0   12:48    SW
29  37.9  41.6   10:51  35.1   01:07  17.1   0.0  0.86   2.3  23.4   17:55     N
30  31.5  40.0   08:55  15.7   23:59  23.5   0.0  0.00   2.3  20.8   12:18    NW
31  20.9  29.0   15:13  12.5   05:26  34.1   0.0  0.00   1.2  23.4   19:03    SW
----------------------------------------------------------------------------------
    32.0  66.4    22     8.9    17   710.9   0.0  2.83   1.5  27.3    13      NW

Max >=  80.0:  0
Max <=  32.0:  8
Min <=  32.0: 24
Min <=   0.0:  0
Max Rain: 0.86 on day 29
Days of Rain: 14 (>= 0.01 in)  5 (>= 0.10 in)  0 (>= 1.00 in)
Heat Base: 55.0  Cool Base: 75.0  Method: Integration