70°F
Crown Heights Area, Poughkeepsie, NY, USA
UpdatedOct-24-2017 01:39 
 

NOAA-Style Climate Reports

Select a Year or Month report
2017: Jan Feb Mar Apr May Jun Jul Aug Sep Oct Nov Dec
2016: Jan Feb Mar Apr May Jun Jul Aug Sep Oct Nov Dec
2015: Jan Feb Mar Apr May Jun Jul Aug Sep Oct Nov Dec
2014: Jan Feb Mar Apr May Jun Jul Aug Sep Oct Nov Dec
2013: Jan Feb Mar Apr May Jun Jul Aug Sep Oct Nov Dec
2012: Jan Feb Mar Apr May Jun Jul Aug Sep Oct Nov Dec
2011: Jan Feb Mar Apr May Jun Jul Aug Sep Oct Nov Dec
2010: Jan Feb Mar Apr May Jun Jul Aug Sep Oct Nov Dec
2009: Jan Feb Mar Apr May Jun Jul Aug Sep Oct Nov Dec
2008: Jan Feb Mar Apr May Jun Jul Aug Sep Oct Nov Dec
2007: Jan Feb Mar Apr May Jun Jul Aug Sep Oct Nov Dec
2006: Jan Feb Mar Apr May Jun Jul Aug Sep Oct Nov Dec

Report for 2014 March
                   Monthly Climatological Summary for Mar 2014

Name: AR573   City: Poughkeepsie   State: New York
Elevation: 308 ft  Lat: N 41° 37' 04"   Lon: W 073° 55' 28"

                  Temperature (°F), Rain (in), Wind Speed (mph)

                                      Heat  Cool        Avg
    Mean                              Deg   Deg         Wind                 Dom
Day Temp  High   Time   Low    Time   Days  Days  Rain  Speed High   Time    Dir
----------------------------------------------------------------------------------
 1  22.5  35.7   14:42   6.2   04:10  32.5   0.0  0.00   0.8  11.7   13:02     S
 2  30.1  35.0   13:59  22.4   23:59  24.9   0.0  0.00   3.1  16.9   10:41   NNE
 3  16.4  22.4   00:00  10.0   23:59  38.5   0.0  0.00   5.8  19.5   05:58   NNE
 4  16.4  26.2   15:01   4.5   05:14  38.6   0.0  0.00   1.3  10.4   00:00     N
 5  22.6  28.9   16:03  15.0   23:58  32.4   0.0  0.00   4.4  26.0   20:56     N
 6  17.5  27.7   16:14   7.6   06:24  37.5   0.0  0.00   4.0  24.7   00:05   NNE
 7  25.5  37.4   15:21  11.1   04:09  29.5   0.0  0.00   0.6   7.8   13:50   NNW
 8  38.9  51.4   16:04  28.4   06:20  16.1   0.0  0.00   0.8  10.4   19:58     N
 9  35.1  40.8   14:29  27.8   07:20  19.1   0.0  0.00   2.3  18.2   05:36   NNW
10  38.9  48.9   15:52  30.1   00:37  16.1   0.0  0.00   0.4  11.7   03:19   SSW
11  49.0  61.1   16:28  37.3   06:37   7.2   0.0  0.00   1.5  19.5   12:46   WSW
12  37.6  46.7   00:00  24.0   23:49  17.4   0.0  0.30   5.5  31.2   22:42   NNW
13  19.9  25.0   17:14  14.4   07:29  35.1   0.0  0.00   6.5  31.2   00:51   NNW
14  28.1  41.0   16:15  14.8   00:08  26.9   0.0  0.00   1.4  16.9   16:47   SSE
15  44.3  54.5   13:24  35.6   23:58  10.7   0.0  0.00   2.3  24.7   12:23   WSW
16  29.4  35.6   00:00  22.6   23:55  25.6   0.0  0.00   3.8  20.8   04:12   NNW
17  22.7  31.7   16:43  15.9   07:09  32.3   0.0  0.00   5.7  22.1   03:31   NNE
18  29.5  42.8   17:36  16.9   06:56  25.5   0.0  0.00   2.1  10.4   12:23   NNW
19  34.1  43.7   13:50  26.6   06:08  20.9   0.0  0.75   1.9  16.9   14:00   ESE
20  41.5  52.4   15:00  34.8   02:13  13.5   0.0  0.04   2.9  24.7   12:20   WSW
21  39.9  46.8   17:01  32.7   23:50  15.1   0.0  0.00   3.2  27.3   11:22     W
22  42.1  60.3   15:44  28.7   04:04  13.5   0.0  0.00   2.4  27.3   14:54     W
23  34.5  39.8   10:59  22.9   23:59  20.5   0.0  0.00   3.0  26.0   19:41   NNW
24  25.3  34.7   17:28  17.3   06:26  29.7   0.0  0.00   2.4  19.5   00:14   NNW
25  29.5  39.8   13:42  17.2   04:59  25.5   0.0  0.00   1.3  18.2   15:31   SSE
26  29.1  33.4   12:45  20.3   23:35  25.9   0.0  0.00   7.0  33.8   10:58   NNW
27  30.9  43.6   17:29  17.8   06:51  24.1   0.0  0.00   1.3  13.0   14:49     S
28  41.1  47.1   20:14  34.7   04:16  13.9   0.0  0.18   0.3   9.1   00:13    SE
29  44.3  47.6   00:09  40.0   06:46  10.7   0.0  1.17   2.7  15.6   10:40   NNE
30  39.7  41.8   00:00  36.8   23:56  15.3   0.0  0.83  11.7  36.4   15:22     N
31  39.9  52.2   17:12  33.6   06:22  15.1   0.0  0.04  11.8  39.0   00:07   NNE
----------------------------------------------------------------------------------
    32.1  61.1    11     4.5     4   709.6   0.0  3.31   3.4  39.0    31       N

Max >=  80.0:  0
Max <=  32.0:  6
Min <=  32.0: 23
Min <=   0.0:  0
Max Rain: 1.17 on day 29
Days of Rain: 7 (>= 0.01 in)  5 (>= 0.10 in)  1 (>= 1.00 in)
Heat Base: 55.0  Cool Base: 75.0  Method: Integration