27°F
Crown Heights Area, Poughkeepsie, NY, USA
UpdatedDec-16-2017 23:00 
 

NOAA-Style Climate Reports

Select a Year or Month report
2017: Jan Feb Mar Apr May Jun Jul Aug Sep Oct Nov Dec
2016: Jan Feb Mar Apr May Jun Jul Aug Sep Oct Nov Dec
2015: Jan Feb Mar Apr May Jun Jul Aug Sep Oct Nov Dec
2014: Jan Feb Mar Apr May Jun Jul Aug Sep Oct Nov Dec
2013: Jan Feb Mar Apr May Jun Jul Aug Sep Oct Nov Dec
2012: Jan Feb Mar Apr May Jun Jul Aug Sep Oct Nov Dec
2011: Jan Feb Mar Apr May Jun Jul Aug Sep Oct Nov Dec
2010: Jan Feb Mar Apr May Jun Jul Aug Sep Oct Nov Dec
2009: Jan Feb Mar Apr May Jun Jul Aug Sep Oct Nov Dec
2008: Jan Feb Mar Apr May Jun Jul Aug Sep Oct Nov Dec
2007: Jan Feb Mar Apr May Jun Jul Aug Sep Oct Nov Dec
2006: Jan Feb Mar Apr May Jun Jul Aug Sep Oct Nov Dec

Report for 2014 April
                   Monthly Climatological Summary for Apr 2014

Name: AR573   City: Poughkeepsie   State: New York
Elevation: 308 ft  Lat: N 41° 37' 04"   Lon: W 073° 55' 28"

                  Temperature (°F), Rain (in), Wind Speed (mph)

                                      Heat  Cool        Avg
    Mean                              Deg   Deg         Wind                 Dom
Day Temp  High   Time   Low    Time   Days  Days  Rain  Speed High   Time    Dir
----------------------------------------------------------------------------------
 1  45.6  57.0   17:07  35.1   05:41   9.5   0.0  0.00   3.6  22.1   00:14   NNE
 2  47.5  61.3   17:28  36.5   05:56   8.4   0.0  0.00   1.2  10.4   14:34    SE
 3  48.7  60.4   16:00  37.9   06:37   7.0   0.0  0.00   3.7  14.3   17:05     N
 4  41.8  46.5   00:00  35.9   22:28  13.2   0.0  0.13   4.8  24.7   13:18    SE
 5  42.0  52.5   14:29  35.5   23:52  12.9   0.0  0.01   3.3  28.6   14:41   WSW
 6  44.7  58.9   18:17  30.4   06:10  10.8   0.0  0.00   1.0  10.4   12:09   SSW
 7  44.4  53.7   14:31  36.6   06:40  10.6   0.0  0.13   2.2  19.5   15:13   ESE
 8  51.7  67.7   13:16  39.9   00:00   5.1   0.0  0.08   2.8  24.7   18:12    SW
 9  47.4  58.4   14:58  34.8   06:18   7.8   0.0  0.00   3.0  26.0   14:44   NNW
10  49.5  64.9   14:52  30.6   05:51   7.5   0.0  0.00   2.6  22.1   16:12   SSE
11  56.2  70.2   13:26  46.5   23:22   2.3   0.0  0.20   1.6  20.8   16:45     W
12  56.0  70.2   16:06  41.0   05:53   4.1   0.0  0.01   1.3  16.9   15:02    SW
13  62.6  78.8   15:23  48.6   08:04   1.6   0.4  0.03   2.3  23.4   17:43   SSE
14  68.7  77.9   22:41  57.6   06:47   0.0   0.4  0.00   3.2  23.4   15:26   SSE
15  57.5  67.0   00:04  33.1   23:56   4.0   0.0  1.44   5.1  27.3   10:56   ESE
16  36.8  45.0   15:53  28.9   06:23  18.2   0.0  0.02   5.7  28.6   03:37    NE
17  41.2  53.9   16:49  29.5   06:01  13.8   0.0  0.00   3.5  15.4   18:10     E
18  41.8  51.6   16:04  31.1   04:26  13.2   0.0  0.00   1.6  11.5   04:50    SE
19  52.9  64.7   16:14  41.9   06:00   4.7   0.0  0.00   4.1  24.3   15:23   NNE
20  52.2  65.1   16:07  40.0   06:18   5.2   0.0  0.00   2.6  14.1   09:36    NE
21  55.8  73.8   15:49  36.0   05:56   5.1   0.0  0.00   1.3  15.4   18:30   SSW
22  59.9  76.0   13:54  47.3   05:12   1.9   0.0  0.01   1.0  14.1   11:20   SSW
23  50.0  57.8   01:31  44.5   23:57   5.3   0.0  0.16   4.5  29.2   18:12   NNE
24  48.8  59.0   15:26  39.7   04:20   6.8   0.0  0.00   4.9  30.5   09:14     N
25  50.9  66.4   15:30  34.8   06:06   6.3   0.0  0.05   1.5  21.6   18:07   SSW
26  48.9  63.0   15:44  40.8   04:50   7.0   0.0  0.74   0.9  10.2   11:24    NE
27  47.9  54.8   15:10  41.9   05:44   7.0   0.0  0.00   2.9  17.5   18:57   NNE
28  51.6  60.9   16:06  39.5   05:32   4.9   0.0  0.00   3.7  21.1   09:57    NE
29  45.6  51.3   00:00  39.9   23:51   9.4   0.0  0.13   4.9  18.7   08:11    SE
30  42.1  48.2   23:58  38.8   03:56  12.9   0.0  2.08   2.4  18.7   02:16   ESE
----------------------------------------------------------------------------------
    49.7  78.8    13    28.9    16   226.5   0.8  5.22   2.9  30.5    24     ENE

Max >=  80.0:  0
Max <=  32.0:  0
Min <=  32.0:  5
Min <=   0.0:  0
Max Rain: 2.08 on day 30
Days of Rain: 15 (>= 0.01 in)  8 (>= 0.10 in)  2 (>= 1.00 in)
Heat Base: 55.0  Cool Base: 75.0  Method: Integration