78°F
Crown Heights Area, Poughkeepsie, NY, USA
UpdatedOct-21-2017 15:19 
 

NOAA-Style Climate Reports

Select a Year or Month report
2017: Jan Feb Mar Apr May Jun Jul Aug Sep Oct Nov Dec
2016: Jan Feb Mar Apr May Jun Jul Aug Sep Oct Nov Dec
2015: Jan Feb Mar Apr May Jun Jul Aug Sep Oct Nov Dec
2014: Jan Feb Mar Apr May Jun Jul Aug Sep Oct Nov Dec
2013: Jan Feb Mar Apr May Jun Jul Aug Sep Oct Nov Dec
2012: Jan Feb Mar Apr May Jun Jul Aug Sep Oct Nov Dec
2011: Jan Feb Mar Apr May Jun Jul Aug Sep Oct Nov Dec
2010: Jan Feb Mar Apr May Jun Jul Aug Sep Oct Nov Dec
2009: Jan Feb Mar Apr May Jun Jul Aug Sep Oct Nov Dec
2008: Jan Feb Mar Apr May Jun Jul Aug Sep Oct Nov Dec
2007: Jan Feb Mar Apr May Jun Jul Aug Sep Oct Nov Dec
2006: Jan Feb Mar Apr May Jun Jul Aug Sep Oct Nov Dec

Report for 2014 June
                   Monthly Climatological Summary for Jun 2014

Name: AR573   City: Poughkeepsie   State: New York
Elevation: 308 ft  Lat: N 41° 37' 04"   Lon: W 073° 55' 28"

                  Temperature (°F), Rain (in), Wind Speed (mph)

                                      Heat  Cool        Avg
    Mean                              Deg   Deg         Wind                 Dom
Day Temp  High   Time   Low    Time   Days  Days  Rain  Speed High   Time    Dir
----------------------------------------------------------------------------------
 1  65.3  77.9   15:39  50.0   05:31   0.5   0.4  0.00   0.5   9.5   16:12   WSW
 2  70.0  84.7   16:12  52.3   06:10   0.2   2.3  0.00   0.7  13.1   09:41    SW
 3  72.4  89.9   13:33  60.4   04:48   0.0   2.9  0.38   0.5  17.9   23:53     S
 4  69.1  79.8   15:31  60.6   05:36   0.0   0.6  0.04   0.5   8.3   09:15   NNE
 5  64.5  74.3   17:04  59.3   09:02   0.0   0.0  0.31   0.7  11.9   22:08     N
 6  64.1  74.8   16:44  54.3   04:38   0.0   0.0  0.00   0.6  14.3   17:28     N
 7  68.9  82.4   16:21  52.2   05:33   0.1   1.6  0.00   0.5  10.7   12:29   NNW
 8  71.5  86.3   14:52  55.8   04:46   0.0   2.8  0.00   0.4   9.5   15:38    SW
 9  64.0  67.3   00:00  61.8   07:49   0.0   0.0  0.17   0.1   7.1   13:28   ESE
10  68.8  78.2   16:45  61.8   01:55   0.0   0.4  0.00   0.1   4.8   10:54   SSE
11  62.9  69.8   00:00  59.7   09:46   0.0   0.0  0.13   0.9  15.5   00:57   ESE
12  62.6  67.4   23:00  58.0   03:41   0.0   0.0  0.02   0.1   7.1   04:00   ESE
13  68.0  79.8   16:08  65.0   05:34   0.0   0.2  1.12   0.2   7.1   02:15   ESE
14  64.3  71.0   13:29  55.2   22:52   0.0   0.0  0.01   0.6  14.3   17:54   NNE
15  65.2  77.3   16:03  50.8   04:33   0.5   0.2  0.00   0.7  11.9   11:53   NNE
16  69.6  84.5   16:38  55.0   05:08   0.0   2.0  0.00   0.4   8.3   18:21   SSW
17  77.0  90.4   15:51  62.5   04:45   0.0   5.4  0.00   0.4   9.5   23:40   SSW
18  77.7  85.2   14:27  68.7   23:31   0.0   3.8  0.00   1.2  20.2   09:44     W
19  71.9  82.0   16:53  62.3   23:59   0.0   1.4  0.34   0.4   8.3   18:58   WNW
20  67.9  78.0   15:48  55.1   05:31   0.0   0.4  0.00   0.6  10.7   11:29     N
21  66.6  78.0   16:14  52.5   05:30   0.1   0.2  0.00   0.6  10.7   00:08     N
22  69.1  81.2   15:29  56.1   05:33   0.0   1.3  0.00   0.5   8.3   13:01    NW
23  70.9  84.0   12:53  55.3   05:20   0.0   2.3  0.00   0.6  11.9   13:43   SSE
24  71.7  82.4   16:37  61.1   05:33   0.0   1.5  0.00   0.8  15.5   16:02     S
25  74.5  86.6   14:03  64.0   05:22   0.0   2.9  0.55   0.6  13.1   22:59   SSE
26  74.6  84.2   16:18  68.4   05:55   0.0   2.3  0.04   1.0  16.7   20:03   NNE
27  73.6  82.8   14:26  64.8   23:49   0.0   2.2  0.00   1.0  13.1   13:55   NNE
28  73.5  86.6   17:07  58.6   05:30   0.0   3.6  0.00   0.3   7.1   16:24     W
29  74.4  88.8   14:37  60.3   05:29   0.0   3.7  0.00   0.6  13.1   17:10   SSW
30  74.5  87.5   15:02  62.1   04:45   0.0   3.4  0.00   0.5  11.9   10:39    SW
----------------------------------------------------------------------------------
    69.6  90.4    17    50.0     1     1.4  47.8  3.11   0.6  20.2    18      NW

Max >=  80.0: 17
Max <=  32.0:  0
Min <=  32.0:  0
Min <=   0.0:  0
Max Rain: 1.12 on day 13
Days of Rain: 11 (>= 0.01 in)  7 (>= 0.10 in)  1 (>= 1.00 in)
Heat Base: 55.0  Cool Base: 75.0  Method: Integration