78°F
Crown Heights Area, Poughkeepsie, NY, USA
UpdatedOct-21-2017 15:22 
 

NOAA-Style Climate Reports

Select a Year or Month report
2017: Jan Feb Mar Apr May Jun Jul Aug Sep Oct Nov Dec
2016: Jan Feb Mar Apr May Jun Jul Aug Sep Oct Nov Dec
2015: Jan Feb Mar Apr May Jun Jul Aug Sep Oct Nov Dec
2014: Jan Feb Mar Apr May Jun Jul Aug Sep Oct Nov Dec
2013: Jan Feb Mar Apr May Jun Jul Aug Sep Oct Nov Dec
2012: Jan Feb Mar Apr May Jun Jul Aug Sep Oct Nov Dec
2011: Jan Feb Mar Apr May Jun Jul Aug Sep Oct Nov Dec
2010: Jan Feb Mar Apr May Jun Jul Aug Sep Oct Nov Dec
2009: Jan Feb Mar Apr May Jun Jul Aug Sep Oct Nov Dec
2008: Jan Feb Mar Apr May Jun Jul Aug Sep Oct Nov Dec
2007: Jan Feb Mar Apr May Jun Jul Aug Sep Oct Nov Dec
2006: Jan Feb Mar Apr May Jun Jul Aug Sep Oct Nov Dec

Report for 2014 August
                   Monthly Climatological Summary for Aug 2014

Name: AR573   City: Poughkeepsie   State: New York
Elevation: 308 ft  Lat: N 41° 37' 04"   Lon: W 073° 55' 28"

                  Temperature (°F), Rain (in), Wind Speed (mph)

                                      Heat  Cool        Avg
    Mean                              Deg   Deg         Wind                 Dom
Day Temp  High   Time   Low    Time   Days  Days  Rain  Speed High   Time    Dir
----------------------------------------------------------------------------------
 1  70.6  85.3   14:12  63.1   05:24   0.0   1.7  0.74   0.3  15.5   15:20   WSW
 2  68.9  75.5   13:16  64.6   22:55   0.0   0.0  0.01   0.5  10.7   14:11     E
 3  69.5  79.0   16:04  62.8   04:14   0.0   0.5  0.09   0.2   8.3   13:18   ESE
 4  74.1  84.6   14:37  63.3   05:28   0.0   2.7  0.00   0.2   7.1   07:15   WSW
 5  75.2  87.1   14:50  63.7   06:07   0.0   3.8  0.13   0.4  13.1   21:02    NE
 6  69.1  82.2   15:47  62.9   05:54   0.0   0.7  0.00   0.2  19.0   16:03    NE
 7  68.1  80.9   14:39  57.2   05:49   0.0   0.7  0.01   0.7  13.1   19:16     N
 8  68.1  80.6   15:10  53.3   05:38   0.1   1.1  0.00   0.4   8.3   11:14   NNW
 9  70.7  83.5   15:27  57.1   05:33   0.0   2.1  0.00   0.3   7.1   12:03     N
10  72.0  86.7   15:09  57.1   05:41   0.0   2.9  0.00   0.3   7.1   11:08   NNE
11  72.8  85.8   13:27  60.1   05:43   0.0   2.8  0.00   0.4  10.7   17:58     S
12  69.4  76.3   11:58  63.6   02:39   0.0   0.0  0.01   0.9  15.5   12:40   ESE
13  70.2  78.0   16:55  65.2   08:30   0.0   0.1  1.02   1.0  19.0   02:37     E
14  66.6  75.6   15:59  57.9   06:05   0.0   0.0  0.06   0.8  17.9   11:56    SW
15  61.9  69.0   16:52  53.4   06:22   0.1   0.0  0.01   0.8  15.5   16:54    SW
16  65.7  76.3   14:05  55.3   04:44   0.0   0.0  0.00   0.6  14.3   08:05    SW
17  69.4  80.2   14:58  61.5   02:17   0.0   0.8  0.00   0.7  13.1   18:20    NW
18  67.3  80.0   15:24  53.9   05:28   0.0   0.7  0.00   0.4   9.5   18:13     N
19  67.3  81.1   16:18  52.5   05:33   0.2   1.1  0.00   0.2   7.1   12:28   WSW
20  72.7  84.6   15:45  61.3   05:08   0.0   2.4  0.00   0.4   8.3   10:50   SSE
21  69.9  78.3   14:24  63.1   06:25   0.0   0.4  0.13   0.3   7.1   14:09    SE
22  67.1  71.2   15:13  64.8   06:03   0.0   0.0  0.01   0.1   7.1   11:53   ESE
23  67.5  75.6   15:09  62.9   05:34   0.0   0.0  0.00   0.3   8.3   15:32     E
24  67.4  79.4   16:09  56.2   05:02   0.0   0.5  0.00   0.4  10.7   16:31   NNE
25  71.3  85.5   14:33  56.9   06:06   0.0   2.8  0.00   0.4   7.1   13:58     W
26  73.8  87.9   15:27  59.9   05:56   0.0   3.5  0.00   0.2   7.1   15:47   ESE
27  75.8  90.6   15:52  65.3   03:45   0.0   3.9  0.01   0.4   9.5   18:18   SSE
28  69.8  79.4   15:10  59.8   23:57   0.0   0.5  0.00   0.9  13.1   12:37     N
29  65.3  76.9   15:39  52.6   05:24   0.1   0.1  0.00   0.4  10.7   12:52    NE
30  69.1  80.0   14:28  56.1   06:24   0.0   0.7  0.00   0.5  10.7   11:34     S
31  73.3  83.2   16:28  69.9   05:56   0.0   1.2  0.79   0.1  16.7   17:30     S
----------------------------------------------------------------------------------
    69.7  90.6    27    52.5    19     0.5  37.7  3.02   0.4  19.0     6     ENE

Max >=  80.0: 18
Max <=  32.0:  0
Min <=  32.0:  0
Min <=   0.0:  0
Max Rain: 1.02 on day 13
Days of Rain: 13 (>= 0.01 in)  5 (>= 0.10 in)  1 (>= 1.00 in)
Heat Base: 55.0  Cool Base: 75.0  Method: Integration