28°F
Crown Heights Area, Poughkeepsie, NY, USA
UpdatedDec-17-2017 12:31 
 

NOAA-Style Climate Reports

Select a Year or Month report
2017: Jan Feb Mar Apr May Jun Jul Aug Sep Oct Nov Dec
2016: Jan Feb Mar Apr May Jun Jul Aug Sep Oct Nov Dec
2015: Jan Feb Mar Apr May Jun Jul Aug Sep Oct Nov Dec
2014: Jan Feb Mar Apr May Jun Jul Aug Sep Oct Nov Dec
2013: Jan Feb Mar Apr May Jun Jul Aug Sep Oct Nov Dec
2012: Jan Feb Mar Apr May Jun Jul Aug Sep Oct Nov Dec
2011: Jan Feb Mar Apr May Jun Jul Aug Sep Oct Nov Dec
2010: Jan Feb Mar Apr May Jun Jul Aug Sep Oct Nov Dec
2009: Jan Feb Mar Apr May Jun Jul Aug Sep Oct Nov Dec
2008: Jan Feb Mar Apr May Jun Jul Aug Sep Oct Nov Dec
2007: Jan Feb Mar Apr May Jun Jul Aug Sep Oct Nov Dec
2006: Jan Feb Mar Apr May Jun Jul Aug Sep Oct Nov Dec

Report for 2014 September
                   Monthly Climatological Summary for Sep 2014

Name: AR573   City: Poughkeepsie   State: New York
Elevation: 308 ft  Lat: N 41° 37' 04"   Lon: W 073° 55' 28"

                  Temperature (°F), Rain (in), Wind Speed (mph)

                                      Heat  Cool        Avg
    Mean                              Deg   Deg         Wind                 Dom
Day Temp  High   Time   Low    Time   Days  Days  Rain  Speed High   Time    Dir
----------------------------------------------------------------------------------
 1  77.1  87.1   14:21  69.0   06:11   0.0   3.8  0.00   0.1   8.3   14:21    SW
 2  80.3  90.8   15:47  70.5   06:56   0.0   6.2  0.00   0.5  10.7   10:34    SW
 3  74.5  84.6   15:13  64.5   23:41   0.0   2.3  0.00   0.4  10.7   00:38   WSW
 4  72.2  86.9   14:03  57.0   05:36   0.0   3.0  0.00   0.3  11.9   12:59     S
 5  75.7  85.7   16:30  64.0   06:29   0.0   3.5  0.00   0.4   9.5   12:54    SW
 6  76.3  88.5   13:01  60.3   23:58   0.0   3.9  0.21   0.7  16.7   19:22     N
 7  66.9  77.9   16:20  58.6   23:58   0.0   0.3  0.01   0.6  10.7   11:00    NE
 8  64.1  76.4   13:52  53.0   06:22   0.1   0.0  0.00   0.8  10.7   11:14     E
 9  62.9  71.1   16:07  53.5   06:33   0.1   0.0  0.00   0.5   8.3   16:25   ENE
10  66.0  77.7   16:41  53.8   06:34   0.0   0.2  0.00   0.4   7.1   09:57   ESE
11  69.3  79.0   16:47  61.0   23:59   0.0   0.3  0.00   0.7  13.1   20:22   ESE
12  61.4  69.8   13:59  53.6   23:58   0.0   0.0  0.00   1.4  16.7   09:49    NE
13  55.6  62.0   12:34  49.2   03:42   1.6   0.0  0.23   0.5   9.5   02:17   NNE
14  55.8  66.9   14:56  46.6   06:08   2.4   0.0  0.01   0.6  11.9   00:57   NNE
15  56.6  68.8   15:23  44.1   03:33   3.0   0.0  0.00   0.3   7.1   14:29   WSW
16  59.4  68.5   13:22  54.1   07:57   0.1   0.0  0.22   0.1   6.0   13:03   WNW
17  57.9  70.6   14:04  46.9   07:15   2.1   0.0  0.00   0.3  11.9   15:11    SW
18  58.7  73.7   14:10  44.8   06:27   2.9   0.0  0.00   0.5  14.3   21:36    NE
19  54.2  64.8   16:10  44.2   06:50   3.0   0.0  0.00   1.0  17.9   06:42   NNE
20  62.0  74.3   14:11  50.7   03:33   1.1   0.0  0.00   0.6  17.9   14:12   SSE
21  67.9  77.0   15:01  61.2   00:54   0.0   0.1  0.00   0.3   9.5   22:38    SE
22  60.4  68.6   13:08  48.7   23:25   0.8   0.0  0.01   1.5  21.4   15:47    SW
23  57.0  71.3   16:13  42.4   03:33   3.2   0.0  0.00   0.3   8.3   11:18     S
24  59.3  70.9   13:50  47.5   05:46   1.5   0.0  0.00   0.6   9.5   15:59     E
25  58.9  63.7   15:50  54.2   07:29   0.1   0.0  0.00   0.9   9.5   06:09     N
26  64.3  76.5   15:18  52.4   06:56   0.2   0.1  0.00   1.3  16.7   16:32   NNE
27  65.9  83.6   16:05  50.1   06:46   0.6   1.3  0.00   0.4   7.1   12:53   NNW
28  68.1  85.1   15:25  53.2   06:39   0.1   1.8  0.00   0.1   9.5   14:47     S
29  66.5  76.0   15:30  58.0   06:37   0.0   0.0  0.00   0.0   3.6   09:38     N
30  63.8  73.6   13:52  57.2   22:34   0.0   0.0  0.00   0.8  13.1   14:30   ESE
----------------------------------------------------------------------------------
    64.6  90.8     2    42.4    23    22.9  26.8  0.69   0.6  21.4    22      NE

Max >=  80.0:  8
Max <=  32.0:  0
Min <=  32.0:  0
Min <=   0.0:  0
Max Rain: 0.23 on day 13
Days of Rain: 6 (>= 0.01 in)  3 (>= 0.10 in)  0 (>= 1.00 in)
Heat Base: 55.0  Cool Base: 75.0  Method: Integration