28°F
Crown Heights Area, Poughkeepsie, NY, USA
UpdatedDec-17-2017 12:23 
 

NOAA-Style Climate Reports

Select a Year or Month report
2017: Jan Feb Mar Apr May Jun Jul Aug Sep Oct Nov Dec
2016: Jan Feb Mar Apr May Jun Jul Aug Sep Oct Nov Dec
2015: Jan Feb Mar Apr May Jun Jul Aug Sep Oct Nov Dec
2014: Jan Feb Mar Apr May Jun Jul Aug Sep Oct Nov Dec
2013: Jan Feb Mar Apr May Jun Jul Aug Sep Oct Nov Dec
2012: Jan Feb Mar Apr May Jun Jul Aug Sep Oct Nov Dec
2011: Jan Feb Mar Apr May Jun Jul Aug Sep Oct Nov Dec
2010: Jan Feb Mar Apr May Jun Jul Aug Sep Oct Nov Dec
2009: Jan Feb Mar Apr May Jun Jul Aug Sep Oct Nov Dec
2008: Jan Feb Mar Apr May Jun Jul Aug Sep Oct Nov Dec
2007: Jan Feb Mar Apr May Jun Jul Aug Sep Oct Nov Dec
2006: Jan Feb Mar Apr May Jun Jul Aug Sep Oct Nov Dec

Report for 2014 December
                   Monthly Climatological Summary for Dec 2014

Name: AR573   City: Poughkeepsie   State: New York
Elevation: 308 ft  Lat: N 41° 37' 04"   Lon: W 073° 55' 28"

                  Temperature (°F), Rain (in), Wind Speed (mph)

                                      Heat  Cool        Avg
    Mean                              Deg   Deg         Wind                 Dom
Day Temp  High   Time   Low    Time   Days  Days  Rain  Speed High   Time    Dir
----------------------------------------------------------------------------------
 1  44.5  57.2   11:01  35.8   23:57  10.6   0.0  0.00   2.5  17.9   17:32     N
 2  32.1  35.8   00:00  27.8   08:19  22.9   0.0  0.16   3.2  17.9   03:03   NNE
 3  36.7  40.7   15:19  32.4   01:22  18.3   0.0  0.07   0.8  19.0   19:48   WSW
 4  35.3  43.2   12:48  29.6   23:41  19.7   0.0  0.00   1.2  14.3   05:10    NW
 5  29.6  33.6   14:52  23.6   06:18  25.4   0.0  0.00   1.6   9.5   06:28   NNW
 6  35.7  39.0   15:29  32.4   00:01  19.3   0.0  0.85   2.2  28.6   23:56     N
 7  30.8  36.5   00:00  19.4   23:57  24.2   0.0  0.00  10.7  33.3   08:37   NNE
 8  21.4  27.2   23:47  14.0   07:16  33.6   0.0  0.00   4.2  15.5   00:29     N
 9  32.6  38.0   23:34  27.2   00:00  22.4   0.0  0.48   8.7  34.5   18:20     N
10  34.2  38.1   00:12  29.6   22:31  20.8   0.0  0.14   2.8  20.2   00:10   NNW
11  30.8  34.5   14:11  28.4   23:59  24.2   0.0  0.01   1.2  16.7   10:07    SW
12  31.1  36.4   11:27  26.6   02:33  23.9   0.0  0.01   0.5   9.5   14:01   WNW
13  33.8  42.6   12:46  28.3   03:25  21.2   0.0  0.01   0.9  16.7   13:18   NNW
14  35.1  41.0   12:57  29.6   04:40  19.9   0.0  0.00   0.8  10.7   12:58     N
15  35.3  42.2   13:26  28.9   23:37  19.7   0.0  0.00   1.8  10.7   11:46     N
16  34.8  41.6   14:46  26.4   04:03  20.2   0.0  0.26   0.5   9.5   16:01    SE
17  41.8  48.9   13:58  38.5   00:20  13.2   0.0  0.02   1.4  17.9   15:19    SW
18  37.0  42.8   12:52  34.1   18:51  18.0   0.0  0.00   2.1  19.0   06:12   WSW
19  32.4  36.4   12:25  26.8   22:57  22.6   0.0  0.00   2.1  13.1   08:11   NNW
20  27.6  28.4   11:56  26.5   07:30  27.3   0.0  0.00   2.8  13.1   02:59   NNE
21  29.1  31.4   16:02  26.5   02:47  25.9   0.0  0.00   1.8  10.7   14:55     N
22  32.9  36.6   13:54  29.9   01:20  21.9   0.0  0.01   1.9   8.3   02:41   NNW
23  38.5  40.8   18:04  34.8   00:12  16.4   0.0  0.15   3.1  11.9   15:51   NNW
24  43.6  51.4   23:59  40.0   03:56  11.4   0.0  0.29   0.8   9.5   01:22   NNW
25  48.4  57.5   03:55  40.8   23:37   6.7   0.0  0.02   2.8  23.8   11:04    SW
26  40.8  48.3   12:58  34.2   06:40  14.2   0.0  0.00   0.4   8.3   00:18   WSW
27  42.9  52.0   13:01  35.1   00:42  12.1   0.0  0.00   0.4  10.7   13:35   SSW
28  44.4  50.0   13:35  37.8   23:50  10.6   0.0  0.06   0.9  19.0   12:22   WSW
29  34.6  40.9   11:35  27.1   23:58  20.4   0.0  0.00   1.1  10.7   11:03   NNW
30  25.0  30.0   13:02  20.6   23:11  30.0   0.0  0.00   1.7  11.9   16:05     N
31  23.7  28.7   13:06  19.2   23:40  31.3   0.0  0.00   1.0  16.7   10:58    SW
----------------------------------------------------------------------------------
    34.7  57.5    25    14.0     8   628.3   0.0  2.54   2.2  34.5     9       N

Max >=  80.0:  0
Max <=  32.0:  5
Min <=  32.0: 20
Min <=   0.0:  0
Max Rain: 0.85 on day 6
Days of Rain: 15 (>= 0.01 in)  7 (>= 0.10 in)  0 (>= 1.00 in)
Heat Base: 55.0  Cool Base: 75.0  Method: Integration