27°F
Crown Heights Area, Poughkeepsie, NY, USA
UpdatedDec-16-2017 23:09 
 

NOAA-Style Climate Reports

Select a Year or Month report
2017: Jan Feb Mar Apr May Jun Jul Aug Sep Oct Nov Dec
2016: Jan Feb Mar Apr May Jun Jul Aug Sep Oct Nov Dec
2015: Jan Feb Mar Apr May Jun Jul Aug Sep Oct Nov Dec
2014: Jan Feb Mar Apr May Jun Jul Aug Sep Oct Nov Dec
2013: Jan Feb Mar Apr May Jun Jul Aug Sep Oct Nov Dec
2012: Jan Feb Mar Apr May Jun Jul Aug Sep Oct Nov Dec
2011: Jan Feb Mar Apr May Jun Jul Aug Sep Oct Nov Dec
2010: Jan Feb Mar Apr May Jun Jul Aug Sep Oct Nov Dec
2009: Jan Feb Mar Apr May Jun Jul Aug Sep Oct Nov Dec
2008: Jan Feb Mar Apr May Jun Jul Aug Sep Oct Nov Dec
2007: Jan Feb Mar Apr May Jun Jul Aug Sep Oct Nov Dec
2006: Jan Feb Mar Apr May Jun Jul Aug Sep Oct Nov Dec

Report for 2015 February
                   Monthly Climatological Summary for Feb 2015

Name: AR573   City: Poughkeepsie   State: New York
Elevation: 308 ft  Lat: N 41° 37' 04"   Lon: W 073° 55' 28"

                  Temperature (°F), Rain (in), Wind Speed (mph)

                                      Heat  Cool        Avg
    Mean                              Deg   Deg         Wind                 Dom
Day Temp  High   Time   Low    Time   Days  Days  Rain  Speed High   Time    Dir
----------------------------------------------------------------------------------
 1  25.4  35.9   13:30  12.0   00:00  29.6   0.0  0.03   0.7  13.1   02:04   WSW
 2  14.7  22.1   00:00  10.1   23:55  40.3   0.0  0.00   5.6  21.4   18:01   NNW
 3  13.0  25.1   15:34   1.2   07:34  42.0   0.0  0.00   0.9  16.7   00:36   WNW
 4  24.1  33.0   15:34  12.4   03:00  30.8   0.0  0.01   0.0   4.8   11:30    SE
 5  22.3  32.2   04:18   7.4   23:56  32.7   0.0  0.00   4.0  26.2   14:28   NNW
 6  13.2  23.6   15:39   0.6   06:52  41.8   0.0  0.00   1.3  17.9   15:11    SW
 7  25.2  29.9   16:10  17.6   00:00  29.8   0.0  0.00   0.4   9.5   07:56   SSW
 8  26.7  29.5   02:02  22.1   09:06  28.3   0.0  0.00   2.0  11.9   08:57     N
 9  20.9  23.0   00:00  18.6   06:41  34.1   0.0  0.00   4.6  14.3   15:53     N
10  26.6  33.9   13:11  21.5   23:59  28.4   0.0  0.02   8.2  28.6   17:14   NNE
11  22.2  30.1   15:18  13.6   07:45  32.8   0.0  0.00   4.5  25.0   01:45   NNE
12  26.4  39.6   12:19  12.1   23:59  28.6   0.0  0.03   1.3  16.7   14:35   NNW
13  10.5  19.5   15:33   2.4   06:22  44.5   0.0  0.00   1.8  15.5   00:14   WNW
14  12.4  22.1   16:34  -0.7   06:01  42.6   0.0  0.00   0.5   7.1   09:44     N
15  11.9  18.4   11:57  -0.5   23:41  43.1   0.0  0.00   5.0  29.8   10:21   NNW
16   9.1  19.7   14:51  -3.8   05:54  45.9   0.0  0.00   1.9  21.4   11:49   NNW
17  14.0  24.1   15:36   6.7   06:57  41.0   0.0  0.00   1.9   9.5   02:23     N
18  16.4  29.7   15:03  -0.3   06:21  38.6   0.0  0.00   0.5   8.3   20:28   NNW
19  14.1  21.2   11:35   3.2   23:55  40.9   0.0  0.00   2.9  27.4   17:19   WSW
20   8.3  20.4   15:04  -2.4   06:35  46.7   0.0  0.00   2.4  21.5   02:20   WSW
21  15.8  25.4   22:01   1.5   05:10  39.2   0.0  0.00   0.6  20.3   10:50   SSE
22  30.5  40.7   15:56  23.7   02:55  24.5   0.0  0.30   0.6  10.8   20:37   NNW
23  17.1  27.6   00:00   1.0   23:49  37.9   0.0  0.00   2.7  19.1   11:01   NNW
24   9.6  20.5   15:38  -6.2   05:49  45.4   0.0  0.00   1.3  20.3   14:42   SSE
25  23.9  36.2   14:18   9.1   06:22  31.1   0.0  0.02   1.8  25.1   12:41     W
26  17.3  20.4   13:58  15.3   08:29  37.7   0.0  0.00   3.7  16.7   08:08   NNE
27  17.2  26.6   14:39   8.5   06:41  37.8   0.0  0.00   1.9  13.1   11:00   NNW
28  16.6  27.8   16:15   4.9   04:53  38.4   0.0  0.00   1.1  12.0   00:42   NNW
----------------------------------------------------------------------------------
    18.0  40.7    22    -6.2    24  1034.5   0.0  0.41   2.3  29.8    15     NNW

Max >=  80.0:  0
Max <=  32.0: 21
Min <=  32.0: 28
Min <=   0.0:  6
Max Rain: 0.30 on day 22
Days of Rain: 6 (>= 0.01 in)  1 (>= 0.10 in)  0 (>= 1.00 in)
Heat Base: 55.0  Cool Base: 75.0  Method: Integration