70°F
Crown Heights Area, Poughkeepsie, NY, USA
UpdatedOct-24-2017 01:37 
 

NOAA-Style Climate Reports

Select a Year or Month report
2017: Jan Feb Mar Apr May Jun Jul Aug Sep Oct Nov Dec
2016: Jan Feb Mar Apr May Jun Jul Aug Sep Oct Nov Dec
2015: Jan Feb Mar Apr May Jun Jul Aug Sep Oct Nov Dec
2014: Jan Feb Mar Apr May Jun Jul Aug Sep Oct Nov Dec
2013: Jan Feb Mar Apr May Jun Jul Aug Sep Oct Nov Dec
2012: Jan Feb Mar Apr May Jun Jul Aug Sep Oct Nov Dec
2011: Jan Feb Mar Apr May Jun Jul Aug Sep Oct Nov Dec
2010: Jan Feb Mar Apr May Jun Jul Aug Sep Oct Nov Dec
2009: Jan Feb Mar Apr May Jun Jul Aug Sep Oct Nov Dec
2008: Jan Feb Mar Apr May Jun Jul Aug Sep Oct Nov Dec
2007: Jan Feb Mar Apr May Jun Jul Aug Sep Oct Nov Dec
2006: Jan Feb Mar Apr May Jun Jul Aug Sep Oct Nov Dec

Report for 2015 March
                   Monthly Climatological Summary for Mar 2015

Name: AR573   City: Poughkeepsie   State: New York
Elevation: 308 ft  Lat: N 41° 37' 04"   Lon: W 073° 55' 28"

                  Temperature (°F), Rain (in), Wind Speed (mph)

                                      Heat  Cool        Avg
    Mean                              Deg   Deg         Wind                 Dom
Day Temp  High   Time   Low    Time   Days  Days  Rain  Speed High   Time    Dir
----------------------------------------------------------------------------------
 1  17.9  26.2   12:58   7.5   02:44  37.1   0.0  0.00   0.2   7.2   12:31    SE
 2  28.0  35.8   12:28  22.7   00:03  27.0   0.0  0.14   2.1  23.9   09:38     W
 3  23.7  32.2   23:50  13.2   06:38  31.3   0.0  0.00   1.2  16.7   22:19   SSE
 4  37.2  43.4   13:15  31.7   02:55  17.8   0.0  0.32   0.4  14.3   01:35    SW
 5  25.0  35.3   00:00  14.3   23:55  30.0   0.0  0.00   3.3  19.1   08:35     N
 6  17.8  27.2   15:36   7.1   06:29  37.2   0.0  0.00   1.1  14.3   00:21    NW
 7  25.9  36.4   13:02  13.2   06:08  29.1   0.0  0.00   0.8  16.7   14:03   SSW
 8  37.4  45.6   13:59  30.1   00:00  16.9   0.0  0.00   1.3  21.5   11:39     W
 9  39.0  50.2   15:47  24.4   05:26  16.0   0.0  0.00   1.1  17.9   09:52   WSW
10  39.1  52.8   13:52  27.4   07:52  15.9   0.0  0.12   0.3  10.8   17:37     S
11  47.2  60.3   15:15  38.4   03:12   8.3   0.0  0.02   1.3  14.3   21:02    SW
12  38.5  43.0   00:00  29.6   23:54  16.5   0.0  0.00   4.4  27.5   05:50   NNW
13  34.2  44.6   15:50  25.1   07:50  20.8   0.0  0.00   1.1  14.3   18:18    SE
14  38.2  43.5   14:53  33.8   00:53  16.8   0.0  0.55   0.1   8.4   22:02    SW
15  38.8  43.4   11:27   0.4   03:52  16.2   0.0  0.01   3.9  27.5   17:08    NW
16  38.1  47.0   16:42  28.8   05:54  16.9   0.0  0.00   0.5  13.1   02:27   NNW
17  39.7  51.4   15:09  30.8   22:20  15.2   0.0  0.06   2.0  31.1   16:39    NW
18  28.6  34.9   14:21  23.5   07:07  26.4   0.0  0.00   4.4  28.7   17:58   NNW
19  30.0  38.7   16:09  20.7   04:34  25.0   0.0  0.00   2.3  21.5   11:49   NNW
20  28.3  33.6   11:40  24.4   04:08  26.7   0.0  0.00   0.7   8.4   09:52   ESE
21  34.8  43.6   16:54  26.4   04:51  20.2   0.0  0.18   0.5  15.5   23:58   SSW
22  31.3  39.4   00:00  22.6   23:57  23.7   0.0  0.00   3.3  23.9   13:25    NW
23  26.3  34.4   16:29  17.1   05:13  28.7   0.0  0.00   2.8  14.3   11:42     N
24  29.1  39.3   17:41  19.0   05:13  25.9   0.0  0.00   2.7  14.3   02:29   NNE
25  34.0  50.0   14:19  21.2   05:11  21.0   0.0  0.13   0.9  22.7   15:31    SE
26  40.8  47.9   14:53  35.0   02:45  14.2   0.0  0.38   1.7  19.1   21:44     N
27  40.0  44.9   13:19  35.9   08:14  15.0   0.0  0.14   1.9  15.5   23:59     N
28  30.8  36.5   00:00  25.8   23:46  24.2   0.0  0.00   5.1  20.3   00:28     N
29  32.2  44.6   17:44  19.7   06:10  22.8   0.0  0.00   1.3  12.0   10:51   NNW
30  39.9  50.1   16:33  31.0   06:39  15.1   0.0  0.03   1.6  23.9   05:28    SW
31  37.7  45.9   11:22  31.6   23:51  17.3   0.0  0.09   1.2  14.3   04:18    SW
----------------------------------------------------------------------------------
    33.2  60.3    11     0.4    15   675.2   0.0  2.17   1.8  31.1    17     NNW

Max >=  80.0:  0
Max <=  32.0:  2
Min <=  32.0: 27
Min <=   0.0:  0
Max Rain: 0.55 on day 14
Days of Rain: 13 (>= 0.01 in)  8 (>= 0.10 in)  0 (>= 1.00 in)
Heat Base: 55.0  Cool Base: 75.0  Method: Integration