27°F
Crown Heights Area, Poughkeepsie, NY, USA
UpdatedDec-16-2017 23:02 
 

NOAA-Style Climate Reports

Select a Year or Month report
2017: Jan Feb Mar Apr May Jun Jul Aug Sep Oct Nov Dec
2016: Jan Feb Mar Apr May Jun Jul Aug Sep Oct Nov Dec
2015: Jan Feb Mar Apr May Jun Jul Aug Sep Oct Nov Dec
2014: Jan Feb Mar Apr May Jun Jul Aug Sep Oct Nov Dec
2013: Jan Feb Mar Apr May Jun Jul Aug Sep Oct Nov Dec
2012: Jan Feb Mar Apr May Jun Jul Aug Sep Oct Nov Dec
2011: Jan Feb Mar Apr May Jun Jul Aug Sep Oct Nov Dec
2010: Jan Feb Mar Apr May Jun Jul Aug Sep Oct Nov Dec
2009: Jan Feb Mar Apr May Jun Jul Aug Sep Oct Nov Dec
2008: Jan Feb Mar Apr May Jun Jul Aug Sep Oct Nov Dec
2007: Jan Feb Mar Apr May Jun Jul Aug Sep Oct Nov Dec
2006: Jan Feb Mar Apr May Jun Jul Aug Sep Oct Nov Dec

Report for 2015 June
                   Monthly Climatological Summary for Jun 2015

Name: AR573   City: Poughkeepsie   State: New York
Elevation: 308 ft  Lat: N 41° 37' 04"   Lon: W 073° 55' 28"

                  Temperature (°F), Rain (in), Wind Speed (mph)

                                      Heat  Cool        Avg
    Mean                              Deg   Deg         Wind                 Dom
Day Temp  High   Time   Low    Time   Days  Days  Rain  Speed High   Time    Dir
----------------------------------------------------------------------------------
 1  51.8  53.8   00:42  47.0   23:59   3.2   0.0  0.77   0.6  10.8   00:30   ENE
 2  51.2  56.5   18:36  46.7   05:17   4.0   0.0  0.52   0.2   8.4   00:02    NE
 3  59.6  72.1   17:14  49.5   03:00   1.5   0.0  0.00   0.5   8.4   08:28   NNE
 4  60.2  70.8   15:12  51.6   01:09   0.7   0.0  0.00   0.3   7.2   18:42   ESE
 5  63.9  74.1   14:25  52.2   05:40   0.2   0.0  0.00   0.3   7.2   12:45   SSW
 6  64.9  72.7   16:00  55.8   23:59   0.0   0.0  0.01   2.4  22.8   14:35   NNE
 7  62.6  77.4   15:31  45.7   06:02   1.6   0.1  0.00   0.9  16.8   17:15    SE
 8  67.4  78.2   14:58  59.9   08:59   0.0   0.4  0.63   0.9  14.4   04:56    SE
 9  69.6  81.8   13:31  63.0   23:53   0.0   0.5  0.57   0.7  27.6   15:26   SSW
10  71.0  82.7   16:26  57.1   04:42   0.0   1.8  0.00   0.6  10.8   11:00    SW
11  77.1  88.2   16:30  66.3   05:03   0.0   4.5  0.00   0.6  10.8   13:12    SW
12  74.7  87.6   14:47  63.1   05:34   0.0   2.9  0.20   0.4  20.4   20:11   SSW
13  72.9  80.6   15:01  63.6   23:56   0.0   1.1  0.01   1.1  21.6   08:08   NNE
14  72.5  85.8   15:08  57.7   05:44   0.0   3.3  0.02   0.4   8.4   15:19   WSW
15  67.5  73.3   10:22  64.1   01:52   0.0   0.0  0.49   1.1  12.0   14:06     E
16  70.7  81.5   17:58  62.9   03:36   0.0   0.9  0.08   0.2  10.8   18:50    NE
17  70.0  78.0   16:51  62.8   23:35   0.0   0.3  0.00   0.6  13.2   08:48   NNE
18  65.7  69.9   11:49  60.8   05:51   0.0   0.0  0.00   0.1   7.2   10:49   ESE
19  73.3  84.5   17:26  65.0   05:02   0.0   2.3  0.00   0.6  10.8   18:40     N
20  64.5  70.7   11:26  58.4   05:25   0.0   0.0  0.04   0.5   9.6   00:12     N
21  72.7  88.4   16:14  64.6   00:06   0.0   2.2  1.26   0.3  19.2   17:44     W
22  76.0  86.1   15:02  65.7   04:15   0.0   1.4  0.01   0.6  15.6   15:47    SW
23  75.9  88.6   14:00  65.7   01:11   0.0   1.1  0.06   0.8  18.0   15:51    SW
24  72.3  83.5   15:50  59.4   05:30   0.0   0.3  0.00   0.6   9.6   13:25   NNW
25  70.6  82.2   13:57  54.6   05:38   0.5   0.1  0.00   0.5  10.8   13:31    SW
26  71.1  79.5   15:33  63.1   05:35   0.0   0.0  0.00   0.9  14.4   11:12   NNE
27  61.8  68.6   12:02  54.0   23:35   0.9   0.0  0.60   0.4  13.2   21:17     E
28  58.4  64.4   16:48  53.8   01:07   2.3   0.0  0.45   0.8  12.0   05:01     N
29  67.1  75.7   12:53  58.4   04:28   0.2   0.0  0.01   0.9  12.0   12:41    SW
30  67.9  75.8   11:42  61.3   05:46   0.0   0.0  0.04   0.1   7.2   20:37    SW
----------------------------------------------------------------------------------
    67.5  88.6    23    45.7     7    15.1  23.2  5.77   0.6  27.6     9     NNE

Max >=  80.0: 13
Max <=  32.0:  0
Min <=  32.0:  0
Min <=   0.0:  0
Max Rain: 1.26 on day 21
Days of Rain: 18 (>= 0.01 in)  9 (>= 0.10 in)  1 (>= 1.00 in)
Heat Base: 60.0  Cool Base: 80.0  Method: Integration