27°F
Crown Heights Area, Poughkeepsie, NY, USA
UpdatedDec-16-2017 23:15 
 

NOAA-Style Climate Reports

Select a Year or Month report
2017: Jan Feb Mar Apr May Jun Jul Aug Sep Oct Nov Dec
2016: Jan Feb Mar Apr May Jun Jul Aug Sep Oct Nov Dec
2015: Jan Feb Mar Apr May Jun Jul Aug Sep Oct Nov Dec
2014: Jan Feb Mar Apr May Jun Jul Aug Sep Oct Nov Dec
2013: Jan Feb Mar Apr May Jun Jul Aug Sep Oct Nov Dec
2012: Jan Feb Mar Apr May Jun Jul Aug Sep Oct Nov Dec
2011: Jan Feb Mar Apr May Jun Jul Aug Sep Oct Nov Dec
2010: Jan Feb Mar Apr May Jun Jul Aug Sep Oct Nov Dec
2009: Jan Feb Mar Apr May Jun Jul Aug Sep Oct Nov Dec
2008: Jan Feb Mar Apr May Jun Jul Aug Sep Oct Nov Dec
2007: Jan Feb Mar Apr May Jun Jul Aug Sep Oct Nov Dec
2006: Jan Feb Mar Apr May Jun Jul Aug Sep Oct Nov Dec

Report for 2015 August
                   Monthly Climatological Summary for Aug 2015

Name: AR573   City: Poughkeepsie   State: New York
Elevation: 308 ft  Lat: N 41° 37' 04"   Lon: W 073° 55' 28"

                  Temperature (°F), Rain (in), Wind Speed (mph)

                                      Heat  Cool        Avg
    Mean                              Deg   Deg         Wind                 Dom
Day Temp  High   Time   Low    Time   Days  Days  Rain  Speed High   Time    Dir
----------------------------------------------------------------------------------
 1  77.0  87.7   14:43  67.0   00:22   0.0   1.8  0.00   1.0  20.4   15:38    SW
 2  75.2  88.5   16:20  59.7   06:26   0.0   2.0  0.00   0.6  12.0   16:37    SW
 3  79.1  92.1   13:59  66.1   03:58   0.0   3.2  0.00   1.0  13.2   11:33   SSW
 4  77.4  88.2   13:45  66.8   05:21   0.0   2.0  0.05   1.0  15.6   14:21    SW
 5  73.0  84.1   16:20  60.6   06:10   0.0   0.5  0.00   1.1  14.4   12:06    SW
 6  70.2  80.4   17:07  57.7   06:00   0.1   0.0  0.00   0.4  10.8   16:03   WSW
 7  71.0  83.6   15:41  58.8   04:51   0.1   0.2  0.00   0.7   9.6   16:51   NNE
 8  72.2  84.3   15:00  60.1   06:29   0.0   0.5  0.00   0.6  10.8   17:50   NNE
 9  72.8  83.9   15:03  61.3   06:07   0.0   0.5  0.00   0.7  12.0   13:22    NE
10  71.2  81.2   12:15  62.9   04:45   0.0   0.0  0.00   0.4  13.2   16:30    SE
11  70.7  78.9   14:27  67.1   07:22   0.0   0.0  1.30   0.2   8.4   02:56   ESE
12  72.7  83.9   13:54  62.7   05:18   0.0   0.3  0.01   0.4  13.2   14:13   WSW
13  71.4  82.0   15:18  58.3   06:29   0.0   0.1  0.00   0.3   7.2   12:12   WSW
14  73.3  88.1   15:56  56.5   05:46   0.4   1.8  0.00   0.4  12.0   14:58    SW
15  77.9  91.5   14:53  65.5   06:05   0.0   3.1  0.00   0.5  10.8   19:59   WSW
16  77.1  89.9   16:27  65.1   05:57   0.0   2.4  0.00   0.3   7.2   12:49     W
17  80.2  93.7   14:55  66.6   05:53   0.0   4.4  0.00   0.3   8.4   17:09   WSW
18  80.0  94.6   14:13  69.3   06:21   0.0   3.2  0.00   0.4  13.2   15:34    SW
19  78.3  89.6   14:51  69.1   05:31   0.0   2.1  0.00   0.6  14.4   17:54   ESE
20  78.5  88.7   12:59  70.1   05:08   0.0   1.8  0.00   1.4  14.4   13:55   ESE
21  73.7  84.2   16:12  61.5   06:24   0.0   0.5  1.07   0.9  18.0   05:27   NNE
22  70.4  79.9   14:57  60.5   05:27   0.0   0.0  0.00   0.5  10.8   10:34   NNE
23  72.1  84.3   15:14  60.0   06:20   0.0   0.6  0.00   0.3   7.2   10:32    NE
24  75.7  86.9   14:19  66.7   06:30   0.0   1.3  0.00   0.3   9.6   14:27   WSW
25  75.3  86.9   15:59  68.2   23:58   0.0   1.1  0.62   0.4  12.0   16:02    SW
26  70.0  80.4   15:32  60.1   05:43   0.0   0.0  0.00   0.5  10.8   14:53   WSW
27  68.0  79.4   15:06  57.3   06:23   0.3   0.0  0.00   0.4  10.8   14:09   WSW
28  67.4  79.3   15:45  55.0   05:51   0.6   0.0  0.00   0.4   9.6   14:15     W
29  69.8  83.6   15:25  54.6   06:05   0.8   0.5  0.00   0.3   8.4   12:26    SW
30  73.9  88.8   14:33  66.6   06:47   0.0   0.8  0.10   0.2   9.6   05:24   WSW
31  77.2  88.9   15:46  67.8   06:23   0.0   1.9  0.01   0.6  15.6   16:44    SW
----------------------------------------------------------------------------------
    74.0  94.6    18    54.6    29     2.3  36.6  3.16   0.6  20.4     1      SW

Max >=  80.0: 27
Max <=  32.0:  0
Min <=  32.0:  0
Min <=   0.0:  0
Max Rain: 1.30 on day 11
Days of Rain: 7 (>= 0.01 in)  4 (>= 0.10 in)  2 (>= 1.00 in)
Heat Base: 60.0  Cool Base: 80.0  Method: Integration