27°F
Crown Heights Area, Poughkeepsie, NY, USA
UpdatedDec-16-2017 23:17 
 

NOAA-Style Climate Reports

Select a Year or Month report
2017: Jan Feb Mar Apr May Jun Jul Aug Sep Oct Nov Dec
2016: Jan Feb Mar Apr May Jun Jul Aug Sep Oct Nov Dec
2015: Jan Feb Mar Apr May Jun Jul Aug Sep Oct Nov Dec
2014: Jan Feb Mar Apr May Jun Jul Aug Sep Oct Nov Dec
2013: Jan Feb Mar Apr May Jun Jul Aug Sep Oct Nov Dec
2012: Jan Feb Mar Apr May Jun Jul Aug Sep Oct Nov Dec
2011: Jan Feb Mar Apr May Jun Jul Aug Sep Oct Nov Dec
2010: Jan Feb Mar Apr May Jun Jul Aug Sep Oct Nov Dec
2009: Jan Feb Mar Apr May Jun Jul Aug Sep Oct Nov Dec
2008: Jan Feb Mar Apr May Jun Jul Aug Sep Oct Nov Dec
2007: Jan Feb Mar Apr May Jun Jul Aug Sep Oct Nov Dec
2006: Jan Feb Mar Apr May Jun Jul Aug Sep Oct Nov Dec

Report for 2015 September
                   Monthly Climatological Summary for Sep 2015

Name: AR573   City: Poughkeepsie   State: New York
Elevation: 308 ft  Lat: N 41° 37' 04"   Lon: W 073° 55' 28"

                  Temperature (°F), Rain (in), Wind Speed (mph)

                                      Heat  Cool        Avg
    Mean                              Deg   Deg         Wind                 Dom
Day Temp  High   Time   Low    Time   Days  Days  Rain  Speed High   Time    Dir
----------------------------------------------------------------------------------
 1  75.8  86.6   14:33  64.6   06:24   0.0   1.5  0.00   0.4   7.2   11:02   WNW
 2  76.5  91.0   15:59  61.0   06:22   0.0   2.9  0.00   0.3   8.4   14:28    SW
 3  76.9  89.6   14:49  64.7   07:00   0.0   2.4  0.00   0.6   9.6   14:26   NNW
 4  73.9  83.5   16:58  67.5   06:36   0.0   0.2  0.00   0.7  10.8   07:52    NE
 5  72.0  84.8   16:22  60.0   06:55   0.0   0.7  0.00   0.4   7.2   12:25   ENE
 6  72.6  88.2   15:00  57.0   06:42   0.3   1.7  0.00   0.3   7.2   15:08   WSW
 7  76.8  93.0   16:07  58.5   06:18   0.1   3.4  0.00   0.6  12.0   12:25    SW
 8  82.7  94.9   14:43  72.2   06:29   0.0   5.0  0.00   0.6  12.0   16:14    SW
 9  80.7  93.1   14:01  70.0   06:33   0.0   3.8  0.00   0.6  16.8   13:25    SW
10  69.9  75.5   12:25  64.3   19:58   0.0   0.0  0.98   1.0  18.0   18:07   NNE
11  69.1  80.8   16:44  62.3   04:12   0.0   0.0  0.10   0.9  14.4   11:21     N
12  66.0  77.8   13:24  57.7   06:55   0.2   0.0  1.38   0.3  14.4   20:48   ESE
13  67.3  78.3   14:36  56.6   23:55   0.2   0.0  0.50   0.9  14.4   16:18    SW
14  62.1  72.1   16:44  52.7   04:22   1.7   0.0  0.00   1.5  24.0   12:35    SW
15  68.0  82.3   16:02  53.0   06:01   1.2   0.2  0.00   0.2   7.2   00:29   WSW
16  68.6  85.1   16:05  54.4   05:18   0.9   0.7  0.00   0.2   4.8   09:50     W
17  70.4  86.0   15:18  55.6   06:23   0.6   1.2  0.00   0.2   7.2   14:15    SW
18  71.0  85.3   14:48  57.1   06:22   0.3   0.9  0.00   0.3   8.4   13:27    SW
19  71.1  84.0   14:44  59.1   05:46   0.0   0.4  0.00   0.4  10.8   12:29   SSW
20  66.3  71.6   15:04  55.1   23:40   0.3   0.0  0.00   1.7  16.8   13:13   NNE
21  59.0  70.3   15:44  49.1   05:40   3.5   0.0  0.00   0.8   8.4   04:52   NNE
22  60.4  69.4   15:47  54.0   23:44   1.6   0.0  0.00   0.6  10.8   10:21     N
23  61.6  77.0   15:35  49.4   06:52   3.3   0.0  0.00   0.4   6.0   12:20    NW
24  63.4  79.1   14:48  47.3   04:57   3.7   0.0  0.00   0.7   9.6   17:13   NNW
25  63.0  73.6   14:28  54.3   05:49   1.2   0.0  0.00   0.5   8.4   03:11   NNW
26  59.1  70.9   15:16  51.8   06:31   3.1   0.0  0.00   0.5   8.4   06:36   NNW
27  59.0  73.9   15:54  44.5   07:08   4.3   0.0  0.00   0.4   8.4   15:35   WSW
28  66.7  76.6   15:49  57.4   05:49   0.5   0.0  0.00   0.1   7.2   17:20    SW
29  72.2  82.2   13:45  66.8   06:35   0.0   0.1  0.11   0.2   9.6   16:41    SW
30  63.7  72.2   08:23  51.8   23:59   1.0   0.0  2.12   2.4  25.2   21:56   NNE
----------------------------------------------------------------------------------
    68.9  94.9     8    44.5    27    28.0  25.1  5.19   0.6  25.2    30     NNW

Max >=  80.0: 16
Max <=  32.0:  0
Min <=  32.0:  0
Min <=   0.0:  0
Max Rain: 2.12 on day 30
Days of Rain: 6 (>= 0.01 in)  6 (>= 0.10 in)  2 (>= 1.00 in)
Heat Base: 60.0  Cool Base: 80.0  Method: Integration